{"id":437,"date":"2024-04-04T05:04:01","date_gmt":"2024-04-04T02:04:01","guid":{"rendered":"https:\/\/sisu.ut.ee\/keeleylesanded\/eurovanasonad-iii\/"},"modified":"2024-11-28T23:21:45","modified_gmt":"2024-11-28T21:21:45","slug":"eurovanasonad-iii","status":"publish","type":"page","link":"https:\/\/sisu.ut.ee\/keeleylesanded\/eurovanasonad-iii\/","title":{"rendered":"Eurovanas\u00f5nad (III)"},"content":{"rendered":"<p><strong>Mis vanas\u00f5nadega on siin tegemist?<\/strong><\/p>\n<ul>\n<li style=\"text-align: justify;\">Kui Tom ei omanda n\u00f5utavaid p\u00e4devusi nominaalse \u00f5ppeperioodi jooksul, puuduvad Thomasel t\u00f6\u00f6turul eduka toimetuleku sotsiaalsed ja isiksuslikud eeldused.<\/li>\n<li style=\"text-align: justify;\">Laialdasemaid teadmisi ja p\u00e4devusi eviv persoon suudab saavutada igas etteantud situatsioonis reaalpoliitiliselt aktsepteeritava kompromissi.<\/li>\n<li style=\"text-align: justify;\">Tulemustasu summade finantsiline suurus kujundatakse vastavuses t\u00f6\u00f6tja t\u00f6\u00f6operatsioonides osalemise innovatiivse panuse personaalse resultatiivsusega.<\/li>\n<li style=\"text-align: justify;\">Esmaj\u00e4rjekorras tuleb t\u00f6\u00f6taja t\u00f6\u00f6protsessis toimimise tagaj\u00e4rjel j\u00f5uda materiaalse l\u00f5pp-produktini, seej\u00e4rel juurutada vastava kogemuse globaalset levitamist.<\/li>\n<\/ul>\n<p style=\"text-align: justify;\">\n<\/p><p style=\"text-align: justify;\">2004<\/p>\n<p style=\"text-align: justify;\">vanem<\/p>\n<p style=\"text-align: justify;\">l\u00f5ppvoor<\/p>\n<p><a href=\"https:\/\/sisu.ut.ee\/keeleylesanded\/eurovanasonad-iii-vastus\/\">Vastus<\/a><\/p>\n","protected":false},"excerpt":{"rendered":"<p>Mis vanas\u00f5nadega on siin tegemist? Kui Tom ei omanda n\u00f5utavaid p\u00e4devusi nominaalse \u00f5ppeperioodi jooksul, puuduvad Thomasel t\u00f6\u00f6turul eduka toimetuleku sotsiaalsed ja isiksuslikud eeldused. Laialdasemaid teadmisi ja p\u00e4devusi eviv persoon suudab saavutada igas etteantud situatsioonis reaalpoliitiliselt aktsepteeritava kompromissi. Tulemustasu summade finantsiline &#8230;<\/p>\n","protected":false},"author":185,"featured_media":0,"parent":0,"menu_order":0,"comment_status":"closed","ping_status":"closed","template":"","meta":{"_acf_changed":false,"inline_featured_image":false,"footnotes":""},"class_list":["post-437","page","type-page","status-publish","hentry"],"acf":[],"_links":{"self":[{"href":"https:\/\/sisu.ut.ee\/keeleylesanded\/wp-json\/wp\/v2\/pages\/437","targetHints":{"allow":["GET"]}}],"collection":[{"href":"https:\/\/sisu.ut.ee\/keeleylesanded\/wp-json\/wp\/v2\/pages"}],"about":[{"href":"https:\/\/sisu.ut.ee\/keeleylesanded\/wp-json\/wp\/v2\/types\/page"}],"author":[{"embeddable":true,"href":"https:\/\/sisu.ut.ee\/keeleylesanded\/wp-json\/wp\/v2\/users\/185"}],"replies":[{"embeddable":true,"href":"https:\/\/sisu.ut.ee\/keeleylesanded\/wp-json\/wp\/v2\/comments?post=437"}],"version-history":[{"count":2,"href":"https:\/\/sisu.ut.ee\/keeleylesanded\/wp-json\/wp\/v2\/pages\/437\/revisions"}],"predecessor-version":[{"id":1828,"href":"https:\/\/sisu.ut.ee\/keeleylesanded\/wp-json\/wp\/v2\/pages\/437\/revisions\/1828"}],"wp:attachment":[{"href":"https:\/\/sisu.ut.ee\/keeleylesanded\/wp-json\/wp\/v2\/media?parent=437"}],"curies":[{"name":"wp","href":"https:\/\/api.w.org\/{rel}","templated":true}]}}