{"id":420,"date":"2024-04-04T05:03:59","date_gmt":"2024-04-04T02:03:59","guid":{"rendered":"https:\/\/sisu.ut.ee\/keeleylesanded\/uhelauseline-kokkuvote\/"},"modified":"2024-11-29T13:13:19","modified_gmt":"2024-11-29T11:13:19","slug":"uhelauseline-kokkuvote","status":"publish","type":"page","link":"https:\/\/sisu.ut.ee\/keeleylesanded\/uhelauseline-kokkuvote\/","title":{"rendered":"\u00dchelauseline kokkuv\u00f5te"},"content":{"rendered":"<p><strong>Kirjuta j\u00e4rgmise teksti asjalik \u00fchelauseline kokkuv\u00f5te.<\/strong><\/p>\n<p style=\"text-align: justify;\">Epeev\u00f5istlus on imekaunis vehklemisspordiala, mis n\u00f5uab vilmust, graatsiat ja meisterlikkust. Selle ala viljelejad alustavad harilikult juba \u00fcpris noorelt, v\u00f5idud tulevad raske higi ja t\u00f6\u00f6ga.<\/p>\n<p style=\"text-align: justify;\">Sellel spordialal on kombeks ikka ja j\u00e4lle korraldada ka maailmameistriv\u00f5istlusi, kuhu p\u00e4\u00e4semine iseenesest on juba suur saavutus. Nii ka viimaste MM-v\u00f5istluste puhul.<\/p>\n<p style=\"text-align: justify;\">Eestit esinas nendel v\u00f5istlustel 4-liikmeline tubli koondis, kellesse me uskusime ja kelle saavutuste \u00fcle oleme uhked. Ja t\u00f5epoolest\u00a0\u2013 k\u00f5ik l\u00e4ks nii, nagu oodatud-loodetud. Mitte \u00fckski meie epeenaistest ei j\u00e4\u00e4nud 64 parema hulka p\u00e4\u00e4semata.<\/p>\n<p style=\"text-align: justify;\">\n<\/p><p style=\"text-align: justify;\">2002<\/p>\n<p style=\"text-align: justify;\">noorem<\/p>\n<p style=\"text-align: justify;\">piirkonnavoor<\/p>\n<p><a href=\"https:\/\/sisu.ut.ee\/keeleylesanded\/uhelauseline-kokkuvote-0\/\">Vastus<\/a><\/p>\n","protected":false},"excerpt":{"rendered":"<p>Kirjuta j\u00e4rgmise teksti asjalik \u00fchelauseline kokkuv\u00f5te. Epeev\u00f5istlus on imekaunis vehklemisspordiala, mis n\u00f5uab vilmust, graatsiat ja meisterlikkust. Selle ala viljelejad alustavad harilikult juba \u00fcpris noorelt, v\u00f5idud tulevad raske higi ja t\u00f6\u00f6ga. Sellel spordialal on kombeks ikka ja j\u00e4lle korraldada ka maailmameistriv\u00f5istlusi, &#8230;<\/p>\n","protected":false},"author":185,"featured_media":0,"parent":0,"menu_order":0,"comment_status":"closed","ping_status":"closed","template":"","meta":{"_acf_changed":false,"inline_featured_image":false,"footnotes":""},"class_list":["post-420","page","type-page","status-publish","hentry"],"acf":[],"_links":{"self":[{"href":"https:\/\/sisu.ut.ee\/keeleylesanded\/wp-json\/wp\/v2\/pages\/420","targetHints":{"allow":["GET"]}}],"collection":[{"href":"https:\/\/sisu.ut.ee\/keeleylesanded\/wp-json\/wp\/v2\/pages"}],"about":[{"href":"https:\/\/sisu.ut.ee\/keeleylesanded\/wp-json\/wp\/v2\/types\/page"}],"author":[{"embeddable":true,"href":"https:\/\/sisu.ut.ee\/keeleylesanded\/wp-json\/wp\/v2\/users\/185"}],"replies":[{"embeddable":true,"href":"https:\/\/sisu.ut.ee\/keeleylesanded\/wp-json\/wp\/v2\/comments?post=420"}],"version-history":[{"count":2,"href":"https:\/\/sisu.ut.ee\/keeleylesanded\/wp-json\/wp\/v2\/pages\/420\/revisions"}],"predecessor-version":[{"id":2015,"href":"https:\/\/sisu.ut.ee\/keeleylesanded\/wp-json\/wp\/v2\/pages\/420\/revisions\/2015"}],"wp:attachment":[{"href":"https:\/\/sisu.ut.ee\/keeleylesanded\/wp-json\/wp\/v2\/media?parent=420"}],"curies":[{"name":"wp","href":"https:\/\/api.w.org\/{rel}","templated":true}]}}