{"id":419,"date":"2024-04-04T05:03:59","date_gmt":"2024-04-04T02:03:59","guid":{"rendered":"https:\/\/sisu.ut.ee\/keeleylesanded\/perekonnanime-sonaliik\/"},"modified":"2024-11-29T12:07:38","modified_gmt":"2024-11-29T10:07:38","slug":"perekonnanime-sonaliik","status":"publish","type":"page","link":"https:\/\/sisu.ut.ee\/keeleylesanded\/perekonnanime-sonaliik\/","title":{"rendered":"Perekonnanime s\u00f5naliik (II)"},"content":{"rendered":"<div>Eesti perekonnanimedeks on pandud eri s\u00f5naliikidesse kuuluvaid s\u00f5nu. R\u00fchmita allolevad\u00a0nimed selle j\u00e4rgi, mis s\u00f5naliikidesse need kuuluvad, ja pane r\u00fchmadele s\u00f5naliikidest\u00a0l\u00e4htuvad pealkirjad. R\u00fchmad peavad olema v\u00f5rdsed (juhul kui \u00fcks nimi v\u00f5ib\u00a0kuuluda mitmesse r\u00fchma, paiguta see nii, et r\u00fchmad oleksid v\u00f5rdsed). Kaks nime ei\u00a0sobi \u00fchtegi r\u00fchma. Nimed on antud nii, nagu need omal ajal kirja pandi, ega pruugi\u00a0seet\u00f5ttu vastata t\u00e4nap\u00e4evastele \u00f5igekirjareeglitele.<\/div>\n<div><strong><em>Aga, Alt, Endine, Hawik, Juchtund, Kaerid, Kaks, Kawwal, Kindlam, Lehheb, Minu, Mullo,\u00a0M\u00f6tlep, Neljandik, Nul, Olnud, Sagris, Serwal, Teine, Terras, Tru, \u00dcksi<\/em><\/strong><\/div>\n<div>\n<table class=\"table table-hover\" style=\"width: 500px;\" border=\"1\" cellspacing=\"1\" cellpadding=\"1\">\n<tbody>\n<tr>\n<td><\/td>\n<td><\/td>\n<td><\/td>\n<td><\/td>\n<td><\/td>\n<\/tr>\n<tr>\n<td><\/td>\n<td><\/td>\n<td><\/td>\n<td><\/td>\n<td><\/td>\n<\/tr>\n<tr>\n<td><\/td>\n<td><\/td>\n<td><\/td>\n<td><\/td>\n<td><\/td>\n<\/tr>\n<tr>\n<td><\/td>\n<td><\/td>\n<td><\/td>\n<td><\/td>\n<td><\/td>\n<\/tr>\n<tr>\n<td><\/td>\n<td><\/td>\n<td><\/td>\n<td><\/td>\n<td><\/td>\n<\/tr>\n<\/tbody>\n<\/table>\n<p>2016<\/p>\n<p>vanem<\/p>\n<p>piirkonnavoor<\/p>\n<\/div>\n<div><a href=\"https:\/\/sisu.ut.ee\/keeleylesanded\/perekonnanime-sonaliik-vastus\/\">Vastus<\/a><\/div>\n","protected":false},"excerpt":{"rendered":"<p>Eesti perekonnanimedeks on pandud eri s\u00f5naliikidesse kuuluvaid s\u00f5nu. R\u00fchmita allolevad\u00a0nimed selle j\u00e4rgi, mis s\u00f5naliikidesse need kuuluvad, ja pane r\u00fchmadele s\u00f5naliikidest\u00a0l\u00e4htuvad pealkirjad. R\u00fchmad peavad olema v\u00f5rdsed (juhul kui \u00fcks nimi v\u00f5ib\u00a0kuuluda mitmesse r\u00fchma, paiguta see nii, et r\u00fchmad oleksid v\u00f5rdsed). Kaks &#8230;<\/p>\n","protected":false},"author":185,"featured_media":0,"parent":0,"menu_order":0,"comment_status":"closed","ping_status":"closed","template":"","meta":{"_acf_changed":false,"inline_featured_image":false,"footnotes":""},"class_list":["post-419","page","type-page","status-publish","hentry"],"acf":[],"_links":{"self":[{"href":"https:\/\/sisu.ut.ee\/keeleylesanded\/wp-json\/wp\/v2\/pages\/419","targetHints":{"allow":["GET"]}}],"collection":[{"href":"https:\/\/sisu.ut.ee\/keeleylesanded\/wp-json\/wp\/v2\/pages"}],"about":[{"href":"https:\/\/sisu.ut.ee\/keeleylesanded\/wp-json\/wp\/v2\/types\/page"}],"author":[{"embeddable":true,"href":"https:\/\/sisu.ut.ee\/keeleylesanded\/wp-json\/wp\/v2\/users\/185"}],"replies":[{"embeddable":true,"href":"https:\/\/sisu.ut.ee\/keeleylesanded\/wp-json\/wp\/v2\/comments?post=419"}],"version-history":[{"count":2,"href":"https:\/\/sisu.ut.ee\/keeleylesanded\/wp-json\/wp\/v2\/pages\/419\/revisions"}],"predecessor-version":[{"id":1939,"href":"https:\/\/sisu.ut.ee\/keeleylesanded\/wp-json\/wp\/v2\/pages\/419\/revisions\/1939"}],"wp:attachment":[{"href":"https:\/\/sisu.ut.ee\/keeleylesanded\/wp-json\/wp\/v2\/media?parent=419"}],"curies":[{"name":"wp","href":"https:\/\/api.w.org\/{rel}","templated":true}]}}