{"id":408,"date":"2024-04-04T05:03:58","date_gmt":"2024-04-04T02:03:58","guid":{"rendered":"https:\/\/sisu.ut.ee\/keeleylesanded\/oige-taht-lunka\/"},"modified":"2024-11-29T11:48:27","modified_gmt":"2024-11-29T09:48:27","slug":"oige-taht-lunka","status":"publish","type":"page","link":"https:\/\/sisu.ut.ee\/keeleylesanded\/oige-taht-lunka\/","title":{"rendered":"\u00d5ige t\u00e4ht l\u00fcnka"},"content":{"rendered":"<p><strong>T\u00e4ida l\u00fcngad<\/strong><\/p>\n<p>Papa_oide anek_ootlik di__iplineerib _orillasid ja _esorienteerib pataa_adega t_ukt_e-<\/p>\n<p>_ebiilik ei ole im_etsill.<\/p>\n<p>_atsillid paljunevad ka _or\u0161is.<\/p>\n<p>Ro_alistlik partei _atseeris piki a__eed.<\/p>\n<p>Magistran_ interv_ueeris _alantseid s\u00f5javeter__ne, aga i_noreeris _atsifi_ste.<\/p>\n<p>Kas _ana_ee on _igu_iivan?<\/p>\n<p>Bee_il ku_eto\u00f6 _eesitas plikake.<\/p>\n<p>\u00c4rge _egusteeriga bor__i, vaid mor__si.<\/p>\n<p>_\u00fcrst, _rahv ja ma__ooso __alo__eerisidi __a__eti vaheajal teatri _ua_ees.<\/p>\n<p>Tabure_ libises _asseini ka__elkividel.<\/p>\n<p>Skan__eeriv _uvernan_ astus _istroosse ja l\u00f5hnas _arbaarsest _arf\u00fc\u00fcmist.<\/p>\n<p>2008<\/p>\n<p>noorem<\/p>\n<p>l\u00f5ppvoor<\/p>\n<p><a href=\"https:\/\/sisu.ut.ee\/keeleylesanded\/oige-taht-lunka-vastus\/\">vastus<\/a><\/p>\n","protected":false},"excerpt":{"rendered":"<p>T\u00e4ida l\u00fcngad Papa_oide anek_ootlik di__iplineerib _orillasid ja _esorienteerib pataa_adega t_ukt_e- _ebiilik ei ole im_etsill. _atsillid paljunevad ka _or\u0161is. Ro_alistlik partei _atseeris piki a__eed. Magistran_ interv_ueeris _alantseid s\u00f5javeter__ne, aga i_noreeris _atsifi_ste. Kas _ana_ee on _igu_iivan? Bee_il ku_eto\u00f6 _eesitas plikake. \u00c4rge _egusteeriga &#8230;<\/p>\n","protected":false},"author":185,"featured_media":0,"parent":0,"menu_order":0,"comment_status":"closed","ping_status":"closed","template":"","meta":{"_acf_changed":false,"inline_featured_image":false,"footnotes":""},"class_list":["post-408","page","type-page","status-publish","hentry"],"acf":[],"_links":{"self":[{"href":"https:\/\/sisu.ut.ee\/keeleylesanded\/wp-json\/wp\/v2\/pages\/408","targetHints":{"allow":["GET"]}}],"collection":[{"href":"https:\/\/sisu.ut.ee\/keeleylesanded\/wp-json\/wp\/v2\/pages"}],"about":[{"href":"https:\/\/sisu.ut.ee\/keeleylesanded\/wp-json\/wp\/v2\/types\/page"}],"author":[{"embeddable":true,"href":"https:\/\/sisu.ut.ee\/keeleylesanded\/wp-json\/wp\/v2\/users\/185"}],"replies":[{"embeddable":true,"href":"https:\/\/sisu.ut.ee\/keeleylesanded\/wp-json\/wp\/v2\/comments?post=408"}],"version-history":[{"count":2,"href":"https:\/\/sisu.ut.ee\/keeleylesanded\/wp-json\/wp\/v2\/pages\/408\/revisions"}],"predecessor-version":[{"id":1913,"href":"https:\/\/sisu.ut.ee\/keeleylesanded\/wp-json\/wp\/v2\/pages\/408\/revisions\/1913"}],"wp:attachment":[{"href":"https:\/\/sisu.ut.ee\/keeleylesanded\/wp-json\/wp\/v2\/media?parent=408"}],"curies":[{"name":"wp","href":"https:\/\/api.w.org\/{rel}","templated":true}]}}