{"id":39,"date":"2024-04-04T05:03:24","date_gmt":"2024-04-04T02:03:24","guid":{"rendered":"https:\/\/sisu.ut.ee\/keeleylesanded\/ole-johannes-aavik\/"},"modified":"2024-11-29T11:53:33","modified_gmt":"2024-11-29T09:53:33","slug":"ole-johannes-aavik","status":"publish","type":"page","link":"https:\/\/sisu.ut.ee\/keeleylesanded\/ole-johannes-aavik\/","title":{"rendered":"Ole Johannes Aavik"},"content":{"rendered":"<p class=\"CxSpFirst\"><span style=\"line-height: 150%;\"><b><span style=\"line-height: 150%;\">Ole ise Johannes Aavik ja t\u00e4ida l\u00fcngad tema soovitatud vormidega! <\/span><\/b><\/span><\/p>\n<p class=\"CxSpMiddle\" style=\"text-align: justify;\"><span style=\"line-height: 150%;\"><span style=\"line-height: 150%;\">See proov sisaldab ja demonstreerib uuendusi, mida t\u00e4itsa m\u00f5istlikuiks ja l\u00e4biviidaviks peame ning mis vaja viibimata tarvitusele v\u00f5tta. Suurem osa on vist publikumile juba tuttavad meie brosh\u00fc\u00fcride kaudu \u201eM\u00f5ned keelereeglid\u201c ja \u201eKeele kaunima k\u00f5lavuse poole\u201c, aga ka \u201eEesti kirjanduses\u201c ilmunud artiklite ning \u201ePostimehe\u201c \u201eW\u00e4ikeste keeleliste m\u00e4rkuste\u201c l\u00e4bi; neist on t\u00e4htsamad: l\u00fchemad mineviku vormid \u201enad tulivad\u201c asemele \u201enad tulid\u201c; l\u00fchemad sid-tumad partitiivid: _______________, _______________ jne, mitte <b>jalgasid, kohtasid<\/b>; samuti ____________, ____________, mitte <b>\u00f6\u00f6sid, soosid<\/b> jne; e-lised paljuse partitiivid i-t\u00fcvedest: _______________, _______________, _________________________,mitte <b>m\u00fc\u00fcrisid, poissa, traditsioonisid<\/b>; kus v\u00f5imalik sse-tumad illatiivid: ____________________, _______________, _______________, _______________,mitte <b>ajaj\u00e4rgusse, s\u00fclesse, soosse, \u00f6\u00f6se; <\/b><\/span><\/span><\/p>\n<p style=\"text-align: justify;\"><span style=\"line-height: 150%;\"><span style=\"line-height: 150%;\">i-lised paljused: __________________________________, ___________________________________, pro <b>suurtel silmadel, tulevastel p\u00f5lvedel<\/b> jne; mine-s\u00f5nade asemel kus v\u00f5imalik l\u00fchemad muul\u00f5pulised substantiivid, kus mitte tegevust, protsessi \u00fcle\u00fcldiselt, vaid resultaati v\u00f5i \u00fcksikut juhtumist m\u00f5eldakse, ehk spetsiaalsemas t\u00e4henduses tarvitatakse: _______________, _______________, _______________, _____________________, ____________________ jne, mitte <b>uurimine, n\u00f5udmine, teadaandmine, andeksandmine, murdmine<\/b>; nominatiivsed s\u00f5na\u00fchendused genetiiviste asemel enam tarvitusele, s\u00e4\u00e4l kus eelmisel s\u00f5nal attributiivne, laadi ja liiki m\u00e4\u00e4rav t\u00e4hendus: _________________________, ____________________, ____________________, __________________________, __________________________, ____________________, _________________________, _________________________,\u00a0 ________________________, ______________________ jne, mitte <b>usaldusemees, k\u00e4evars, laenus\u00f5na, aiamaasikad, aiakontsert, aialinn, programmik\u00f5ne, \u00e4\u00e4rem\u00e4rkus, triumfik\u00e4ik, merelind.<\/b><\/span><\/span><\/p>\n<p>2018<\/p>\n<p>noorem<\/p>\n<p>l\u00f5ppvoor<\/p>\n<p><a href=\"https:\/\/sisu.ut.ee\/keeleylesanded\/ole-johannes-aavik-vastus\/\">Vastus<\/a><\/p>\n<p class=\"CxSpMiddle\">\n<\/p>","protected":false},"excerpt":{"rendered":"<p>Ole ise Johannes Aavik ja t\u00e4ida l\u00fcngad tema soovitatud vormidega! See proov sisaldab ja demonstreerib uuendusi, mida t\u00e4itsa m\u00f5istlikuiks ja l\u00e4biviidaviks peame ning mis vaja viibimata tarvitusele v\u00f5tta. Suurem osa on vist publikumile juba tuttavad meie brosh\u00fc\u00fcride kaudu \u201eM\u00f5ned keelereeglid\u201c &#8230;<\/p>\n","protected":false},"author":185,"featured_media":0,"parent":0,"menu_order":0,"comment_status":"closed","ping_status":"closed","template":"","meta":{"_acf_changed":false,"inline_featured_image":false,"footnotes":""},"class_list":["post-39","page","type-page","status-publish","hentry"],"acf":[],"_links":{"self":[{"href":"https:\/\/sisu.ut.ee\/keeleylesanded\/wp-json\/wp\/v2\/pages\/39","targetHints":{"allow":["GET"]}}],"collection":[{"href":"https:\/\/sisu.ut.ee\/keeleylesanded\/wp-json\/wp\/v2\/pages"}],"about":[{"href":"https:\/\/sisu.ut.ee\/keeleylesanded\/wp-json\/wp\/v2\/types\/page"}],"author":[{"embeddable":true,"href":"https:\/\/sisu.ut.ee\/keeleylesanded\/wp-json\/wp\/v2\/users\/185"}],"replies":[{"embeddable":true,"href":"https:\/\/sisu.ut.ee\/keeleylesanded\/wp-json\/wp\/v2\/comments?post=39"}],"version-history":[{"count":2,"href":"https:\/\/sisu.ut.ee\/keeleylesanded\/wp-json\/wp\/v2\/pages\/39\/revisions"}],"predecessor-version":[{"id":1919,"href":"https:\/\/sisu.ut.ee\/keeleylesanded\/wp-json\/wp\/v2\/pages\/39\/revisions\/1919"}],"wp:attachment":[{"href":"https:\/\/sisu.ut.ee\/keeleylesanded\/wp-json\/wp\/v2\/media?parent=39"}],"curies":[{"name":"wp","href":"https:\/\/api.w.org\/{rel}","templated":true}]}}