{"id":383,"date":"2024-04-04T05:03:56","date_gmt":"2024-04-04T02:03:56","guid":{"rendered":"https:\/\/sisu.ut.ee\/keeleylesanded\/sugulaskeeled-vastus\/"},"modified":"2024-11-29T12:54:27","modified_gmt":"2024-11-29T10:54:27","slug":"sugulaskeeled-vastus","status":"publish","type":"page","link":"https:\/\/sisu.ut.ee\/keeleylesanded\/sugulaskeeled\/sugulaskeeled-vastus\/","title":{"rendered":"Sugulaskeeled. Vastus"},"content":{"rendered":"<ol>\n<li>\n\t\tLiivlased on Eesti kohta \u00f6elnud <em>\u0112stim\u01ed <\/em>ning eestlase kohta <em>\u0113stli<\/em>. Teine v\u00f5imalus k\u00f5lab nii: <strong><em>S\u01edrm\u01ed <\/em><\/strong>ja <em><strong>s\u01edrli<\/strong><\/em>.\n\t<\/li>\n<li>\n\t\tK\u00fclade Kinnas, P\u00fch\u00e4j\u00e4rvi, J\u00f5g\u00f5per\u00e4, Liivt\u0161\u00fcl\u00e4 ning Pitk\u00e4ranta venekeelsed vasted on \u041a\u0438\u043d\u0434\u0430\u0441\u043e\u0432\u043e (mugand), \u0421\u0432\u044f\u0442\u043e\u0437\u0435\u0440\u043e (t\u00f5lge), \u041a\u0440\u0430\u043a\u043e\u043b\u044c\u0435 (muu p\u00e4ritolu), \u041fec\u043a\u0438 (t\u00f5lge), \u041f\u0438\u0442\u043a\u044f\u0440\u0430\u043d\u0442\u0430 (transliteratsioon).\n\t<\/li>\n<li>\n\t\tK\u00fcsitud kolm sugulass\u00f5na on <em>ema<\/em>, <em>k\u00e4li <\/em>ja v\u00e4i(mees).\n\t<\/li>\n<li>\n\t\tVerbi <em>leema <\/em>on kasutatud tuleviku v\u00e4ljendamise funktsioonis.\n\t<\/li>\n<li>\n\t\t\u00c4\u00e4nisj\u00e4rve, Laadoga ja Valgj\u00e4rve vahel r\u00e4\u00e4gitakse vepsa keelt.\n\t<\/li>\n<\/ol>\n<p>\n\t\u00a0<\/p>\n","protected":false},"excerpt":{"rendered":"<p>Liivlased on Eesti kohta \u00f6elnud \u0112stim\u01ed ning eestlase kohta \u0113stli. Teine v\u00f5imalus k\u00f5lab nii: S\u01edrm\u01ed ja s\u01edrli. K\u00fclade Kinnas, P\u00fch\u00e4j\u00e4rvi, J\u00f5g\u00f5per\u00e4, Liivt\u0161\u00fcl\u00e4 ning Pitk\u00e4ranta venekeelsed vasted on \u041a\u0438\u043d\u0434\u0430\u0441\u043e\u0432\u043e (mugand), \u0421\u0432\u044f\u0442\u043e\u0437\u0435\u0440\u043e (t\u00f5lge), \u041a\u0440\u0430\u043a\u043e\u043b\u044c\u0435 (muu p\u00e4ritolu), \u041fec\u043a\u0438 (t\u00f5lge), \u041f\u0438\u0442\u043a\u044f\u0440\u0430\u043d\u0442\u0430 (transliteratsioon). K\u00fcsitud kolm &#8230;<\/p>\n","protected":false},"author":185,"featured_media":0,"parent":380,"menu_order":0,"comment_status":"closed","ping_status":"closed","template":"","meta":{"_acf_changed":false,"inline_featured_image":false,"footnotes":""},"class_list":["post-383","page","type-page","status-publish","hentry"],"acf":[],"_links":{"self":[{"href":"https:\/\/sisu.ut.ee\/keeleylesanded\/wp-json\/wp\/v2\/pages\/383","targetHints":{"allow":["GET"]}}],"collection":[{"href":"https:\/\/sisu.ut.ee\/keeleylesanded\/wp-json\/wp\/v2\/pages"}],"about":[{"href":"https:\/\/sisu.ut.ee\/keeleylesanded\/wp-json\/wp\/v2\/types\/page"}],"author":[{"embeddable":true,"href":"https:\/\/sisu.ut.ee\/keeleylesanded\/wp-json\/wp\/v2\/users\/185"}],"replies":[{"embeddable":true,"href":"https:\/\/sisu.ut.ee\/keeleylesanded\/wp-json\/wp\/v2\/comments?post=383"}],"version-history":[{"count":1,"href":"https:\/\/sisu.ut.ee\/keeleylesanded\/wp-json\/wp\/v2\/pages\/383\/revisions"}],"predecessor-version":[{"id":1351,"href":"https:\/\/sisu.ut.ee\/keeleylesanded\/wp-json\/wp\/v2\/pages\/383\/revisions\/1351"}],"up":[{"embeddable":true,"href":"https:\/\/sisu.ut.ee\/keeleylesanded\/wp-json\/wp\/v2\/pages\/380"}],"wp:attachment":[{"href":"https:\/\/sisu.ut.ee\/keeleylesanded\/wp-json\/wp\/v2\/media?parent=383"}],"curies":[{"name":"wp","href":"https:\/\/api.w.org\/{rel}","templated":true}]}}