{"id":38,"date":"2024-04-04T05:03:24","date_gmt":"2024-04-04T02:03:24","guid":{"rendered":"https:\/\/sisu.ut.ee\/keeleylesanded\/netikeelest-kirjakeelde-ii\/"},"modified":"2024-11-29T10:50:25","modified_gmt":"2024-11-29T08:50:25","slug":"netikeelest-kirjakeelde-ii","status":"publish","type":"page","link":"https:\/\/sisu.ut.ee\/keeleylesanded\/netikeelest-kirjakeelde-ii\/","title":{"rendered":"Netikeelest kirjakeelde (II)"},"content":{"rendered":"<p style=\"text-align: justify;\"><strong>Muuda j\u00e4rgmine dialoog kirjakeelseks. Kasuta neutraalset stiili.<\/strong><\/p>\n<p style=\"text-align: justify;\">\n<\/p><div>A. Yo, man!<\/div>\n<div>B. Hi!<\/div>\n<div>A. What\u2019s up?<\/div>\n<div>B. Ei midagi, niisama. KIed, sa seda t\u0161ikki seal\u00a0afterparty\u2019l n\u00e4gid?<\/div>\n<div>A. Oo, yes. P\u00e4ris nice!<\/div>\n<div>B. You tell me! Anyway, muidu oli ikka \u00fcli cool party!<\/div>\n<div>lgast mussi lasti ja \u2026<\/div>\n<div>A. Jup! Poole \u00f6\u00f6ni chillisime ringi.<\/div>\n<div>B. A kle, sa meile ei viitsi korra t\u0161ekkama minna, mis<\/div>\n<div>mu sis teeb? Oleks veidi cashi vaja.<\/div>\n<div>A. OK! By the way, on sul see uus msn,i versioon\u00a0downloaditud?<\/div>\n<div>B. Nop! Mu mummy eile hackis ise arvutis, nii et ple\u00a0veel j\u00f5udnud. Ta sattus eile mingile saidile, kus\u00a0skateparki pildid olid ja oli ise jummala scared, et \u00e4kki meie ka sellistes placeides ringi hangime.<\/div>\n<div>A. Kas sa siis ei \u00f6elnd, et tema littel son k\u00e4ib ka palju\u00a0scarymates plaicides?<\/div>\n<div>B. Nop, v\u00f5i tal vaja k\u00f5ike\u00a0teada!<\/div>\n<div>A. Of course!<\/div>\n<div>B. A know what? Ma omme Tlnsse. llgelt fun. Vaja\u00a0CDsid osta ja \u2026<\/div>\n<div>A. See bitch tuleb suga kaasa v\u00e4?<\/div>\n<div>B. What the fuck? Kakoi bitch! See on mu girlfriend ja\u00a0sina ass ei kutsu teda nii!<\/div>\n<div>A. OK, OK, calm down, just kidding. Anyway, can I join\u00a0you? Ei viitsiks eriti kodus passida.<\/div>\n<div>B. May be. V\u00f5id ju tulla ka.<\/div>\n<div>A. OK, t\u00e4nx!<\/div>\n<div>B. Anyway, kohtume homme at twelve! Bye!<\/div>\n<div>A. Ciao!<\/div>\n<div><\/div>\n<div><\/div>\n<div>2004<\/div>\n<div>l\u00f5ppvoor<\/div>\n<div>vanem<\/div>\n<div><\/div>\n<div><a href=\"https:\/\/sisu.ut.ee\/keeleylesanded\/netikeelest-kirjakeelde-ii-vastus\/\">Vastus<\/a><\/div>\n","protected":false},"excerpt":{"rendered":"<p>Muuda j\u00e4rgmine dialoog kirjakeelseks. Kasuta neutraalset stiili. A. Yo, man! B. Hi! A. What\u2019s up? B. Ei midagi, niisama. KIed, sa seda t\u0161ikki seal\u00a0afterparty\u2019l n\u00e4gid? A. Oo, yes. P\u00e4ris nice! B. You tell me! Anyway, muidu oli ikka \u00fcli cool &#8230;<\/p>\n","protected":false},"author":185,"featured_media":0,"parent":0,"menu_order":0,"comment_status":"closed","ping_status":"closed","template":"","meta":{"_acf_changed":false,"inline_featured_image":false,"footnotes":""},"class_list":["post-38","page","type-page","status-publish","hentry"],"acf":[],"_links":{"self":[{"href":"https:\/\/sisu.ut.ee\/keeleylesanded\/wp-json\/wp\/v2\/pages\/38","targetHints":{"allow":["GET"]}}],"collection":[{"href":"https:\/\/sisu.ut.ee\/keeleylesanded\/wp-json\/wp\/v2\/pages"}],"about":[{"href":"https:\/\/sisu.ut.ee\/keeleylesanded\/wp-json\/wp\/v2\/types\/page"}],"author":[{"embeddable":true,"href":"https:\/\/sisu.ut.ee\/keeleylesanded\/wp-json\/wp\/v2\/users\/185"}],"replies":[{"embeddable":true,"href":"https:\/\/sisu.ut.ee\/keeleylesanded\/wp-json\/wp\/v2\/comments?post=38"}],"version-history":[{"count":2,"href":"https:\/\/sisu.ut.ee\/keeleylesanded\/wp-json\/wp\/v2\/pages\/38\/revisions"}],"predecessor-version":[{"id":1901,"href":"https:\/\/sisu.ut.ee\/keeleylesanded\/wp-json\/wp\/v2\/pages\/38\/revisions\/1901"}],"wp:attachment":[{"href":"https:\/\/sisu.ut.ee\/keeleylesanded\/wp-json\/wp\/v2\/media?parent=38"}],"curies":[{"name":"wp","href":"https:\/\/api.w.org\/{rel}","templated":true}]}}