{"id":376,"date":"2024-04-04T05:03:55","date_gmt":"2024-04-04T02:03:55","guid":{"rendered":"https:\/\/sisu.ut.ee\/keeleylesanded\/koosta-raamatureklaam\/"},"modified":"2024-11-29T10:27:25","modified_gmt":"2024-11-29T08:27:25","slug":"koosta-raamatureklaam","status":"publish","type":"page","link":"https:\/\/sisu.ut.ee\/keeleylesanded\/koosta-raamatureklaam\/","title":{"rendered":"Koosta raamatureklaam"},"content":{"rendered":"<div><strong>Koosta teksti p\u00f5hjal reklaam, s\u00f5nasta l\u00fchidalt oma reklaami eesm\u00e4rk ja iseloomusta\u00a0sihtgruppi.\u00a0<\/strong><\/div>\n<div><\/div>\n<div>Uued eesti muinasjutud<\/div>\n<div><\/div>\n<div>Doris Kareva, Andres Noormets, Juharri P\u00fcttsepp, Piret Raud, Jtirgen Rooste, Siiri Sisask, Tanel\u00a0Veeffe, Hannes V\u00f5rno<\/div>\n<div><\/div>\n<div style=\"text-align: justify;\">\u201cUued eesti muinasjutud\u201d on kogumik fantaasiarikkaid lugusid, mis k\u00f5nelevad t\u00e4nap\u00e4eva elus\u00a0olulistest teemadest. Nende n\u00fc\u00fcdisaegsete lugude aulorid pole oma igap\u00e4evaelus k\u00f5ik sugugi\u00a0kirjanikud, kuid iga\u00fcks neist on leidnud end \u00fcmbritsevast elust teema, millest kirja panna oma\u00a0t\u00e4nap\u00e4evane muinaslugu. Neisse lugudesse on p\u00f5imitud aegumatud \u00f5petuss\u00f5nad ning esiisade ja -emade elutarkus. Muinaslood k\u00f5nelevad meile heast ja kurjast, armastusest ja vihkamisest, ilusast ja\u00a0inetust, hoolimisest ja \u00fcksk\u00f5iksusest, tarkusest jataipamatusest. Ja nagu muinasjuttudes ikka, j\u00e4\u00e4b\u00a0ka neis lugudes v\u00f5idutsema tark, \u00f5ige ja hea.<\/div>\n<div>Pildid selles raamatus p\u00e4rinevad samuti erinevatelt autoritelt \u2013\u00a0iga kunstnik on maalinud lugeja ette\u00a0muinasloo just sellisena, nagu tema seda oma vaimusilmas on n\u00e4inud, lisades loo sisule omakorda\u00a0uut v\u00e4ge.<\/div>\n<div>Soovime, et see raamatnii v\u00e4ikese kui ka suure inimese s\u00fcdames midagi puudutaks ning suunaks\u00a0m\u00f5tlema elus olulise \u00fcle. Soovime, et neist muinaslugudest kooruks igatihele v\u00e4lja tarkusetera, ja\u00a0julgustame enda \u00fcmber ringi vaadates \u00fcles leidma ka p\u00e4ris oma muinasjutu, mis kas v\u00f5i \u00fcksnes oma\u00a0l\u00e4hedastele edasi jutustatuna aitaks muuta maailma paremaks ja kaunimaks just tema looja leitud\u00a0t\u00f5e kaudu.<\/div>\n<div><\/div>\n<div>Pildid joonistanud:<\/div>\n<div>Katrin Elulich, Heiki Ernits, Kadri Ilves, Kirke Kangro, Regina Lukk-Toompere, J\u00fcri Mildeberg,\u00a0Viive Noor, Juss Piho, Marja-Liisa Plats, Priit Rea, Tiina Mariam Reinsalu, Catherine Zaip<\/div>\n<div><\/div>\n<div>P\u00fcsikliendi hind 185.30 krooni \/ Tavahind 195 krooni<\/div>\n<div><\/div>\n<div>Ilmumisaasta 2009<\/div>\n<div>Kirjastus Pilgrim<\/div>\n<div>Toimetanud Terje\u00a0Metsavas<\/div>\n<div>Formaat KK; lehek\u00fclgi 108<\/div>\n<div><\/div>\n<div>2010<\/div>\n<div>noorem<\/div>\n<div>l\u00f5ppvoor<\/div>\n<div><\/div>\n<div><a href=\"https:\/\/sisu.ut.ee\/keeleylesanded\/koosta-raamatureklaam-vastus\/\">Vastus<\/a><\/div>\n","protected":false},"excerpt":{"rendered":"<p>Koosta teksti p\u00f5hjal reklaam, s\u00f5nasta l\u00fchidalt oma reklaami eesm\u00e4rk ja iseloomusta\u00a0sihtgruppi.\u00a0 Uued eesti muinasjutud Doris Kareva, Andres Noormets, Juharri P\u00fcttsepp, Piret Raud, Jtirgen Rooste, Siiri Sisask, Tanel\u00a0Veeffe, Hannes V\u00f5rno \u201cUued eesti muinasjutud\u201d on kogumik fantaasiarikkaid lugusid, mis k\u00f5nelevad t\u00e4nap\u00e4eva elus\u00a0olulistest &#8230;<\/p>\n","protected":false},"author":185,"featured_media":0,"parent":0,"menu_order":0,"comment_status":"closed","ping_status":"closed","template":"","meta":{"_acf_changed":false,"inline_featured_image":false,"footnotes":""},"class_list":["post-376","page","type-page","status-publish","hentry"],"acf":[],"_links":{"self":[{"href":"https:\/\/sisu.ut.ee\/keeleylesanded\/wp-json\/wp\/v2\/pages\/376","targetHints":{"allow":["GET"]}}],"collection":[{"href":"https:\/\/sisu.ut.ee\/keeleylesanded\/wp-json\/wp\/v2\/pages"}],"about":[{"href":"https:\/\/sisu.ut.ee\/keeleylesanded\/wp-json\/wp\/v2\/types\/page"}],"author":[{"embeddable":true,"href":"https:\/\/sisu.ut.ee\/keeleylesanded\/wp-json\/wp\/v2\/users\/185"}],"replies":[{"embeddable":true,"href":"https:\/\/sisu.ut.ee\/keeleylesanded\/wp-json\/wp\/v2\/comments?post=376"}],"version-history":[{"count":2,"href":"https:\/\/sisu.ut.ee\/keeleylesanded\/wp-json\/wp\/v2\/pages\/376\/revisions"}],"predecessor-version":[{"id":1870,"href":"https:\/\/sisu.ut.ee\/keeleylesanded\/wp-json\/wp\/v2\/pages\/376\/revisions\/1870"}],"wp:attachment":[{"href":"https:\/\/sisu.ut.ee\/keeleylesanded\/wp-json\/wp\/v2\/media?parent=376"}],"curies":[{"name":"wp","href":"https:\/\/api.w.org\/{rel}","templated":true}]}}