{"id":365,"date":"2024-04-04T05:03:54","date_gmt":"2024-04-04T02:03:54","guid":{"rendered":"https:\/\/sisu.ut.ee\/keeleylesanded\/voorsonalised-vasted\/"},"modified":"2024-11-29T13:55:15","modified_gmt":"2024-11-29T11:55:15","slug":"voorsonalised-vasted","status":"publish","type":"page","link":"https:\/\/sisu.ut.ee\/keeleylesanded\/voorsonalised-vasted\/","title":{"rendered":"V\u00f5\u00f5rs\u00f5nalised vasted"},"content":{"rendered":"<p><em>Leidke v\u00f5\u00f5rs\u00f5na, mis sobib k\u00f5ge paremini allakriipsutatud s\u00f5na asemele.<\/em><\/p>\n<ol>\n<li>Raamat oli\u00a0<u>kujundatud<\/u>\u00a0tuntud kunstniku joonistega.\n<ol>\n<li>kombineeritud<\/li>\n<li>illustreeritud<\/li>\n<li>desarmeeritud<\/li>\n<li>forsseeritud<\/li>\n<\/ol>\n<\/li>\n<li>On\u00a0<u>m\u00f5ttetu<\/u>\u00a0arvata, nagu ei v\u00f5iks teistel planeetidel olla elu.\n<ol>\n<li>abstraktne<\/li>\n<li>humaanne<\/li>\n<li>absurdne<\/li>\n<li>perfektne<\/li>\n<\/ol>\n<\/li>\n<li>Enamasti h\u00e4irib meid v\u00f5\u00f5raste liiga\u00a0<u>tuttavlik<\/u>\u00a0k\u00e4itumine.\n<ol>\n<li>familiaarne<\/li>\n<li>filigraanne<\/li>\n<li>fundamentaalne<\/li>\n<li>spontaanne<\/li>\n<\/ol>\n<\/li>\n<li><u>Sisser\u00e4ndajate<\/u>\u00a0sulandamine Eesti \u00fchiskonda on meile t\u00f5sine v\u00e4ljakutse.\n<ol>\n<li>suver\u00e4\u00e4nide<\/li>\n<li>immigrantide<\/li>\n<li>emigrantide<\/li>\n<li>ps\u00fchhopaatide<\/li>\n<\/ol>\n<\/li>\n<li>Riigikogus peaks olema rohkem\u00a0<u>haritud ja tarku<\/u>\u00a0inimesi.\n<ol>\n<li>immuunseid<\/li>\n<li>intensiivseid<\/li>\n<li>harmoonilisi<\/li>\n<li>intelligentseid<\/li>\n<\/ol>\n<\/li>\n<li>See\u00a0<u>\u00fcksluine<\/u>\u00a0k\u00f5ne ajas k\u00f5igile kuulajatele une peale.\n<ol>\n<li>monotoonne<\/li>\n<li>momentaanne<\/li>\n<li>immuunne<\/li>\n<li>konkreetne<\/li>\n<\/ol>\n<\/li>\n<li>Rasketele m\u00e4gimatkadel on alati kaasas v\u00e4hemalt kaks\u00a0<u>juhendajat.<\/u>\n<ol>\n<li>magistranti<\/li>\n<li>korrektorit<\/li>\n<li>inspektorit<\/li>\n<li>instruktorit<\/li>\n<\/ol>\n<\/li>\n<li>Valitsus<u>liitu<\/u>\u00a0kuulub praeguses Riigikogus kolm erakonda.\n<ol>\n<li>koordinatsiooni<\/li>\n<li>koalitsiooni<\/li>\n<li>nomenklatuuri<\/li>\n<li>opositsiooni<\/li>\n<\/ol>\n<\/li>\n<li>Kohtuprotsessis antakse tavaliselt esimesena s\u00f5na\u00a0<u>s\u00fc\u00fcdistajale.<\/u>\n<ol>\n<li>advokaadile<\/li>\n<li>prokur\u00f6rile<\/li>\n<li>propagandistile<\/li>\n<li>notarile<\/li>\n<\/ol>\n<\/li>\n<li>Reklaami eesm\u00e4rgiks on sageli toote\u00a0<u>kuvandi<\/u>\u00a0kujundamine.\n<ol>\n<li>projekti<\/li>\n<li>produkti<\/li>\n<li>imid\u017ei<\/li>\n<li>kineetika<\/li>\n<\/ol>\n<\/li>\n<\/ol>\n<p>2000<\/p>\n<p>keskmine<\/p>\n<p>l\u00f5ppvoor<\/p>\n<p><a href=\"https:\/\/sisu.ut.ee\/keeleylesanded\/voorsonalised-vasted-vastus\/\">Vastus<\/a><\/p>\n","protected":false},"excerpt":{"rendered":"<p>Leidke v\u00f5\u00f5rs\u00f5na, mis sobib k\u00f5ge paremini allakriipsutatud s\u00f5na asemele. Raamat oli\u00a0kujundatud\u00a0tuntud kunstniku joonistega. kombineeritud illustreeritud desarmeeritud forsseeritud On\u00a0m\u00f5ttetu\u00a0arvata, nagu ei v\u00f5iks teistel planeetidel olla elu. abstraktne humaanne absurdne perfektne Enamasti h\u00e4irib meid v\u00f5\u00f5raste liiga\u00a0tuttavlik\u00a0k\u00e4itumine. familiaarne filigraanne fundamentaalne spontaanne Sisser\u00e4ndajate\u00a0sulandamine Eesti &#8230;<\/p>\n","protected":false},"author":185,"featured_media":0,"parent":0,"menu_order":0,"comment_status":"closed","ping_status":"closed","template":"","meta":{"_acf_changed":false,"inline_featured_image":false,"footnotes":""},"class_list":["post-365","page","type-page","status-publish","hentry"],"acf":[],"_links":{"self":[{"href":"https:\/\/sisu.ut.ee\/keeleylesanded\/wp-json\/wp\/v2\/pages\/365","targetHints":{"allow":["GET"]}}],"collection":[{"href":"https:\/\/sisu.ut.ee\/keeleylesanded\/wp-json\/wp\/v2\/pages"}],"about":[{"href":"https:\/\/sisu.ut.ee\/keeleylesanded\/wp-json\/wp\/v2\/types\/page"}],"author":[{"embeddable":true,"href":"https:\/\/sisu.ut.ee\/keeleylesanded\/wp-json\/wp\/v2\/users\/185"}],"replies":[{"embeddable":true,"href":"https:\/\/sisu.ut.ee\/keeleylesanded\/wp-json\/wp\/v2\/comments?post=365"}],"version-history":[{"count":2,"href":"https:\/\/sisu.ut.ee\/keeleylesanded\/wp-json\/wp\/v2\/pages\/365\/revisions"}],"predecessor-version":[{"id":2078,"href":"https:\/\/sisu.ut.ee\/keeleylesanded\/wp-json\/wp\/v2\/pages\/365\/revisions\/2078"}],"wp:attachment":[{"href":"https:\/\/sisu.ut.ee\/keeleylesanded\/wp-json\/wp\/v2\/media?parent=365"}],"curies":[{"name":"wp","href":"https:\/\/api.w.org\/{rel}","templated":true}]}}