{"id":352,"date":"2024-04-04T05:03:53","date_gmt":"2024-04-04T02:03:53","guid":{"rendered":"https:\/\/sisu.ut.ee\/keeleylesanded\/tsitaatsonade-mugandamine-ii\/"},"modified":"2024-11-29T13:07:14","modified_gmt":"2024-11-29T11:07:14","slug":"tsitaatsonade-mugandamine-ii","status":"publish","type":"page","link":"https:\/\/sisu.ut.ee\/keeleylesanded\/tsitaatsonade-mugandamine-ii\/","title":{"rendered":"Tsitaats\u00f5nade mugandamine (II)"},"content":{"rendered":"<p><strong>Missugused on nende tsitaats\u00f5nade mugandatud kujud eesti keeles? P\u00f5hjenda mugandust. Kuna iga s\u00f5na saab eesti keeles v\u00e4lte, m\u00e4\u00e4ra mugandatud s\u00f5nade v\u00e4lde.<\/strong><\/p>\n<table class=\"table table-hover\" style=\"width: 100%;\" border=\"0\" cellspacing=\"1\" cellpadding=\"1\">\n<thead>\n<tr>\n<th scope=\"col\">Tsitaats\u00f5na<\/th>\n<th scope=\"col\">Mugandus<\/th>\n<th scope=\"col\">P\u00f5hjenda mugandust. Kirjuta kolm esimest k\u00e4\u00e4net.<\/th>\n<th scope=\"col\">V\u00e4lde<\/th>\n<\/tr>\n<\/thead>\n<tbody>\n<tr>\n<td><em>hacker<\/em><\/td>\n<td><\/td>\n<td><\/td>\n<td><\/td>\n<\/tr>\n<tr>\n<td><em>stretch<\/em><\/td>\n<td><\/td>\n<td><\/td>\n<td><\/td>\n<\/tr>\n<tr>\n<td><em>freak<\/em><\/td>\n<td><\/td>\n<td><\/td>\n<td><\/td>\n<\/tr>\n<tr>\n<td><em>zoom<\/em><\/td>\n<td><\/td>\n<td><\/td>\n<td><\/td>\n<\/tr>\n<tr>\n<td><em>dip<\/em><\/td>\n<td><\/td>\n<td><\/td>\n<td><\/td>\n<\/tr>\n<tr>\n<td><em>laser<\/em><\/td>\n<td><\/td>\n<td><\/td>\n<td><\/td>\n<\/tr>\n<tr>\n<td><em>popcorn<\/em><\/td>\n<td><\/td>\n<td><\/td>\n<td><\/td>\n<\/tr>\n<tr>\n<td><em>rave<\/em><\/td>\n<td><\/td>\n<td><\/td>\n<td><\/td>\n<\/tr>\n<tr>\n<td><em>spam<\/em><\/td>\n<td><\/td>\n<td><\/td>\n<td><\/td>\n<\/tr>\n<\/tbody>\n<\/table>\n<p>2006<\/p>\n<p>vanem<\/p>\n<p>l\u00f5ppvoor<\/p>\n<p><a href=\"https:\/\/sisu.ut.ee\/keeleylesanded\/tsitaatsonade-mugandamine-ii-vastus\/\">Vastus<\/a><\/p>\n","protected":false},"excerpt":{"rendered":"<p>Missugused on nende tsitaats\u00f5nade mugandatud kujud eesti keeles? P\u00f5hjenda mugandust. Kuna iga s\u00f5na saab eesti keeles v\u00e4lte, m\u00e4\u00e4ra mugandatud s\u00f5nade v\u00e4lde. Tsitaats\u00f5na Mugandus P\u00f5hjenda mugandust. Kirjuta kolm esimest k\u00e4\u00e4net. V\u00e4lde hacker stretch freak zoom dip laser popcorn rave spam 2006 &#8230;<\/p>\n","protected":false},"author":185,"featured_media":0,"parent":0,"menu_order":0,"comment_status":"closed","ping_status":"closed","template":"","meta":{"_acf_changed":false,"inline_featured_image":false,"footnotes":""},"class_list":["post-352","page","type-page","status-publish","hentry"],"acf":[],"_links":{"self":[{"href":"https:\/\/sisu.ut.ee\/keeleylesanded\/wp-json\/wp\/v2\/pages\/352","targetHints":{"allow":["GET"]}}],"collection":[{"href":"https:\/\/sisu.ut.ee\/keeleylesanded\/wp-json\/wp\/v2\/pages"}],"about":[{"href":"https:\/\/sisu.ut.ee\/keeleylesanded\/wp-json\/wp\/v2\/types\/page"}],"author":[{"embeddable":true,"href":"https:\/\/sisu.ut.ee\/keeleylesanded\/wp-json\/wp\/v2\/users\/185"}],"replies":[{"embeddable":true,"href":"https:\/\/sisu.ut.ee\/keeleylesanded\/wp-json\/wp\/v2\/comments?post=352"}],"version-history":[{"count":2,"href":"https:\/\/sisu.ut.ee\/keeleylesanded\/wp-json\/wp\/v2\/pages\/352\/revisions"}],"predecessor-version":[{"id":2007,"href":"https:\/\/sisu.ut.ee\/keeleylesanded\/wp-json\/wp\/v2\/pages\/352\/revisions\/2007"}],"wp:attachment":[{"href":"https:\/\/sisu.ut.ee\/keeleylesanded\/wp-json\/wp\/v2\/media?parent=352"}],"curies":[{"name":"wp","href":"https:\/\/api.w.org\/{rel}","templated":true}]}}