{"id":330,"date":"2024-04-04T05:03:51","date_gmt":"2024-04-04T02:03:51","guid":{"rendered":"https:\/\/sisu.ut.ee\/keeleylesanded\/verbid-luhemaks\/"},"modified":"2024-11-29T13:45:01","modified_gmt":"2024-11-29T11:45:01","slug":"verbid-luhemaks","status":"publish","type":"page","link":"https:\/\/sisu.ut.ee\/keeleylesanded\/verbid-luhemaks\/","title":{"rendered":"Verbid l\u00fchemaks"},"content":{"rendered":"<p style=\"text-align: justify;\"><strong>Paljusid\u00a0<em>eeri<\/em>-liitega verbe saab vastava nimis\u00f5na olemasolul asendada l\u00fchemate verbidega, nt\u00a0<em>normeerima &gt; normima<\/em>. Moodustage j\u00e4rgmistest\u00a0<em>eerima<\/em>-verbidest v\u00f5imaluse korral l\u00fchemad verbid. K\u00f5igil verbidel l\u00fchemaid vasteid ei ole.<\/strong><\/p>\n<p style=\"text-align: justify;\">\n<\/p><p style=\"text-align: justify;\">riskeerima<\/p>\n<p style=\"text-align: justify;\">sorteerima<\/p>\n<p style=\"text-align: justify;\">reageerima<\/p>\n<p style=\"text-align: justify;\">vaktsineerima<\/p>\n<p style=\"text-align: justify;\">optimeerima<\/p>\n<p style=\"text-align: justify;\">komplekteerima<\/p>\n<p style=\"text-align: justify;\">protesteerima<\/p>\n<p style=\"text-align: justify;\">\n<\/p><p style=\"text-align: justify;\">\n<\/p><p style=\"text-align: justify;\">2010<\/p>\n<p style=\"text-align: justify;\">keskmine<\/p>\n<p style=\"text-align: justify;\">l\u00f5ppvoor<\/p>\n<p><a href=\"https:\/\/sisu.ut.ee\/keeleylesanded\/verbid-luhemaks-vastus\/\">Vastus<\/a><\/p>\n","protected":false},"excerpt":{"rendered":"<p>Paljusid\u00a0eeri-liitega verbe saab vastava nimis\u00f5na olemasolul asendada l\u00fchemate verbidega, nt\u00a0normeerima &gt; normima. Moodustage j\u00e4rgmistest\u00a0eerima-verbidest v\u00f5imaluse korral l\u00fchemad verbid. K\u00f5igil verbidel l\u00fchemaid vasteid ei ole. riskeerima sorteerima reageerima vaktsineerima optimeerima komplekteerima protesteerima 2010 keskmine l\u00f5ppvoor Vastus<\/p>\n","protected":false},"author":185,"featured_media":0,"parent":0,"menu_order":0,"comment_status":"closed","ping_status":"closed","template":"","meta":{"_acf_changed":false,"inline_featured_image":false,"footnotes":""},"class_list":["post-330","page","type-page","status-publish","hentry"],"acf":[],"_links":{"self":[{"href":"https:\/\/sisu.ut.ee\/keeleylesanded\/wp-json\/wp\/v2\/pages\/330","targetHints":{"allow":["GET"]}}],"collection":[{"href":"https:\/\/sisu.ut.ee\/keeleylesanded\/wp-json\/wp\/v2\/pages"}],"about":[{"href":"https:\/\/sisu.ut.ee\/keeleylesanded\/wp-json\/wp\/v2\/types\/page"}],"author":[{"embeddable":true,"href":"https:\/\/sisu.ut.ee\/keeleylesanded\/wp-json\/wp\/v2\/users\/185"}],"replies":[{"embeddable":true,"href":"https:\/\/sisu.ut.ee\/keeleylesanded\/wp-json\/wp\/v2\/comments?post=330"}],"version-history":[{"count":2,"href":"https:\/\/sisu.ut.ee\/keeleylesanded\/wp-json\/wp\/v2\/pages\/330\/revisions"}],"predecessor-version":[{"id":2061,"href":"https:\/\/sisu.ut.ee\/keeleylesanded\/wp-json\/wp\/v2\/pages\/330\/revisions\/2061"}],"wp:attachment":[{"href":"https:\/\/sisu.ut.ee\/keeleylesanded\/wp-json\/wp\/v2\/media?parent=330"}],"curies":[{"name":"wp","href":"https:\/\/api.w.org\/{rel}","templated":true}]}}