{"id":323,"date":"2024-04-04T05:03:50","date_gmt":"2024-04-04T02:03:50","guid":{"rendered":"https:\/\/sisu.ut.ee\/keeleylesanded\/tuvemitmus\/"},"modified":"2024-04-05T13:42:08","modified_gmt":"2024-04-05T10:42:08","slug":"tuvemitmus","status":"publish","type":"page","link":"https:\/\/sisu.ut.ee\/keeleylesanded\/tuvemitmus\/","title":{"rendered":"T\u00fcvemitmus"},"content":{"rendered":"<p style=\"text-align:justify\">\r\n\t<span style=\"line-height:107%\">T\u00e4nap\u00e4evases eesti keeles kasutatakse tuvemitmust peamiselt osastavas k\u00e4\u00e4ndes (v.a <i>\u00f5nnelik-<\/i>t\u00fc\u00fcp, kus tuvemitmus on <i>de-<\/i>mitmusest tavalisem). Muid k\u00e4\u00e4ndevorme kasutatakse fraseologismides ja liits\u00f5nades (nt <b><i>k\u00e4sil <\/i><\/b><i>olema, <b>munele <\/b>hakkama<\/i>). Vanemas keelepruugis on tuvemitmus m\u00e4rksa sagedasem.<br>Varem nimetati tuvemitmust <i>i-<\/i>mitmuseks, sest keeleajalooliselt on tegemist <i>i-<\/i>tunnuselise vormiga.<\/span>\r\n<\/p>\r\n\r\n<p style=\"text-align:justify\">\r\n\t<span style=\"line-height:107%\">J\u00e4rgnev reeglistik on p\u00e4rit 1942. aastal ilmunud \u00f5pikust \u201eEesti keele grammatika g\u00fcmnaasiumile III. T\u00e4iendav kursus\u201c (autor Henno J\u00e4nes).<\/span>\r\n<\/p>\r\n\r\n<p style=\"text-align:justify\">\r\n\t<span style=\"line-height:107%\">(partitiiv = osastav k\u00e4\u00e4ne, genitiiv = omastav k\u00e4\u00e4ne)<\/span>\r\n<\/p>\r\n\r\n<hr>\r\n<p style=\"text-align:justify\">\r\n\t<span style=\"line-height:107%\"><span style=\"letter-spacing:3.0pt\">L\u00fchike mitmuse partitiiv<\/span><\/span><span style=\"line-height:107%\">. L\u00fchikese mitmuse partitiivi l\u00f5pul v\u00f5ib leiduda <b>e<\/b>, <b>u<\/b> v\u00f5i <b>i<\/b>. See oleneb s\u00f5na <span style=\"letter-spacing:2.0pt\">t\u00fcvevokaalist<\/span> ja a-t\u00fcvelistel pealeselle veel <span style=\"letter-spacing:2.0pt\">esimese silbi<\/span> esimesest <span style=\"letter-spacing:2.0pt\">vokaalist<\/span>. J\u00e4rgmise tabeli p\u00f5hjal on v\u00f5imalik leida l\u00fchikese mitm. partitiivi l\u00f5ppvokaal.<\/span>\r\n<\/p>\r\n\r\n<table class=\"table table-hover\" style=\"border:undefined\" width=\"714\">\r\n\t<thead>\r\n\t\t<tr>\r\n\t\t\t<th scope=\"col\">\r\n\t\t\t\tI silbi vokaal\r\n\t\t\t<\/th>\r\n\t\t\t<th scope=\"col\">\r\n\t\t\t\tT\u00fcve l\u00f5pp-vokaal\r\n\t\t\t<\/th>\r\n\t\t\t<th scope=\"col\">\r\n\t\t\t\t<p>\r\n\t\t\t\t\tMitm.part. l\u00f5ppvokaal\r\n\t\t\t\t<\/p>\r\n\t\t\t<\/th>\r\n\t\t\t<th scope=\"col\">\r\n\t\t\t\tN\u00e4ited\r\n\t\t\t<\/th>\r\n\t\t\t<th scope=\"col\">\r\n\t\t\t\tErandid\r\n\t\t\t<\/th>\r\n\t\t<\/tr>\r\n\t<\/thead>\r\n\t<tbody>\r\n\t\t<tr>\r\n\t\t\t<td>\r\n\t\t\t\t\u00a0\r\n\t\t\t<\/td>\r\n\t\t\t<td style=\"width:50px\">\r\n\t\t\t\te\r\n\t\t\t<\/td>\r\n\t\t\t<td style=\"width:15px\">\r\n\t\t\t\ti\r\n\t\t\t<\/td>\r\n\t\t\t<td style=\"width:150px\">\r\n\t\t\t\t<em>hetki, nurmi<\/em>\r\n\t\t\t<\/td>\r\n\t\t\t<td>\r\n\t\t\t\t\u00a0\r\n\t\t\t<\/td>\r\n\t\t<\/tr>\r\n\t\t<tr>\r\n\t\t\t<td>\r\n\t\t\t\t\u00a0\r\n\t\t\t<\/td>\r\n\t\t\t<td>\r\n\t\t\t\ti\r\n\t\t\t<\/td>\r\n\t\t\t<td>\r\n\t\t\t\te\r\n\t\t\t<\/td>\r\n\t\t\t<td style=\"width:20px\">\r\n\t\t\t\t<em>keppe, sokke, piiskoppe<\/em>\r\n\t\t\t<\/td>\r\n\t\t\t<td>\r\n\t\t\t\t\u00a0\r\n\t\t\t<\/td>\r\n\t\t<\/tr>\r\n\t\t<tr>\r\n\t\t\t<td>\r\n\t\t\t\t\u00a0\r\n\t\t\t<\/td>\r\n\t\t\t<td>\r\n\t\t\t\tu\r\n\t\t\t<\/td>\r\n\t\t\t<td>\r\n\t\t\t\te\r\n\t\t\t<\/td>\r\n\t\t\t<td>\r\n\t\t\t\t<em>kulme, iseloome<\/em>\r\n\t\t\t<\/td>\r\n\t\t\t<td>\r\n\t\t\t\t\u00a0\r\n\t\t\t<\/td>\r\n\t\t<\/tr>\r\n\t\t<tr>\r\n\t\t\t<td>\r\n\t\t\t\t<p>\r\n\t\t\t\t\ta\r\n\t\t\t\t<\/p>\r\n\r\n\t\t\t\t<p>\r\n\t\t\t\t\ti\r\n\t\t\t\t<\/p>\r\n\r\n\t\t\t\t<p>\r\n\t\t\t\t\t\u00f5\r\n\t\t\t\t<\/p>\r\n\r\n\t\t\t\t<p>\r\n\t\t\t\t\ti\r\n\t\t\t\t<\/p>\r\n\r\n\t\t\t\t<p>\r\n\t\t\t\t\tei\r\n\t\t\t\t<\/p>\r\n\r\n\t\t\t\t<p>\r\n\t\t\t\t\t\u00e4i\r\n\t\t\t\t<\/p>\r\n\t\t\t<\/td>\r\n\t\t\t<td colspan=\"1\" rowspan=\"2\">\r\n\t\t\t\ta\r\n\t\t\t<\/td>\r\n\t\t\t<td>\r\n\t\t\t\tu\r\n\t\t\t<\/td>\r\n\t\t\t<td>\r\n\t\t\t\t<p>\r\n\t\t\t\t\t<em>kanu, aegu, asju<\/em>\r\n\t\t\t\t<\/p>\r\n\r\n\t\t\t\t<p>\r\n\t\t\t\t\t<em>sigu, linnu<\/em>\r\n\t\t\t\t<\/p>\r\n\r\n\t\t\t\t<p>\r\n\t\t\t\t\t<em>m\u00f5\u00f5ku, \u00f5unu<\/em>\r\n\t\t\t\t<\/p>\r\n\r\n\t\t\t\t<p>\r\n\t\t\t\t\t<em>seinu<\/em>\r\n\t\t\t\t<\/p>\r\n\r\n\t\t\t\t<p>\r\n\t\t\t\t\t<em>\u00e4iu<\/em>\r\n\t\t\t\t<\/p>\r\n\t\t\t<\/td>\r\n\t\t\t<td>\r\n\t\t\t\t<p>\r\n\t\t\t\t\t<em>pikk \u2013 pikki<\/em>\r\n\t\t\t\t<\/p>\r\n\r\n\t\t\t\t<p>\r\n\t\t\t\t\t<em>king \u2013 kingi<\/em>\r\n\t\t\t\t<\/p>\r\n\r\n\t\t\t\t<p>\r\n\t\t\t\t\t<span style=\"line-height:normal\"><i>silm \u2013 silmi<\/i><a href=\"#_ftn1\" name=\"_ftnref1\" title=\"\"><span style=\"line-height:107%\">[1]<\/span><\/a><\/span>\r\n\t\t\t\t<\/p>\r\n\t\t\t<\/td>\r\n\t\t<\/tr>\r\n\t\t<tr>\r\n\t\t\t<td>\r\n\t\t\t\t\u00a0\r\n\t\t\t<\/td>\r\n\t\t\t<td>\r\n\t\t\t\t\u00a0\r\n\t\t\t<\/td>\r\n\t\t\t<td>\r\n\t\t\t\t<p>\r\n\t\t\t\t\t<em>keni, relvi; kelli, metsi<\/em>\r\n\t\t\t\t<\/p>\r\n\r\n\t\t\t\t<p>\r\n\t\t\t\t\t\u00a0\r\n\t\t\t\t<\/p>\r\n\t\t\t<\/td>\r\n\t\t\t<td>\r\n\t\t\t\t<p style=\"margin-bottom:.0001pt;padding:0cm5.4pt0cm5.4pt\">\r\n\t\t\t\t\t<span style=\"line-height:normal\">1) <i>i <\/i>ja <i>j <\/i>j\u00e4rel <b>i <\/b>muutub <b>e<\/b>-ks: <i>nuie<\/i>, <i>t\u00fchje<\/i><a href=\"#_ftn2\" name=\"_ftnref2\" title=\"\"><span style=\"line-height:107%\">[2]<\/span><\/a>;<\/span>\r\n\t\t\t\t<\/p>\r\n\r\n\t\t\t\t<p style=\"margin-bottom:.0001pt;padding:0cm5.4pt0cm5.4pt\">\r\n\t\t\t\t\t<span style=\"line-height:normal\">2) 2-silbilistel esmav\u00e4ltelistel s\u00f5nadel, mil on esimeses silbis <b>o <\/b>v\u00f5i <b>u<\/b>, on mitm. partitiivis <b>e<\/b> (v\u00e4lja arvatud <i>oma, osa \u2013 omi, osi<\/i>)<\/span>\r\n\t\t\t\t<\/p>\r\n\r\n\t\t\t\t<p style=\"margin-bottom:.0001pt;padding:0cm5.4pt0cm5.4pt\">\r\n\t\t\t\t\t<span style=\"line-height:normal\"><i>oda \u2013 ode; muna \u2013 mune; tuba \u2013 tube<\/i><\/span>\r\n\t\t\t\t<\/p>\r\n\t\t\t<\/td>\r\n\t\t<\/tr>\r\n\t<\/tbody>\r\n<\/table>\r\n\r\n<p>\r\n\t\u00a0\r\n<\/p>\r\n\r\n<p style=\"margin-top:6.0pt;margin-right:0cm;margin-bottom:6.0pt;margin-left:0cm\">\r\n\t<i><span style=\"line-height:107%\"><span style=\"letter-spacing:2.0pt\">i-<\/span><\/span><\/i><span style=\"line-height:107%\"><span style=\"letter-spacing:2.0pt\">mitmuse<\/span><\/span><span style=\"line-height:107%\"> k\u00e4\u00e4nded moodustatakse mitm. partitiivi p\u00f5hjal j\u00e4rgmiselt:<\/span>\r\n<\/p>\r\n\r\n<ol>\r\n\t<li style=\"margin-top:0cm;margin-right:0cm;margin-bottom:10.0pt\">\r\n\t\t<span style=\"line-height:115%\"><span style=\"line-height:115%\">Kui mitm. partitiivi l\u00f5pul on <b>-id<\/b>, siis j\u00e4etakse <b>-d<\/b> l\u00f5pust \u00e4ra ja liidetakse saadud t\u00fcvele soovitava k\u00e4\u00e4nde l\u00f5pp: <i>m\u00f5ttei-d \u2013 m\u00f5ttei-s, mai-d \u2013 mai-le.<\/i><\/span><\/span>\r\n\t<\/li>\r\n\t<li style=\"margin-top:0cm;margin-right:0cm;margin-bottom:10.0pt\">\r\n\t\t<span style=\"line-height:115%\"><span style=\"line-height:115%\">Kui mitm. partitiivi l\u00f5pul on <b><i>u, i <\/i><\/b>v\u00f5i <b><i>e<\/i><\/b>, siis liidetakse mitm. partitiivile soovitava k\u00e4\u00e4nde l\u00f5pp. Astmevahelduslikel s\u00f5nul muudetakse seejuures tugevaastmeline t\u00fcvi n\u00f5rgaastmeliseks: <i>vanu \u2013 vanule, kive \u2013 kivel, \u00f5nnelikke \u2013 \u00f5nnelikele, lehti \u2013 lehile.<\/i><\/span><\/span>\r\n\t<\/li>\r\n\t<li style=\"margin-top:0cm;margin-right:0cm;margin-bottom:10.0pt\">\r\n\t\t<span style=\"line-height:115%\"><span style=\"line-height:115%\">S\u00f5nadel, mil mitm. partitiivi l\u00f5pul on <b>sid<\/b>, i-mitmus puudub.<\/span><\/span>\r\n\t<\/li>\r\n\t<li style=\"margin-top:0cm;margin-right:0cm;margin-bottom:10.0pt\">\r\n\t\t<span style=\"line-height:115%\"><span style=\"line-height:115%\">Kui <i>i-<\/i>mitmuses <i>j <\/i>sattub <i>i <\/i>ette, siis ei j\u00e4\u00e4 h\u00e4\u00e4liku\u00fchend <i>ji <\/i>p\u00fcsima, vaid:<\/span><\/span>\r\n\t\t<ol>\r\n\t\t\t<li style=\"margin-top:0cm;margin-right:0cm;margin-bottom:10.0pt\">\r\n\t\t\t\t<span style=\"line-height:115%\"><i><span style=\"line-height:115%\">a-<\/span><\/i><span style=\"line-height:115%\">t\u00fcvelistel s\u00f5nadel muutub <i>ji je-<\/i>ks (<i>n\u00e4lg \u2013 n\u00e4ljele, h\u00e4rg \u2013 h\u00e4rjele<\/i>)<\/span><\/span>\r\n\t\t\t<\/li>\r\n\t\t\t<li style=\"margin-top:0cm;margin-right:0cm;margin-bottom:10.0pt\">\r\n\t\t\t\t<span style=\"line-height:115%\"><i><span style=\"line-height:115%\">e-<\/span><\/i><span style=\"line-height:115%\">t\u00fcvelistel s\u00f5nadel <i>ji <\/i>muutub <i>i-<\/i>ks (<i>j\u00e4lg \u2013 j\u00e4lile, k\u00fclg \u2013 k\u00fclile<\/i>).<\/span><\/span>\r\n\t\t\t<\/li>\r\n\t\t<\/ol>\r\n\t<\/li>\r\n\t<li style=\"margin-top:0cm;margin-right:0cm;margin-bottom:10.0pt\">\r\n\t\tMitm. partitiivi t\u00fcves olev <i>s <\/i>j\u00e4\u00e4b <i>i-<\/i>mitmuses p\u00fcsima (<i>uusi \u2013 uusile, varsi \u2013 varsil<\/i>).\r\n\t<\/li>\r\n<\/ol>\r\n\r\n<div id=\"ftn2\">\r\n\t\u00a0\r\n<\/div>\r\n\r\n<div id=\"ftn1\">\r\n\t<p class=\"MsoFootnoteText\">\r\n\t\t<span><a href=\"#_ftnref1\" name=\"_ftn1\" title=\"\"><span style=\"line-height:107%\">[1]<\/span><\/a> Lisaks neile kolmele veel viis v\u00e4hem esinevat s\u00f5na: <i>iga \u2013 igi, isa \u2013 isi, iva \u2013 ivi, lisa \u2013 lisi, nisa \u2013 nisi. <\/i>S\u00f5nust <i>iga, isa, lisa <\/i>tarvitatakse harilikult aga <i>sid-<\/i>l\u00f5pulisi vorme: <i>igasid, isasid, lisasid.<\/i><\/span>\r\n\t<\/p>\r\n<\/div>\r\n\r\n<div id=\"ftn2\">\r\n\t<p class=\"MsoFootnoteText\">\r\n\t\t<span><a href=\"#_ftnref2\" name=\"_ftn2\" title=\"\"><span style=\"line-height:107%\">[2]<\/span><\/a> S\u00f5nadest <i>neli <\/i>ja <i>v\u00e4li <\/i>on lubatud reeglip\u00e4raste vormide <i>nelje, v\u00e4lje <\/i>k\u00f5rval tarvitada ka vorme <i>nelju, v\u00e4lju<\/i>, mis viimased ongi eelistatavad.<\/span>\r\n\t<\/p>\r\n<\/div>\r\n\r\n<hr>\r\n<p>\r\n\t\u00a0\r\n<\/p>\r\n\r\n<div class=\"h5p-iframe-wrapper\"><div class=\"video-placeholder-wrapper video-placeholder-wrapper--fixed\" style=\"height: 366px;\">\n\t\t\t    <div class=\"video-placeholder d-flex justify-content-center align-items-center\">\n\t\t\t        <div class=\"overlay text-white p-2 w-100 text-center d-block justify-content-center align-items-center\">\n\t\t\t            <div>Kolmandate osapoolte sisu n\u00e4gemiseks palun n\u00f5ustu k\u00fcpsistega.<\/div>\n\t\t\t            <button class=\"btn btn-secondary btn-sm mt-1 consent-change\">Muuda n\u00f5usolekut<\/button>\n\t\t\t        <\/div>\n\t\t\t    <\/div>\n\t\t\t<\/div>\n<\/div>\r\n\r\n<div class=\"WordSection1\">\r\n\t<p>\r\n\t\t\u00a0\r\n\t<\/p>\r\n<\/div>\r\n","protected":false},"excerpt":{"rendered":"<p>T\u00e4nap\u00e4evases eesti keeles kasutatakse tuvemitmust peamiselt osastavas k\u00e4\u00e4ndes (v.a \u00f5nnelik-t\u00fc\u00fcp, kus tuvemitmus on de-mitmusest tavalisem). Muid k\u00e4\u00e4ndevorme kasutatakse fraseologismides ja liits\u00f5nades (nt k\u00e4sil olema, munele hakkama). Vanemas keelepruugis on tuvemitmus m\u00e4rksa sagedasem.Varem nimetati tuvemitmust i-mitmuseks, sest keeleajalooliselt on tegemist i-tunnuselise &#8230;<\/p>\n","protected":false},"author":185,"featured_media":0,"parent":0,"menu_order":0,"comment_status":"closed","ping_status":"closed","template":"","meta":{"_acf_changed":false,"inline_featured_image":false,"footnotes":""},"class_list":["post-323","page","type-page","status-publish","hentry"],"acf":[],"_links":{"self":[{"href":"https:\/\/sisu.ut.ee\/keeleylesanded\/wp-json\/wp\/v2\/pages\/323","targetHints":{"allow":["GET"]}}],"collection":[{"href":"https:\/\/sisu.ut.ee\/keeleylesanded\/wp-json\/wp\/v2\/pages"}],"about":[{"href":"https:\/\/sisu.ut.ee\/keeleylesanded\/wp-json\/wp\/v2\/types\/page"}],"author":[{"embeddable":true,"href":"https:\/\/sisu.ut.ee\/keeleylesanded\/wp-json\/wp\/v2\/users\/185"}],"replies":[{"embeddable":true,"href":"https:\/\/sisu.ut.ee\/keeleylesanded\/wp-json\/wp\/v2\/comments?post=323"}],"version-history":[{"count":3,"href":"https:\/\/sisu.ut.ee\/keeleylesanded\/wp-json\/wp\/v2\/pages\/323\/revisions"}],"predecessor-version":[{"id":1739,"href":"https:\/\/sisu.ut.ee\/keeleylesanded\/wp-json\/wp\/v2\/pages\/323\/revisions\/1739"}],"wp:attachment":[{"href":"https:\/\/sisu.ut.ee\/keeleylesanded\/wp-json\/wp\/v2\/media?parent=323"}],"curies":[{"name":"wp","href":"https:\/\/api.w.org\/{rel}","templated":true}]}}