{"id":311,"date":"2024-04-04T05:03:49","date_gmt":"2024-04-04T02:03:49","guid":{"rendered":"https:\/\/sisu.ut.ee\/keeleylesanded\/kohanimed\/"},"modified":"2024-11-29T10:00:02","modified_gmt":"2024-11-29T08:00:02","slug":"kohanimed","status":"publish","type":"page","link":"https:\/\/sisu.ut.ee\/keeleylesanded\/kohanimed\/","title":{"rendered":"Kohanimed"},"content":{"rendered":"<ol>\n<li>Millise Eesti valla nimes sisaldub linnunimi?<\/li>\n<li>Nimetage neli Eesti valda, milles sisaldub loomanimi.<\/li>\n<li>Nimetage kaks Eesti valda, mille nimi on omaduss\u00f5nakujulilne.<\/li>\n<li>\u00dcks Afganistani linn kannab nime, mis vastab \u00fchele kehaosa nimetusele eesti keeles mitmuse nimetavas k\u00e4\u00e4ndes. Millisest kehaosast\/linnast k\u00e4ib jutt?<\/li>\n<li>Harju maakonnas asub <em>Kibuna<\/em> k\u00fcla. Kuidas see oma nime on saanud? Vastusevariandid: 1) s\u00f5nast <em>kibu<\/em>, millele on lisatud liide <em>-na,<\/em> 2) l\u00fchenenud s\u00f5nast <em>kivihoone, <\/em>3) murdes\u00f5nast <em>kibun<\/em> \u2018kibuvits.<\/li>\n<\/ol>\n<p><a href=\"https:\/\/sisu.ut.ee\/keeleylesanded\/kohanimed-vastus\/\">Vastus<\/a><\/p>\n","protected":false},"excerpt":{"rendered":"<p>Millise Eesti valla nimes sisaldub linnunimi? Nimetage neli Eesti valda, milles sisaldub loomanimi. Nimetage kaks Eesti valda, mille nimi on omaduss\u00f5nakujulilne. \u00dcks Afganistani linn kannab nime, mis vastab \u00fchele kehaosa nimetusele eesti keeles mitmuse nimetavas k\u00e4\u00e4ndes. Millisest kehaosast\/linnast k\u00e4ib jutt? &#8230;<\/p>\n","protected":false},"author":185,"featured_media":0,"parent":0,"menu_order":0,"comment_status":"closed","ping_status":"closed","template":"","meta":{"_acf_changed":false,"inline_featured_image":false,"footnotes":""},"class_list":["post-311","page","type-page","status-publish","hentry"],"acf":[],"_links":{"self":[{"href":"https:\/\/sisu.ut.ee\/keeleylesanded\/wp-json\/wp\/v2\/pages\/311","targetHints":{"allow":["GET"]}}],"collection":[{"href":"https:\/\/sisu.ut.ee\/keeleylesanded\/wp-json\/wp\/v2\/pages"}],"about":[{"href":"https:\/\/sisu.ut.ee\/keeleylesanded\/wp-json\/wp\/v2\/types\/page"}],"author":[{"embeddable":true,"href":"https:\/\/sisu.ut.ee\/keeleylesanded\/wp-json\/wp\/v2\/users\/185"}],"replies":[{"embeddable":true,"href":"https:\/\/sisu.ut.ee\/keeleylesanded\/wp-json\/wp\/v2\/comments?post=311"}],"version-history":[{"count":2,"href":"https:\/\/sisu.ut.ee\/keeleylesanded\/wp-json\/wp\/v2\/pages\/311\/revisions"}],"predecessor-version":[{"id":1851,"href":"https:\/\/sisu.ut.ee\/keeleylesanded\/wp-json\/wp\/v2\/pages\/311\/revisions\/1851"}],"wp:attachment":[{"href":"https:\/\/sisu.ut.ee\/keeleylesanded\/wp-json\/wp\/v2\/media?parent=311"}],"curies":[{"name":"wp","href":"https:\/\/api.w.org\/{rel}","templated":true}]}}