{"id":301,"date":"2024-04-04T05:03:48","date_gmt":"2024-04-04T02:03:48","guid":{"rendered":"https:\/\/sisu.ut.ee\/keeleylesanded\/j-v-veski-ja-f-karlssoni-uudissonad-0\/"},"modified":"2024-11-28T23:34:44","modified_gmt":"2024-11-28T21:34:44","slug":"j-v-veski-ja-f-karlssoni-uudissonad-0","status":"publish","type":"page","link":"https:\/\/sisu.ut.ee\/keeleylesanded\/j-v-veski-ja-f-karlssoni-uudissonad-0\/","title":{"rendered":"J. V. Veski ja F. Karlssoni uudiss\u00f5nad"},"content":{"rendered":"<p><b>Eesti \u00f5iguskeele arengus on v\u00e4ga t\u00e4htsal kohal J. V. Veski ja F. Karlssoni \u201e\u00d5igusteaduse s\u00f5nastik\u201c aastast 1934. Paljugi seal leiduvaid s\u00f5nu on meil igap\u00e4evases k\u00e4ibes, nt <i>andmed, elamu, kogus, m\u00e4rkmik<\/i> jne. <\/b><b>Sealt leiab aga ka omas\u00f5nalisi vasteid v\u00f5\u00f5rs\u00f5nadele, mida siiski laiemalt kasutusele ei v\u00f5etud. Proovi lause konteksti j\u00e4rgi asendada Veski-Karlssoni uudissonad tavap\u00e4raste v\u00f5\u00f5rs\u00f5nade v\u00f5i omas\u00f5nadega.<\/b><\/p>\n<p style=\"text-align: justify;\">Viimasel hetkel leidus s\u00fc\u00fcdistatu <b>mujalut<\/b> \u2026\u2026\u2026\u2026\u2026\u2026\u2026\u2026\u2026 kinnitav tunnistaja. Korvpallimeeskond <b>\u00fclev\u00f5imas<\/b> \u2026\u2026\u2026\u2026\u2026\u2026\u2026\u2026\u2026\u2026.. koduv\u00e4ljakul vastase \u00fcle m\u00e4ngu algusest peale. V\u00e4hemusrahvuse kultuuri<b>omaseaduslus<\/b> \u2026\u2026\u2026\u2026\u2026\u2026\u2026\u2026\u2026\u2026\u2026\u2026\u2026\u2026\u2026\u2026\u2026 on v\u00e4hemusrahvusse kuuluvate isikute \u00f5igus moodustada kultuuriomavalitsusi neile p\u00f5hiseadusega antud kultuurialaste \u00f5iguste teostamiseks. Probleemi l\u00e4hemaks uurimiseks moodustati <b>oskurite<\/b> \u2026\u2026\u2026\u2026\u2026\u2026\u2026\u2026\u2026\u2026\u2026\u2026\u2026\u2026komisjon. Klassikaliste keelte tunnid olid keskkoolis <b>v\u00f5idavad<\/b> \u2026\u2026\u2026\u2026\u2026\u2026\u2026\u2026\u2026\u2026\u2026\u2026\u2026\u2026, mitte kohustuslikud. Teose uudisv\u00e4ljaanne on varustatud t\u00f5lkija <b>seletistega<\/b> \u2026\u2026\u2026\u2026\u2026\u2026\u2026\u2026\u2026\u2026\u2026\u2026\u2026\u2026\u2026\u2026\u2026.. Kost\u00fc\u00fcmid m\u00f5tlesid v\u00e4lja esinejad ise, l\u00f5iked <b>tarindati<\/b> \u2026\u2026\u2026\u2026\u2026\u2026\u2026\u2026\u2026\u2026\u2026\u2026\u2026\u2026.. Baltika Tailoris. V\u00e4itluses suutis mu <b>vastleja<\/b> \u2026\u2026\u2026\u2026\u2026\u2026\u2026\u2026\u2026\u2026\u2026\u2026\u2026\u2026\u2026\u2026mind algul k\u00f5igutada, kuid tabasin peagi, et \u00fcks tema argument on puhas <b>luisend<\/b> \u2026\u2026\u2026\u2026\u2026\u2026\u2026\u2026\u2026\u2026\u2026\u2026\u2026\u2026. Kallis \u0161ampoon ei andnud esimese kasutuskorra j\u00e4rel sugugi pakendil lubatud <b>t\u00f5htu<\/b> \u2026\u2026\u2026\u2026\u2026\u2026\u2026\u2026\u2026\u2026\u2026\u2026\u2026\u2026\u2026\u2026.. Mul oli juhataja koha saamiseks \u00f5ige head <b>lootmed<\/b> \u2026\u2026\u2026\u2026\u2026\u2026\u2026\u2026\u2026\u2026\u2026\u2026\u2026\u2026\u2026\u2026\u2026\u2026\u2026, aga \u00fcks kurikaval kolleeg suutis selle oma <b>v\u00f5rgenditega<\/b> \u2026\u2026\u2026\u2026\u2026\u2026\u2026\u2026\u2026\u2026\u2026\u2026\u2026\u2026\u2026\u2026\u2026\u2026\u2026 nurjata.<\/p>\n<p style=\"text-align: justify;\">\n<\/p><p>2018<\/p>\n<p>vanem<\/p>\n<p>l\u00f5ppvoor<\/p>\n<p><a href=\"https:\/\/sisu.ut.ee\/keeleylesanded\/j-v-veski-ja-f-karlssoni-uudissonad-vastus\/\">Vastus<\/a><\/p>\n","protected":false},"excerpt":{"rendered":"<p>Eesti \u00f5iguskeele arengus on v\u00e4ga t\u00e4htsal kohal J. V. Veski ja F. Karlssoni \u201e\u00d5igusteaduse s\u00f5nastik\u201c aastast 1934. Paljugi seal leiduvaid s\u00f5nu on meil igap\u00e4evases k\u00e4ibes, nt andmed, elamu, kogus, m\u00e4rkmik jne. Sealt leiab aga ka omas\u00f5nalisi vasteid v\u00f5\u00f5rs\u00f5nadele, mida siiski &#8230;<\/p>\n","protected":false},"author":185,"featured_media":0,"parent":0,"menu_order":0,"comment_status":"closed","ping_status":"closed","template":"","meta":{"_acf_changed":false,"inline_featured_image":false,"footnotes":""},"class_list":["post-301","page","type-page","status-publish","hentry"],"acf":[],"_links":{"self":[{"href":"https:\/\/sisu.ut.ee\/keeleylesanded\/wp-json\/wp\/v2\/pages\/301","targetHints":{"allow":["GET"]}}],"collection":[{"href":"https:\/\/sisu.ut.ee\/keeleylesanded\/wp-json\/wp\/v2\/pages"}],"about":[{"href":"https:\/\/sisu.ut.ee\/keeleylesanded\/wp-json\/wp\/v2\/types\/page"}],"author":[{"embeddable":true,"href":"https:\/\/sisu.ut.ee\/keeleylesanded\/wp-json\/wp\/v2\/users\/185"}],"replies":[{"embeddable":true,"href":"https:\/\/sisu.ut.ee\/keeleylesanded\/wp-json\/wp\/v2\/comments?post=301"}],"version-history":[{"count":2,"href":"https:\/\/sisu.ut.ee\/keeleylesanded\/wp-json\/wp\/v2\/pages\/301\/revisions"}],"predecessor-version":[{"id":1840,"href":"https:\/\/sisu.ut.ee\/keeleylesanded\/wp-json\/wp\/v2\/pages\/301\/revisions\/1840"}],"wp:attachment":[{"href":"https:\/\/sisu.ut.ee\/keeleylesanded\/wp-json\/wp\/v2\/media?parent=301"}],"curies":[{"name":"wp","href":"https:\/\/api.w.org\/{rel}","templated":true}]}}