{"id":291,"date":"2024-04-04T05:03:47","date_gmt":"2024-04-04T02:03:47","guid":{"rendered":"https:\/\/sisu.ut.ee\/keeleylesanded\/uudise-keel-ja-stiil\/"},"modified":"2024-11-29T13:21:39","modified_gmt":"2024-11-29T11:21:39","slug":"uudise-keel-ja-stiil","status":"publish","type":"page","link":"https:\/\/sisu.ut.ee\/keeleylesanded\/uudise-keel-ja-stiil\/","title":{"rendered":"Uudise keel ja stiil"},"content":{"rendered":"<div style=\"text-align: justify;\"><strong>P\u00e4evalehtede uudistelt eeldatakse neutraalset stiili ja kirjakeele normingutele\u00a0vastavat keelekasutust. J\u00e4rgmises uudisloos on kasutatud ka selliseid keelendeid, mis ei\u00a0ole stiililiselt v\u00f5i \u00f5igekeelsuslikult aktsepteeritavad. Leidke tekstist niisugused\u00a0s\u00f5nad\/vormid,\u00a0kirjutage need punktiirjoontele ja esitage keelendi k\u00f5rval oma\u00a0parandus.\u00a0<\/strong><\/div>\n<div><\/div>\n<div><strong>Taudivaktsiin l\u00f5i metsaelu segamini<\/strong><\/div>\n<div style=\"text-align: justify;\">Metsamehed, j\u00e4\u00e4grid ja loomauurijad, kelle seas,,marutaudivaktsiin\u201d on\u00a0omamoodi s\u00f5imus\u00f5naks muutunud, m\u00f6\u00f6navad pead vangutades, et Veterinaarja\u00a0Toiduameti algatusel viimase viie aastajooksul Eesti metsadesse k\u00fclvatud\u00a0vaktsiinipalad on toonud metsaellu suuri ja mittesugugi aint positiivseid\u00a0muutusi.<\/div>\n<div style=\"text-align: justify;\">Jarna sai alguse sellest, et suukaudse vaktsineerimise t\u00f5ttu muutusid selle\u00a0sihtliikideks olevad k\u00e4hrikud ja rebased marutaudi suhtes\u00a0immuunseks.\u00a0Sellet\u00f5ttu hakkasid nii k\u00e4hrikude kui ka rebaste arvukust iseloomustavad\u00a0n\u00e4itajad hoogsalt kerkima. Asurkonna vingest kasvust annavad aimu aastased\u00a0k\u00fcttimisarvud. Eestis tegelt v\u00f5\u00f5rliigi staatuses loomade arvukuse k\u00f5ver on\u00a0viimast viite-kuute aastat arvestades t\u00f5usnud enam-v\u00e4hem p\u00fcstloodis. Kuigi\u00a0kiihrikuid k\u00fctitakse praegult varasemast kolm ja rebaseid kaks korda rohkem,\u00a0pole suudetud nende arvukuse kasvu ikkagist pidurdada.<\/div>\n<div style=\"text-align: justify;\">Marutaudi asemel on loomade seas hakkanud massiliselt vohama\u00a0k\u00e4rnt\u00f5vi, mis muudab loomad kas \u00fcleni v\u00f5i laiguti karvutuks. Jahimehed\u00a0n\u00e4evad sellest aeglaselt ja piinarikkalt surrnavast seenhaigusest puretud v\u00e4ga\u00a0v\u00f5iga v\u00e4limusega loomi k\u00f5ikjal meie metsades.<\/div>\n<div style=\"text-align: justify;\">J\u00f5gevamaal k\u00fctiametit pidav V.S. m\u00f6\u00f6nas, et hiljuti lastud k\u00fcmnest\u00a0k\u00e4hrikust oli vaid kaks k\u00e4rnt\u00f5vest puutumata. Metsloomadel leidub muidki\u00a0v\u00e4ga ohtlikuid parasiite, n\u00e4iteks ehhinokokk-paeluss. Tegu on k\u00fcmne\u00a0sentimeetri pikkuste, enamjaolt koerlaste soolestikus elavate ussidega, kes on\u00a0ohtlikemad ka inimesele. Kellegil ei ole v\u00f5imalik end otseselt seda t\u00fc\u00fcpi\u00a0nakkuse eest kaitsta. Viimasel ajal \u00fclesse kerkinud probleemi on k\u00e4sitletud ka\u00a0telekas ja raadios, n\u00fc\u00fcd j\u00e4\u00e4b \u00fcle loota k\u00fcttide ja loomakaitsjate teadlikkusele.\u00a0Riigimetsa majandamise keskus on juba taodelnud v\u00f5imalust k\u00fcttida rohkem\u00a0rebaseid ja k\u00e4hrikuid, kelle eluiga marutaudivaktsiin on m\u00e4rgatavaIt\u00a0pikendanud.<\/div>\n<div>\n<table class=\"table table-hover\" style=\"width: 500px;\" border=\"0\" cellspacing=\"1\" cellpadding=\"1\">\n<thead>\n<tr>\n<th scope=\"col\">Sobimatu s\u00f5na\/vorm<\/th>\n<th scope=\"col\">Parandatud s\u00f5na\/vorm<\/th>\n<\/tr>\n<\/thead>\n<tbody>\n<tr>\n<td style=\"text-align: center;\">\u00a0\u2026\u2026\u2026\u2026\u2026\u2026\u2026\u2026\u2026\u2026\u2026\u2026\u2026.<\/td>\n<td style=\"text-align: center;\">\u00a0\u2026\u2026\u2026\u2026\u2026\u2026\u2026\u2026\u2026\u2026\u2026\u2026\u2026.<\/td>\n<\/tr>\n<tr>\n<td style=\"text-align: center;\">\u00a0\u2026\u2026\u2026\u2026\u2026\u2026\u2026\u2026\u2026\u2026\u2026\u2026\u2026.<\/td>\n<td style=\"text-align: center;\">\u00a0\u2026\u2026\u2026\u2026\u2026\u2026\u2026\u2026\u2026\u2026\u2026\u2026\u2026.<\/td>\n<\/tr>\n<tr>\n<td style=\"text-align: center;\">\u00a0\u2026\u2026\u2026\u2026\u2026\u2026\u2026\u2026\u2026\u2026\u2026\u2026\u2026.<\/td>\n<td style=\"text-align: center;\">\u00a0\u2026\u2026\u2026\u2026\u2026\u2026\u2026\u2026\u2026\u2026\u2026\u2026\u2026.<\/td>\n<\/tr>\n<tr>\n<td style=\"text-align: center;\">\u00a0\u2026\u2026\u2026\u2026\u2026\u2026\u2026\u2026\u2026\u2026\u2026\u2026\u2026.<\/td>\n<td style=\"text-align: center;\">\u00a0\u2026\u2026\u2026\u2026\u2026\u2026\u2026\u2026\u2026\u2026\u2026\u2026\u2026.<\/td>\n<\/tr>\n<tr>\n<td style=\"text-align: center;\">\u00a0\u2026\u2026\u2026\u2026\u2026\u2026\u2026\u2026\u2026\u2026\u2026\u2026\u2026.<\/td>\n<td style=\"text-align: center;\">\u00a0\u2026\u2026\u2026\u2026\u2026\u2026\u2026\u2026\u2026\u2026\u2026\u2026\u2026.<\/td>\n<\/tr>\n<tr>\n<td><\/td>\n<td><\/td>\n<\/tr>\n<tr>\n<td><\/td>\n<td><\/td>\n<\/tr>\n<tr>\n<td><\/td>\n<td><\/td>\n<\/tr>\n<tr>\n<td><\/td>\n<td><\/td>\n<\/tr>\n<tr>\n<td><\/td>\n<td><\/td>\n<\/tr>\n<tr>\n<td><\/td>\n<td><\/td>\n<\/tr>\n<tr>\n<td><\/td>\n<td><\/td>\n<\/tr>\n<tr>\n<td><\/td>\n<td><\/td>\n<\/tr>\n<tr>\n<td><\/td>\n<td><\/td>\n<\/tr>\n<tr>\n<td><\/td>\n<td><\/td>\n<\/tr>\n<tr>\n<td><\/td>\n<td><\/td>\n<\/tr>\n<tr>\n<td><\/td>\n<td><\/td>\n<\/tr>\n<tr>\n<td><\/td>\n<td><\/td>\n<\/tr>\n<tr>\n<td><\/td>\n<td><\/td>\n<\/tr>\n<\/tbody>\n<\/table>\n<p>2010<\/p>\n<p>keskmine<\/p>\n<p>piirkonnavoor<\/p>\n<p><a href=\"https:\/\/sisu.ut.ee\/keeleylesanded\/uudise-keel-ja-stiil-vastus\/\">Vastus<\/a><\/p>\n<\/div>\n","protected":false},"excerpt":{"rendered":"<p>P\u00e4evalehtede uudistelt eeldatakse neutraalset stiili ja kirjakeele normingutele\u00a0vastavat keelekasutust. J\u00e4rgmises uudisloos on kasutatud ka selliseid keelendeid, mis ei\u00a0ole stiililiselt v\u00f5i \u00f5igekeelsuslikult aktsepteeritavad. Leidke tekstist niisugused\u00a0s\u00f5nad\/vormid,\u00a0kirjutage need punktiirjoontele ja esitage keelendi k\u00f5rval oma\u00a0parandus.\u00a0 Taudivaktsiin l\u00f5i metsaelu segamini Metsamehed, j\u00e4\u00e4grid ja loomauurijad, &#8230;<\/p>\n","protected":false},"author":185,"featured_media":0,"parent":0,"menu_order":0,"comment_status":"closed","ping_status":"closed","template":"","meta":{"_acf_changed":false,"inline_featured_image":false,"footnotes":""},"class_list":["post-291","page","type-page","status-publish","hentry"],"acf":[],"_links":{"self":[{"href":"https:\/\/sisu.ut.ee\/keeleylesanded\/wp-json\/wp\/v2\/pages\/291","targetHints":{"allow":["GET"]}}],"collection":[{"href":"https:\/\/sisu.ut.ee\/keeleylesanded\/wp-json\/wp\/v2\/pages"}],"about":[{"href":"https:\/\/sisu.ut.ee\/keeleylesanded\/wp-json\/wp\/v2\/types\/page"}],"author":[{"embeddable":true,"href":"https:\/\/sisu.ut.ee\/keeleylesanded\/wp-json\/wp\/v2\/users\/185"}],"replies":[{"embeddable":true,"href":"https:\/\/sisu.ut.ee\/keeleylesanded\/wp-json\/wp\/v2\/comments?post=291"}],"version-history":[{"count":2,"href":"https:\/\/sisu.ut.ee\/keeleylesanded\/wp-json\/wp\/v2\/pages\/291\/revisions"}],"predecessor-version":[{"id":2023,"href":"https:\/\/sisu.ut.ee\/keeleylesanded\/wp-json\/wp\/v2\/pages\/291\/revisions\/2023"}],"wp:attachment":[{"href":"https:\/\/sisu.ut.ee\/keeleylesanded\/wp-json\/wp\/v2\/media?parent=291"}],"curies":[{"name":"wp","href":"https:\/\/api.w.org\/{rel}","templated":true}]}}