{"id":282,"date":"2024-04-04T05:03:47","date_gmt":"2024-04-04T02:03:47","guid":{"rendered":"https:\/\/sisu.ut.ee\/keeleylesanded\/lauseluhendid-ja-kirjavahemargid\/"},"modified":"2024-11-29T10:37:41","modified_gmt":"2024-11-29T08:37:41","slug":"lauseluhendid-ja-kirjavahemargid","status":"publish","type":"page","link":"https:\/\/sisu.ut.ee\/keeleylesanded\/lauseluhendid-ja-kirjavahemargid\/","title":{"rendered":"Lausel\u00fchendid ja kirjavahem\u00e4rgid"},"content":{"rendered":"<p style=\"margin: 0cm 0cm 8.0pt 0cm;\"><b><span style=\"color: black;\">Lisa lausetesse kirjavahem\u00e4rgid. Moodusta k\u00f5rvallausete p\u00f5hjal neli lausel\u00fchendit, millest iga\u00fches oleks kasutatud erinevat verbi k\u00e4\u00e4ndelist vormi. <\/span><\/b><\/p>\n<p style=\"margin: 0cm 0cm 8.0pt 0cm;\"><b>N\u00e4ide: tarkvara uus versioon, mida nii kaua on oodatud \u2013 tarkvara nii kaua oodatud uus versioon<\/b><\/p>\n<p style=\"margin: 0cm 0cm 8.0pt 0cm;\">\n<\/p><p style=\"margin: 0cm 0cm 8.0pt 0cm;\">Tere armas t\u00f6\u00f6pere<\/p>\n<p style=\"margin: 0cm 0cm 8.0pt 0cm;\"><span style=\"color: black;\">\u00d5nnitlen\u00a0 k\u00f5iki\u00a0 sest\u00a0 valmis\u00a0 on\u00a0 saanud\u00a0 tarkvara\u00a0 uus\u00a0 versioon\u00a0 mida\u00a0 nii\u00a0 kaua\u00a0 on\u00a0 oodatud.\u00a0 Kuigi\u00a0 ma\u00a0 ei\u00a0 taha\u00a0 kedagi\u00a0 eraldi\u00a0 esile\u00a0 tuua\u00a0 k\u00f5ik\u00a0 olid\u00a0 v\u00e4ga\u00a0 tublid\u00a0 pean\u00a0 siiski\u00a0 mainima\u00a0 anal\u00fc\u00fcsiosakonda\u00a0 kes\u00a0 \u00f5ppis\u00a0 eelmisest\u00a0 korrast\u00a0 ja\u00a0 t\u00f6\u00f6tas\u00a0 \u00fclehelikiirusel\u00a0 et\u00a0 anda\u00a0 arendajatele\u00a0 materjal\u00a0 mille\u00a0 najal\u00a0 parandusi\u00a0 teha.\u00a0 Arendajad\u00a0 aga\u00a0 p\u00fcstitasid\u00a0 rekordi\u00a0 kui\u00a0 said\u00a0 k\u00f5ik\u00a0 valmis\u00a0 isegi\u00a0 kolm\u00a0 p\u00e4eva\u00a0 enne\u00a0 t\u00e4htaega.\u00a0 Nii\u00a0 saame\u00a0 l\u00f5puks\u00a0 r\u00f5\u00f5mustada\u00a0 ka\u00a0 oma\u00a0 kliente\u00a0 kes\u00a0 siin\u00a0 vahepeal\u00a0 tehnilise\u00a0 toe\u00a0 postkasti\u00a0 ummistasid\u00a0 kirjadega\u00a0 milles\u00a0 \u00e4hvardasid\u00a0 konkurendi\u00a0 juurde\u00a0 minna ja salongide klienditeenindajaid oma k\u00fcsimustega hulluks ajama kippusid.\u00a0 <\/span><\/p>\n<p style=\"margin: 0cm 0cm 8.0pt 0cm;\">K\u00f5igile v\u00e4ga t\u00e4nulik<\/p>\n<p>tootejuht Talvi<\/p>\n<ol>\n<li>\n<\/ol>\n<p style=\"margin-left: 18.0pt;\">\n<\/p><p style=\"margin-left: 18.0pt;\">2.<\/p>\n<p style=\"margin-left: 18.0pt;\">\n<\/p><p style=\"margin-left: 18.0pt;\">3.<\/p>\n<p style=\"margin-left: 18.0pt;\">\n<\/p><p style=\"margin-left: 18.0pt;\">4.<\/p>\n<p style=\"margin-left: 18.0pt;\">\n<\/p><p style=\"margin-left: 18.0pt;\">2018<\/p>\n<p style=\"margin-left: 18.0pt;\">vanem<\/p>\n<p style=\"margin-left: 18.0pt;\">piirkonnavoor<\/p>\n<p><a href=\"https:\/\/sisu.ut.ee\/keeleylesanded\/lauseluhendid-ja-kirjavahemargid-vastus\/\">Vastus<\/a><\/p>\n","protected":false},"excerpt":{"rendered":"<p>Lisa lausetesse kirjavahem\u00e4rgid. Moodusta k\u00f5rvallausete p\u00f5hjal neli lausel\u00fchendit, millest iga\u00fches oleks kasutatud erinevat verbi k\u00e4\u00e4ndelist vormi. N\u00e4ide: tarkvara uus versioon, mida nii kaua on oodatud \u2013 tarkvara nii kaua oodatud uus versioon Tere armas t\u00f6\u00f6pere \u00d5nnitlen\u00a0 k\u00f5iki\u00a0 sest\u00a0 valmis\u00a0 on\u00a0 &#8230;<\/p>\n","protected":false},"author":185,"featured_media":0,"parent":0,"menu_order":0,"comment_status":"closed","ping_status":"closed","template":"","meta":{"_acf_changed":false,"inline_featured_image":false,"footnotes":""},"class_list":["post-282","page","type-page","status-publish","hentry"],"acf":[],"_links":{"self":[{"href":"https:\/\/sisu.ut.ee\/keeleylesanded\/wp-json\/wp\/v2\/pages\/282","targetHints":{"allow":["GET"]}}],"collection":[{"href":"https:\/\/sisu.ut.ee\/keeleylesanded\/wp-json\/wp\/v2\/pages"}],"about":[{"href":"https:\/\/sisu.ut.ee\/keeleylesanded\/wp-json\/wp\/v2\/types\/page"}],"author":[{"embeddable":true,"href":"https:\/\/sisu.ut.ee\/keeleylesanded\/wp-json\/wp\/v2\/users\/185"}],"replies":[{"embeddable":true,"href":"https:\/\/sisu.ut.ee\/keeleylesanded\/wp-json\/wp\/v2\/comments?post=282"}],"version-history":[{"count":2,"href":"https:\/\/sisu.ut.ee\/keeleylesanded\/wp-json\/wp\/v2\/pages\/282\/revisions"}],"predecessor-version":[{"id":1883,"href":"https:\/\/sisu.ut.ee\/keeleylesanded\/wp-json\/wp\/v2\/pages\/282\/revisions\/1883"}],"wp:attachment":[{"href":"https:\/\/sisu.ut.ee\/keeleylesanded\/wp-json\/wp\/v2\/media?parent=282"}],"curies":[{"name":"wp","href":"https:\/\/api.w.org\/{rel}","templated":true}]}}