{"id":278,"date":"2024-04-04T05:03:46","date_gmt":"2024-04-04T02:03:46","guid":{"rendered":"https:\/\/sisu.ut.ee\/keeleylesanded\/uudissonade-saamine-0\/"},"modified":"2024-11-29T13:24:11","modified_gmt":"2024-11-29T11:24:11","slug":"uudissonade-saamine-0","status":"publish","type":"page","link":"https:\/\/sisu.ut.ee\/keeleylesanded\/uudissonade-saamine-0\/","title":{"rendered":"Uudiss\u00f5nade saamine"},"content":{"rendered":"<div class=\"field field-name-body field-type-text-with-summary field-label-hidden\">\n<div class=\"field-items\">\n<div class=\"field-item even\">\n<div>\n<p style=\"margin: 0cm 0cm 8.0pt 0cm;\"><b><span style=\"color: black;\">Maire Raadiku raamatusse \u201eUudiss\u00f5nu uue aastatuhande algusest\u201c on kogutud \u00d5S 2006 ja \u00d5S 2013 uued s\u00f5nad. Kirjuta iga s\u00f5na j\u00e4rele, kuidas see on saadud. <\/span><\/b><\/p>\n<p style=\"margin: 0cm 0cm 8.0pt 0cm;\"><b><span style=\"color: black;\">N\u00e4ide: vipp \u2013 mugandatud suurt\u00e4htl\u00fchendist VIP<\/span><\/b><\/p>\n<\/div>\n<p style=\"margin: 0cm 0cm 8.0pt 0cm;\"><a id=\"_Hlk504130097\" name=\"_Hlk504130097\"><\/a><span style=\"color: black;\">guugeldama<\/span><\/p>\n<p style=\"margin: 0cm 0cm 8.0pt 0cm;\"><span style=\"color: black;\">itimees<\/span><\/p>\n<p style=\"margin: 0cm 0cm 8.0pt 0cm;\"><span style=\"color: black;\">kroksid<\/span><\/p>\n<p style=\"margin: 0cm 0cm 8.0pt 0cm;\"><span style=\"color: black;\">luhvel<\/span><\/p>\n<p style=\"margin: 0cm 0cm 8.0pt 0cm;\"><span style=\"color: black;\">masu<\/span><\/p>\n<p style=\"margin: 0cm 0cm 8.0pt 0cm;\"><span style=\"color: black;\">mepp<\/span><\/p>\n<p style=\"margin: 0cm 0cm 8.0pt 0cm;\"><span style=\"color: black;\">pranglima<\/span><\/p>\n<p style=\"margin: 0cm 0cm 8.0pt 0cm;\"><span style=\"color: black;\">skaipima<\/span><\/p>\n<p style=\"margin: 0cm 0cm 8.0pt 0cm;\"><span style=\"color: black;\">spaa<\/span><\/p>\n<p style=\"margin: 0cm 0cm 8.0pt 0cm;\"><span style=\"color: black;\">tuugen<\/span><\/p>\n<p style=\"margin: 0cm 0cm 8.0pt 0cm;\">\n<\/p><p style=\"margin: 0cm 0cm 8.0pt 0cm;\">2018<\/p>\n<p style=\"margin: 0cm 0cm 8.0pt 0cm;\">vanem<\/p>\n<p style=\"margin: 0cm 0cm 8.0pt 0cm;\">piirkonnavoor<\/p>\n<p><a href=\"https:\/\/sisu.ut.ee\/keeleylesanded\/uudissonade-saamine-vastus\/\">Vastus<\/a><\/p>\n<\/div>\n<\/div>\n<\/div>\n","protected":false},"excerpt":{"rendered":"<p>Maire Raadiku raamatusse \u201eUudiss\u00f5nu uue aastatuhande algusest\u201c on kogutud \u00d5S 2006 ja \u00d5S 2013 uued s\u00f5nad. Kirjuta iga s\u00f5na j\u00e4rele, kuidas see on saadud. N\u00e4ide: vipp \u2013 mugandatud suurt\u00e4htl\u00fchendist VIP guugeldama itimees kroksid luhvel masu mepp pranglima skaipima spaa tuugen &#8230;<\/p>\n","protected":false},"author":185,"featured_media":0,"parent":0,"menu_order":0,"comment_status":"closed","ping_status":"closed","template":"","meta":{"_acf_changed":false,"inline_featured_image":false,"footnotes":""},"class_list":["post-278","page","type-page","status-publish","hentry"],"acf":[],"_links":{"self":[{"href":"https:\/\/sisu.ut.ee\/keeleylesanded\/wp-json\/wp\/v2\/pages\/278","targetHints":{"allow":["GET"]}}],"collection":[{"href":"https:\/\/sisu.ut.ee\/keeleylesanded\/wp-json\/wp\/v2\/pages"}],"about":[{"href":"https:\/\/sisu.ut.ee\/keeleylesanded\/wp-json\/wp\/v2\/types\/page"}],"author":[{"embeddable":true,"href":"https:\/\/sisu.ut.ee\/keeleylesanded\/wp-json\/wp\/v2\/users\/185"}],"replies":[{"embeddable":true,"href":"https:\/\/sisu.ut.ee\/keeleylesanded\/wp-json\/wp\/v2\/comments?post=278"}],"version-history":[{"count":3,"href":"https:\/\/sisu.ut.ee\/keeleylesanded\/wp-json\/wp\/v2\/pages\/278\/revisions"}],"predecessor-version":[{"id":2028,"href":"https:\/\/sisu.ut.ee\/keeleylesanded\/wp-json\/wp\/v2\/pages\/278\/revisions\/2028"}],"wp:attachment":[{"href":"https:\/\/sisu.ut.ee\/keeleylesanded\/wp-json\/wp\/v2\/media?parent=278"}],"curies":[{"name":"wp","href":"https:\/\/api.w.org\/{rel}","templated":true}]}}