{"id":27,"date":"2024-04-04T05:03:23","date_gmt":"2024-04-04T02:03:23","guid":{"rendered":"https:\/\/sisu.ut.ee\/keeleylesanded\/fraseologismid-1\/"},"modified":"2024-11-28T23:23:29","modified_gmt":"2024-11-28T21:23:29","slug":"fraseologismid-1","status":"publish","type":"page","link":"https:\/\/sisu.ut.ee\/keeleylesanded\/fraseologismid-1\/","title":{"rendered":"Fraseologismid (I)"},"content":{"rendered":"<div class=\"WordSection1\">\n<p><b>Fraseologism on laialt k\u00e4ibiv s\u00f5nade p\u00fcsi\u00fchend, mille osad kuuluvad t\u00e4henduslikult kokku ning mis on harilikult metafoorne, nt <i>h\u00e4rjal sarvist haarama \u2019energiliselt tegutsema hakkama\u2019. <\/i>Vali pakutute seast \u00f5ige fraseologism ja kirjuta see punktjoonele.<\/b><\/p>\n<ol>\n<li>kompromiss \u2026\u2026\u2026\u2026\u2026\u2026\u2026\u2026\u2026\u2026\u2026\u2026\u2026\u2026\u2026\u2026\u2026\u2026\u2026\u2026\u2026\u2026\u2026..<\/li>\n<li>\u00e4ravahetamiseni sarnased \u2026\u2026\u2026\u2026\u2026\u2026\u2026\u2026\u2026\u2026\u2026\u2026\u2026\u2026\u2026\u2026\u2026\u2026\u2026\u2026\u2026\u2026\u2026..<\/li>\n<li>ei \u00f6elnud \u00fchtegi s\u00f5na \u2026\u2026\u2026\u2026\u2026\u2026\u2026\u2026\u2026\u2026\u2026\u2026\u2026\u2026\u2026\u2026\u2026\u2026\u2026\u2026\u2026\u2026\u2026..<\/li>\n<li>noorem \u00f5petab vanemat \u2026\u2026\u2026\u2026\u2026\u2026\u2026\u2026\u2026\u2026\u2026\u2026\u2026\u2026\u2026\u2026\u2026\u2026\u2026\u2026\u2026\u2026\u2026..<\/li>\n<li>kaude, mitte otse \u00fctlema \u2026\u2026\u2026\u2026\u2026\u2026\u2026\u2026\u2026\u2026\u2026\u2026\u2026\u2026\u2026\u2026\u2026\u2026\u2026\u2026\u2026\u2026\u2026..<\/li>\n<li>arengu algstaadiumis olema \u2026\u2026\u2026\u2026\u2026\u2026\u2026\u2026\u2026\u2026\u2026\u2026\u2026\u2026\u2026\u2026\u2026\u2026\u2026\u2026\u2026\u2026\u2026..<\/li>\n<li>teenele teenega vastama \u2026\u2026\u2026\u2026\u2026\u2026\u2026\u2026\u2026\u2026\u2026\u2026\u2026\u2026\u2026\u2026\u2026\u2026\u2026\u2026\u2026\u2026\u2026..<\/li>\n<li>suurt t\u00e4helepanu \u00e4ratama, furoori tekitama \u2026\u2026\u2026\u2026\u2026\u2026\u2026\u2026\u2026\u2026\u2026\u2026\u2026\u2026\u2026\u2026\u2026\u2026\u2026\u2026\u2026\u2026\u2026..<\/li>\n<li>tantsima \u2026\u2026\u2026\u2026\u2026\u2026\u2026\u2026\u2026\u2026\u2026\u2026\u2026\u2026\u2026\u2026\u2026\u2026\u2026\u2026\u2026\u2026\u2026..<\/li>\n<li>kirjutatu v\u00f5i \u00f6eldu varjatud m\u00f5tet v\u00e4lja lugema \u2026\u2026\u2026\u2026\u2026\u2026\u2026\u2026\u2026\u2026\u2026\u2026\u2026\u2026\u2026\u2026\u2026\u2026\u2026\u2026\u2026\u2026\u2026..<\/li>\n<\/ol>\n<\/div>\n<div class=\"WordSection2\">\n<p><i>sarvi tegema<\/i><\/p>\n<p><i>nagu mustlase tulekahju<\/i><\/p>\n<p><i>vaid kui sukk<\/i><\/p>\n<p><i>laineid l\u00f6\u00f6ma<\/i><\/p>\n<p><i>k\u00e4si peseb k\u00e4tt<\/i><\/p>\n<p><i>ei p\u00fcsi pudeliski paigal<\/i><\/p>\n<p><i>kuldne kesktee<\/i><\/p>\n<p><i>s\u00fcda tilgub verd<\/i><\/p>\n<p><i>nahka turule viima<\/i><\/p>\n<p><i>ajusid liigutama<\/i><\/p>\n<p><i>nagu lepase reega<\/i><\/p>\n<p><i>alles lapsekingades<\/i><\/p>\n<p><i>pehmeks r\u00e4\u00e4kima<\/i><\/p>\n<p><i>kops l\u00e4heb \u00fcle maksa<\/i><\/p>\n<p><i>ajab k\u00e4rbseid p\u00e4he<\/i><\/p>\n<p><i>nagu kana takus<\/i><\/p>\n<p><i>ridade vahelt lugema<\/i><\/p>\n<p><i>loorbereid l\u00f5ikama<\/i><\/p>\n<p><i>jalga keerutama<\/i><\/p>\n<p><i>nagu kaks tilka vett<\/i><\/p>\n<p><i>muna \u00f5petab kana<\/i><\/p>\n<p><i>l\u00e4bi lillede<\/i><\/p>\n<p><i>2010<\/i><\/p>\n<p>noorem<\/p>\n<p>piirkonnavoor<\/p>\n<\/div>\n<p><a href=\"https:\/\/sisu.ut.ee\/keeleylesanded\/fraseologismid-vastus-1\/\">Vastus<\/a><\/p>\n","protected":false},"excerpt":{"rendered":"<p>Fraseologism on laialt k\u00e4ibiv s\u00f5nade p\u00fcsi\u00fchend, mille osad kuuluvad t\u00e4henduslikult kokku ning mis on harilikult metafoorne, nt h\u00e4rjal sarvist haarama \u2019energiliselt tegutsema hakkama\u2019. Vali pakutute seast \u00f5ige fraseologism ja kirjuta see punktjoonele. kompromiss \u2026\u2026\u2026\u2026\u2026\u2026\u2026\u2026\u2026\u2026\u2026\u2026\u2026\u2026\u2026\u2026\u2026\u2026\u2026\u2026\u2026\u2026\u2026.. \u00e4ravahetamiseni sarnased \u2026\u2026\u2026\u2026\u2026\u2026\u2026\u2026\u2026\u2026\u2026\u2026\u2026\u2026\u2026\u2026\u2026\u2026\u2026\u2026\u2026\u2026\u2026.. ei \u00f6elnud \u00fchtegi &#8230;<\/p>\n","protected":false},"author":185,"featured_media":0,"parent":0,"menu_order":0,"comment_status":"closed","ping_status":"closed","template":"","meta":{"_acf_changed":false,"inline_featured_image":false,"footnotes":""},"class_list":["post-27","page","type-page","status-publish","hentry"],"acf":[],"_links":{"self":[{"href":"https:\/\/sisu.ut.ee\/keeleylesanded\/wp-json\/wp\/v2\/pages\/27","targetHints":{"allow":["GET"]}}],"collection":[{"href":"https:\/\/sisu.ut.ee\/keeleylesanded\/wp-json\/wp\/v2\/pages"}],"about":[{"href":"https:\/\/sisu.ut.ee\/keeleylesanded\/wp-json\/wp\/v2\/types\/page"}],"author":[{"embeddable":true,"href":"https:\/\/sisu.ut.ee\/keeleylesanded\/wp-json\/wp\/v2\/users\/185"}],"replies":[{"embeddable":true,"href":"https:\/\/sisu.ut.ee\/keeleylesanded\/wp-json\/wp\/v2\/comments?post=27"}],"version-history":[{"count":2,"href":"https:\/\/sisu.ut.ee\/keeleylesanded\/wp-json\/wp\/v2\/pages\/27\/revisions"}],"predecessor-version":[{"id":1830,"href":"https:\/\/sisu.ut.ee\/keeleylesanded\/wp-json\/wp\/v2\/pages\/27\/revisions\/1830"}],"wp:attachment":[{"href":"https:\/\/sisu.ut.ee\/keeleylesanded\/wp-json\/wp\/v2\/media?parent=27"}],"curies":[{"name":"wp","href":"https:\/\/api.w.org\/{rel}","templated":true}]}}