{"id":267,"date":"2024-04-04T05:03:45","date_gmt":"2024-04-04T02:03:45","guid":{"rendered":"https:\/\/sisu.ut.ee\/keeleylesanded\/luureruhma-sonum\/"},"modified":"2024-11-29T10:43:37","modified_gmt":"2024-11-29T08:43:37","slug":"luureruhma-sonum","status":"publish","type":"page","link":"https:\/\/sisu.ut.ee\/keeleylesanded\/luureruhma-sonum\/","title":{"rendered":"Luurer\u00fchma s\u00f5num"},"content":{"rendered":"<p style=\"margin-bottom: 10pt; text-align: justify;\"><span style=\"line-height: 115%;\"><b>M\u00e4gedes salajast informatsiooni kogunud luurer\u00fchm l\u00f5petas oma t\u00f6\u00f6. Andmed oli tarvis kiiresti kohale toimetada. R\u00fchmal oli mobiiltelefon, aga keskuses ei vastatud. Otsustati saata bossi mobiilile tekstis\u00f5num. R\u00fchmajuht koostas teksti, aga siis selgus, et see on liiga pikk \u2013 peale nimede mahtus s\u00f5numisse vaid 115 t\u00e4hem\u00e4rki. \u00dcheskoos suuseti s\u00f5num l\u00fchendad, ilma et selle sisu oleks muutunud. Allpool on toodud esialgne tekst. P\u00fc\u00fcdke ka teie seda l\u00fchendada, nii et tekst ei sisaldaks \u00fcle 115 m\u00e4rgi (iga t\u00e4ht, koma ja punkt on m\u00e4rk). Saadav tekst peab koosnema normaalsetest lausetest, selles ei tohi olla l\u00fchendeid, sl\u00e4ngis\u00f5nu ega v\u00e4ljaj\u00e4ttelist telegrammistiili. Lubatud on n\u00e4iteks osalausete asendamine samat\u00e4henduslike fraasidega, s\u00f5nade, vormid ja v\u00e4ljendite asendamine l\u00fchemate s\u00fcnon\u00fc\u00fcmidega jne. Teksti n\u00f5uetekohane l\u00fchendamine annab 10 punkti. Iga \u00fcle 115 piiri oleva m\u00e4rgi eest v\u00f5etakse 1 punkt v\u00e4hemaks.<\/b><\/span><\/p>\n<p style=\"margin-bottom: 10.0pt;\">\n<\/p><p style=\"margin-bottom: 10.0pt;\"><span style=\"line-height: 115%;\">TEKST (180 t\u00e4hem\u00e4rki)<\/span><\/p>\n<p style=\"margin-bottom: 10pt; text-align: justify;\"><span style=\"line-height: 115%;\">Selleks et garanteerida, et meie poolt kogutud informatsioon j\u00f5uaks \u00f5igeaegselt keskusesse, peate te meile helikopteri j\u00e4rele saatma. Teiste liiklusvahendite kasutamiseks pole sellel maastikul v\u00f5imalust.<\/span><\/p>\n<p style=\"margin-bottom: 10.0pt;\"><span style=\"line-height: 115%;\">L\u00dcHENDATUD TEKST (maksimaalselt 115 t\u00e4hem\u00e4rki)<\/span><\/p>\n<p>\u2026\u2026\u2026\u2026\u2026\u2026\u2026\u2026\u2026\u2026\u2026\u2026\u2026\u2026\u2026\u2026\u2026\u2026\u2026\u2026\u2026\u2026\u2026\u2026\u2026\u2026\u2026\u2026\u2026\u2026\u2026\u2026\u2026\u2026\u2026\u2026\u2026\u2026\u2026\u2026\u2026\u2026\u2026\u2026\u2026\u2026\u2026\u2026\u2026\u2026\u2026\u2026\u2026\u2026\u2026\u2026\u2026\u2026\u2026\u2026\u2026\u2026\u2026\u2026\u2026\u2026\u2026\u2026\u2026\u2026\u2026\u2026\u2026\u2026\u2026\u2026\u2026\u2026\u2026.<\/p>\n<p>2000<\/p>\n<p>vanem<\/p>\n<p>l\u00f5ppvoor<\/p>\n<p><a href=\"https:\/\/sisu.ut.ee\/keeleylesanded\/luureruhma-sonum-vastus-0\/\">Vastus<\/a><\/p>\n","protected":false},"excerpt":{"rendered":"<p>M\u00e4gedes salajast informatsiooni kogunud luurer\u00fchm l\u00f5petas oma t\u00f6\u00f6. Andmed oli tarvis kiiresti kohale toimetada. R\u00fchmal oli mobiiltelefon, aga keskuses ei vastatud. Otsustati saata bossi mobiilile tekstis\u00f5num. R\u00fchmajuht koostas teksti, aga siis selgus, et see on liiga pikk \u2013 peale nimede &#8230;<\/p>\n","protected":false},"author":185,"featured_media":0,"parent":0,"menu_order":0,"comment_status":"closed","ping_status":"closed","template":"","meta":{"_acf_changed":false,"inline_featured_image":false,"footnotes":""},"class_list":["post-267","page","type-page","status-publish","hentry"],"acf":[],"_links":{"self":[{"href":"https:\/\/sisu.ut.ee\/keeleylesanded\/wp-json\/wp\/v2\/pages\/267","targetHints":{"allow":["GET"]}}],"collection":[{"href":"https:\/\/sisu.ut.ee\/keeleylesanded\/wp-json\/wp\/v2\/pages"}],"about":[{"href":"https:\/\/sisu.ut.ee\/keeleylesanded\/wp-json\/wp\/v2\/types\/page"}],"author":[{"embeddable":true,"href":"https:\/\/sisu.ut.ee\/keeleylesanded\/wp-json\/wp\/v2\/users\/185"}],"replies":[{"embeddable":true,"href":"https:\/\/sisu.ut.ee\/keeleylesanded\/wp-json\/wp\/v2\/comments?post=267"}],"version-history":[{"count":2,"href":"https:\/\/sisu.ut.ee\/keeleylesanded\/wp-json\/wp\/v2\/pages\/267\/revisions"}],"predecessor-version":[{"id":1891,"href":"https:\/\/sisu.ut.ee\/keeleylesanded\/wp-json\/wp\/v2\/pages\/267\/revisions\/1891"}],"wp:attachment":[{"href":"https:\/\/sisu.ut.ee\/keeleylesanded\/wp-json\/wp\/v2\/media?parent=267"}],"curies":[{"name":"wp","href":"https:\/\/api.w.org\/{rel}","templated":true}]}}