{"id":223,"date":"2024-04-04T05:03:41","date_gmt":"2024-04-04T02:03:41","guid":{"rendered":"https:\/\/sisu.ut.ee\/keeleylesanded\/konekeel-ja-slang\/"},"modified":"2024-11-29T10:24:07","modified_gmt":"2024-11-29T08:24:07","slug":"konekeel-ja-slang","status":"publish","type":"page","link":"https:\/\/sisu.ut.ee\/keeleylesanded\/konekeel-ja-slang\/","title":{"rendered":"K\u00f5nekeel ja sl\u00e4ng"},"content":{"rendered":"<ol>\n<li>Mille kohta on \u00f6eldud <em>kauam\u00e4ngiv<\/em>? Kas see on 1) paks raamat, 2) viinapudel, 3) koolitund?<\/li>\n<li>Mille kohta on sl\u00e4ngis kasutatud v\u00e4ljendit <em>kummutit l\u00fckkama<\/em>? Kas see t\u00e4hendab 1) t\u00f6\u00f6d tegema, 2) kummutit l\u00fckkama, 3) tantsima?<\/li>\n<\/ol>\n<p><a href=\"https:\/\/sisu.ut.ee\/keeleylesanded\/konekeel-ja-slang-vastus\/\">Vastus<\/a><\/p>\n","protected":false},"excerpt":{"rendered":"<p>Mille kohta on \u00f6eldud kauam\u00e4ngiv? Kas see on 1) paks raamat, 2) viinapudel, 3) koolitund? Mille kohta on sl\u00e4ngis kasutatud v\u00e4ljendit kummutit l\u00fckkama? Kas see t\u00e4hendab 1) t\u00f6\u00f6d tegema, 2) kummutit l\u00fckkama, 3) tantsima? Vastus<\/p>\n","protected":false},"author":185,"featured_media":0,"parent":0,"menu_order":0,"comment_status":"closed","ping_status":"closed","template":"","meta":{"_acf_changed":false,"inline_featured_image":false,"footnotes":""},"class_list":["post-223","page","type-page","status-publish","hentry"],"acf":[],"_links":{"self":[{"href":"https:\/\/sisu.ut.ee\/keeleylesanded\/wp-json\/wp\/v2\/pages\/223","targetHints":{"allow":["GET"]}}],"collection":[{"href":"https:\/\/sisu.ut.ee\/keeleylesanded\/wp-json\/wp\/v2\/pages"}],"about":[{"href":"https:\/\/sisu.ut.ee\/keeleylesanded\/wp-json\/wp\/v2\/types\/page"}],"author":[{"embeddable":true,"href":"https:\/\/sisu.ut.ee\/keeleylesanded\/wp-json\/wp\/v2\/users\/185"}],"replies":[{"embeddable":true,"href":"https:\/\/sisu.ut.ee\/keeleylesanded\/wp-json\/wp\/v2\/comments?post=223"}],"version-history":[{"count":2,"href":"https:\/\/sisu.ut.ee\/keeleylesanded\/wp-json\/wp\/v2\/pages\/223\/revisions"}],"predecessor-version":[{"id":1867,"href":"https:\/\/sisu.ut.ee\/keeleylesanded\/wp-json\/wp\/v2\/pages\/223\/revisions\/1867"}],"wp:attachment":[{"href":"https:\/\/sisu.ut.ee\/keeleylesanded\/wp-json\/wp\/v2\/media?parent=223"}],"curies":[{"name":"wp","href":"https:\/\/api.w.org\/{rel}","templated":true}]}}