{"id":219,"date":"2024-04-04T05:03:41","date_gmt":"2024-04-04T02:03:41","guid":{"rendered":"https:\/\/sisu.ut.ee\/keeleylesanded\/uhe-lausega-kokku\/"},"modified":"2024-11-29T13:12:28","modified_gmt":"2024-11-29T11:12:28","slug":"uhe-lausega-kokku","status":"publish","type":"page","link":"https:\/\/sisu.ut.ee\/keeleylesanded\/uhe-lausega-kokku\/","title":{"rendered":"\u00dche lausega kokku"},"content":{"rendered":"<p style=\"text-align: justify;\"><strong>Kirjutage j\u00e4rgmise l\u00f5ug \u00fchelauseline kokkuv\u00f5te, tuues v\u00e4lja sisuliselt olulisima.<\/strong><\/p>\n<p style=\"text-align: justify;\">\n<\/p><p style=\"text-align: justify;\">1. Veebikeskkond muudab \u00f5ppimise paindlikumaks, n\u00e4iteks saavad haigeks j\u00e4\u00e4nud \u00f5pilased internetist \u00f5ppematerjale vaadata ja ei j\u00e4\u00e4 teistest maha. Eriti h\u00e4sti tuli vajdus sellise keskkonna j\u00e4rele ilmsiks siis, kui olid k\u00fclmap\u00fchad.<\/p>\n<p style=\"text-align: justify;\">\n<\/p><p style=\"text-align: justify;\">2. Tartu Botaanikaaed on oma vaatamisv\u00e4\u00e4rsuste poolest kuulus. Eksponaate ja p\u00fcsikuid on seal peaaegu k\u00f5ikidest maailmajagudest. Parajasti k\u00f5igile vaatamiseks \u00f5itsev paradiisilinnulill on p\u00e4rit L\u00f5una-Aafrikast.<\/p>\n<p style=\"text-align: justify;\">\n<\/p><p style=\"text-align: justify;\">3. Ol\u00fcmpiam\u00e4ngud on spordirahva tipps\u00fcndmus. Seal saadud kuldmedalid kaaluvad \u00fcles k\u00f5ik autasud ja kuulvad nii sportlastele kui ka treeneritele. \u00c4sjastel Torino taliol\u00fcmpiam\u00e4ngudel saavutasid k\u00f5rgeima tunnustuse Kristina \u0160migun ja Andrus Veerpalu, kes v\u00f5itsid kokku kolm kuldmedalit. Vabaduse v\u00e4ljakul aplodeerisid neile tuhanded inimesed. \u00d5htu tipnes ilutulestikuga.<\/p>\n<p style=\"text-align: justify;\">\n<\/p><p style=\"text-align: justify;\">\n<\/p><p style=\"text-align: justify;\">2006<\/p>\n<p style=\"text-align: justify;\">vanem<\/p>\n<p style=\"text-align: justify;\">l\u00f5ppvoor<\/p>\n<p><a href=\"https:\/\/sisu.ut.ee\/keeleylesanded\/uhe-lausega-kokku-vastus\/\">Vastus<\/a><\/p>\n","protected":false},"excerpt":{"rendered":"<p>Kirjutage j\u00e4rgmise l\u00f5ug \u00fchelauseline kokkuv\u00f5te, tuues v\u00e4lja sisuliselt olulisima. 1. Veebikeskkond muudab \u00f5ppimise paindlikumaks, n\u00e4iteks saavad haigeks j\u00e4\u00e4nud \u00f5pilased internetist \u00f5ppematerjale vaadata ja ei j\u00e4\u00e4 teistest maha. Eriti h\u00e4sti tuli vajdus sellise keskkonna j\u00e4rele ilmsiks siis, kui olid k\u00fclmap\u00fchad. 2. &#8230;<\/p>\n","protected":false},"author":185,"featured_media":0,"parent":0,"menu_order":0,"comment_status":"closed","ping_status":"closed","template":"","meta":{"_acf_changed":false,"inline_featured_image":false,"footnotes":""},"class_list":["post-219","page","type-page","status-publish","hentry"],"acf":[],"_links":{"self":[{"href":"https:\/\/sisu.ut.ee\/keeleylesanded\/wp-json\/wp\/v2\/pages\/219","targetHints":{"allow":["GET"]}}],"collection":[{"href":"https:\/\/sisu.ut.ee\/keeleylesanded\/wp-json\/wp\/v2\/pages"}],"about":[{"href":"https:\/\/sisu.ut.ee\/keeleylesanded\/wp-json\/wp\/v2\/types\/page"}],"author":[{"embeddable":true,"href":"https:\/\/sisu.ut.ee\/keeleylesanded\/wp-json\/wp\/v2\/users\/185"}],"replies":[{"embeddable":true,"href":"https:\/\/sisu.ut.ee\/keeleylesanded\/wp-json\/wp\/v2\/comments?post=219"}],"version-history":[{"count":2,"href":"https:\/\/sisu.ut.ee\/keeleylesanded\/wp-json\/wp\/v2\/pages\/219\/revisions"}],"predecessor-version":[{"id":2013,"href":"https:\/\/sisu.ut.ee\/keeleylesanded\/wp-json\/wp\/v2\/pages\/219\/revisions\/2013"}],"wp:attachment":[{"href":"https:\/\/sisu.ut.ee\/keeleylesanded\/wp-json\/wp\/v2\/media?parent=219"}],"curies":[{"name":"wp","href":"https:\/\/api.w.org\/{rel}","templated":true}]}}