{"id":213,"date":"2024-04-04T05:03:40","date_gmt":"2024-04-04T02:03:40","guid":{"rendered":"https:\/\/sisu.ut.ee\/keeleylesanded\/sona-ei-sobi-ritta\/"},"modified":"2024-11-29T12:36:35","modified_gmt":"2024-11-29T10:36:35","slug":"sona-ei-sobi-ritta","status":"publish","type":"page","link":"https:\/\/sisu.ut.ee\/keeleylesanded\/sona-ei-sobi-ritta\/","title":{"rendered":"S\u00f5na ei sobi ritta"},"content":{"rendered":"<p><strong>Milline s\u00f5na ei sobi ritta? T\u00f5mba see maha ja kirjuta punktiirile v\u00f5imalikult t\u00e4pne ja l\u00fchike p\u00f5hjendus.<\/strong><\/p>\n\n\n\n<ol class=\"wp-block-list\">\n<li><em>katt, kitt, mutt, matt, natt, s\u00fctt, vatt, \u00e4tt \u2026\u2026\u2026\u2026\u2026\u2026\u2026\u2026\u2026\u2026\u2026\u2026\u2026\u2026\u2026\u2026\u2026\u2026\u2026\u2026\u2026\u2026\u2026\u2026\u2026\u2026\u2026\u2026\u2026\u2026\u2026\u2026\u2026\u2026\u2026\u2026\u2026\u2026\u2026\u2026\u2026\u2026\u2026\u2026\u2026\u2026\u2026\u2026\u2026\u2026\u2026\u2026\u2026\u2026\u2026\u2026\u2026.<\/em><\/li>\n\n\n\n<li><em>ebe, ese, habe, h\u00f5be, jube, kese, lobe, rabe \u2026\u2026\u2026\u2026\u2026\u2026\u2026\u2026\u2026\u2026\u2026\u2026\u2026\u2026\u2026\u2026\u2026\u2026\u2026\u2026\u2026\u2026\u2026\u2026\u2026\u2026\u2026\u2026\u2026\u2026\u2026\u2026\u2026\u2026\u2026\u2026\u2026\u2026\u2026\u2026\u2026\u2026\u2026\u2026\u2026\u2026\u2026\u2026\u2026\u2026\u2026\u2026\u2026\u2026\u2026\u2026\u2026.<\/em><\/li>\n\n\n\n<li><em>joru, maru, n\u00f5ru, soru, taru, varu, v\u00f5ru \u2026\u2026\u2026\u2026\u2026\u2026\u2026\u2026\u2026\u2026\u2026\u2026\u2026\u2026\u2026\u2026\u2026\u2026\u2026\u2026\u2026\u2026\u2026\u2026\u2026\u2026\u2026\u2026\u2026\u2026\u2026\u2026\u2026\u2026\u2026\u2026\u2026\u2026\u2026\u2026\u2026\u2026\u2026\u2026\u2026\u2026\u2026\u2026\u2026\u2026\u2026\u2026\u2026\u2026\u2026\u2026\u2026.<\/em><\/li>\n\n\n\n<li><em>meik, mikser, mopp, pusle, pubi, relv, teip, veeb \u2026\u2026\u2026\u2026\u2026\u2026\u2026\u2026\u2026\u2026\u2026\u2026\u2026\u2026\u2026\u2026\u2026\u2026\u2026\u2026\u2026\u2026\u2026\u2026\u2026\u2026\u2026\u2026\u2026\u2026\u2026\u2026\u2026\u2026\u2026\u2026\u2026\u2026\u2026\u2026\u2026\u2026\u2026\u2026\u2026\u2026\u2026\u2026\u2026\u2026\u2026\u2026\u2026\u2026\u2026\u2026\u2026.<\/em><\/li>\n\n\n\n<li><em>lambur, nuuskur, n\u00e4itur, pettur, palllur, p\u00f5ldur, rattur, t\u00e4itur \u2026\u2026\u2026\u2026\u2026\u2026\u2026\u2026\u2026\u2026\u2026\u2026\u2026\u2026\u2026\u2026\u2026\u2026\u2026\u2026\u2026\u2026\u2026\u2026\u2026\u2026\u2026\u2026\u2026\u2026\u2026\u2026\u2026\u2026\u2026\u2026\u2026\u2026\u2026\u2026\u2026\u2026\u2026\u2026\u2026\u2026\u2026\u2026\u2026\u2026\u2026\u2026\u2026\u2026\u2026\u2026\u2026.<\/em><\/li>\n<\/ol>\n\n\n\n<p><em>2014<\/em><\/p>\n\n\n\n<p><em>keskmine<\/em><\/p>\n\n\n\n<p><em>l\u00f5ppvoor<\/em><\/p>\n\n\n\n<p><a href=\"https:\/\/sisu.ut.ee\/keeleylesanded\/sona-ei-sobi-ritta-vastus\/\" data-type=\"page\" data-id=\"215\">Vastus<\/a><\/p>\n","protected":false},"excerpt":{"rendered":"<p>Milline s\u00f5na ei sobi ritta? T\u00f5mba see maha ja kirjuta punktiirile v\u00f5imalikult t\u00e4pne ja l\u00fchike p\u00f5hjendus. 2014 keskmine l\u00f5ppvoor Vastus<\/p>\n","protected":false},"author":185,"featured_media":0,"parent":0,"menu_order":0,"comment_status":"closed","ping_status":"closed","template":"","meta":{"_acf_changed":false,"inline_featured_image":false,"footnotes":""},"class_list":["post-213","page","type-page","status-publish","hentry"],"acf":[],"_links":{"self":[{"href":"https:\/\/sisu.ut.ee\/keeleylesanded\/wp-json\/wp\/v2\/pages\/213","targetHints":{"allow":["GET"]}}],"collection":[{"href":"https:\/\/sisu.ut.ee\/keeleylesanded\/wp-json\/wp\/v2\/pages"}],"about":[{"href":"https:\/\/sisu.ut.ee\/keeleylesanded\/wp-json\/wp\/v2\/types\/page"}],"author":[{"embeddable":true,"href":"https:\/\/sisu.ut.ee\/keeleylesanded\/wp-json\/wp\/v2\/users\/185"}],"replies":[{"embeddable":true,"href":"https:\/\/sisu.ut.ee\/keeleylesanded\/wp-json\/wp\/v2\/comments?post=213"}],"version-history":[{"count":3,"href":"https:\/\/sisu.ut.ee\/keeleylesanded\/wp-json\/wp\/v2\/pages\/213\/revisions"}],"predecessor-version":[{"id":1968,"href":"https:\/\/sisu.ut.ee\/keeleylesanded\/wp-json\/wp\/v2\/pages\/213\/revisions\/1968"}],"wp:attachment":[{"href":"https:\/\/sisu.ut.ee\/keeleylesanded\/wp-json\/wp\/v2\/media?parent=213"}],"curies":[{"name":"wp","href":"https:\/\/api.w.org\/{rel}","templated":true}]}}