{"id":207,"date":"2024-04-04T05:03:40","date_gmt":"2024-04-04T02:03:40","guid":{"rendered":"https:\/\/sisu.ut.ee\/keeleylesanded\/stiilivead-ii\/"},"modified":"2024-11-29T12:53:04","modified_gmt":"2024-11-29T10:53:04","slug":"stiilivead-ii","status":"publish","type":"page","link":"https:\/\/sisu.ut.ee\/keeleylesanded\/stiilivead-ii\/","title":{"rendered":"Stiilivead (II)"},"content":{"rendered":"<p style=\"text-align: justify;\"><strong>J\u00e4rgmistes lausetes on stiilivigu. Leia ja paranda need ning kirjuta korrektne lausevariant ia lause j\u00e4rele punktiirjoonele.<\/strong><\/p>\n<p style=\"text-align: justify;\">\n<\/p><p style=\"text-align: justify;\">1. T\u00e4nu s\u00e4\u00e4stueelarvele v\u00f5ib stipendiumiraha enne aasta l\u00f5ppu otsa saada.<\/p>\n<p style=\"text-align: justify;\">\u2026\u2026\u2026\u2026\u2026\u2026\u2026\u2026\u2026\u2026\u2026\u2026\u2026\u2026\u2026\u2026\u2026\u2026\u2026\u2026\u2026\u2026\u2026\u2026\u2026\u2026\u2026..<\/p>\n<p style=\"text-align: justify;\">2. Purjus juht sooritas otsas\u00f5idu t\u00e4nava \u00e4\u00e4rde pargitud mootorrattale.<\/p>\n<p style=\"text-align: justify;\">\u2026\u2026\u2026\u2026\u2026\u2026\u2026\u2026\u2026\u2026\u2026\u2026\u2026\u2026\u2026\u2026\u2026\u2026\u2026\u2026\u2026\u2026<\/p>\n<p style=\"text-align: justify;\">3. Isikud, kes tabatakse keset m\u00e4ngu rotte lennutamas, kuuluvad koheselt halist v\u00e4ljasaatmisele.<\/p>\n<p style=\"text-align: justify;\">\u2026\u2026\u2026\u2026\u2026\u2026\u2026\u2026\u2026\u2026\u2026\u2026\u2026\u2026\u2026\u2026\u2026\u2026\u2026\u2026\u2026\u2026\u2026\u2026\u2026\u2026..<\/p>\n<p style=\"text-align: justify;\">4. Nagu igas \u00e4ris, nii v\u00f5etakse ka meedia\u00e4ris riske ning p\u00fc\u00fctakse konkurente auti m\u00e4ngida.<\/p>\n<p style=\"text-align: justify;\">\u2026\u2026\u2026\u2026\u2026\u2026\u2026\u2026\u2026\u2026\u2026\u2026\u2026\u2026\u2026\u2026\u2026\u2026\u2026\u2026\u2026\u2026\u2026\u2026\u2026\u2026<\/p>\n<p style=\"text-align: justify;\">5. Peaminister r\u00f5\u00f5mustas, et politseil \u00f5nnestus k\u00e4pp peale panna illegaalsetele immigrantidele.<\/p>\n<p style=\"text-align: justify;\">\u2026\u2026\u2026\u2026\u2026\u2026\u2026\u2026\u2026\u2026\u2026\u2026\u2026\u2026\u2026\u2026\u2026\u2026\u2026\u2026.<\/p>\n<p style=\"text-align: justify;\">\n<\/p><p style=\"text-align: justify;\">2006<\/p>\n<p style=\"text-align: justify;\">keskmine, vanem<\/p>\n<p style=\"text-align: justify;\">l\u00f5ppvoor<\/p>\n<p><a href=\"https:\/\/sisu.ut.ee\/keeleylesanded\/stiilivead-ii-vastus\/\">Vastus<\/a><\/p>\n","protected":false},"excerpt":{"rendered":"<p>J\u00e4rgmistes lausetes on stiilivigu. Leia ja paranda need ning kirjuta korrektne lausevariant ia lause j\u00e4rele punktiirjoonele. 1. T\u00e4nu s\u00e4\u00e4stueelarvele v\u00f5ib stipendiumiraha enne aasta l\u00f5ppu otsa saada. \u2026\u2026\u2026\u2026\u2026\u2026\u2026\u2026\u2026\u2026\u2026\u2026\u2026\u2026\u2026\u2026\u2026\u2026\u2026\u2026\u2026\u2026\u2026\u2026\u2026\u2026\u2026.. 2. Purjus juht sooritas otsas\u00f5idu t\u00e4nava \u00e4\u00e4rde pargitud mootorrattale. \u2026\u2026\u2026\u2026\u2026\u2026\u2026\u2026\u2026\u2026\u2026\u2026\u2026\u2026\u2026\u2026\u2026\u2026\u2026\u2026\u2026\u2026 3. Isikud, kes &#8230;<\/p>\n","protected":false},"author":185,"featured_media":0,"parent":0,"menu_order":0,"comment_status":"closed","ping_status":"closed","template":"","meta":{"_acf_changed":false,"inline_featured_image":false,"footnotes":""},"class_list":["post-207","page","type-page","status-publish","hentry"],"acf":[],"_links":{"self":[{"href":"https:\/\/sisu.ut.ee\/keeleylesanded\/wp-json\/wp\/v2\/pages\/207","targetHints":{"allow":["GET"]}}],"collection":[{"href":"https:\/\/sisu.ut.ee\/keeleylesanded\/wp-json\/wp\/v2\/pages"}],"about":[{"href":"https:\/\/sisu.ut.ee\/keeleylesanded\/wp-json\/wp\/v2\/types\/page"}],"author":[{"embeddable":true,"href":"https:\/\/sisu.ut.ee\/keeleylesanded\/wp-json\/wp\/v2\/users\/185"}],"replies":[{"embeddable":true,"href":"https:\/\/sisu.ut.ee\/keeleylesanded\/wp-json\/wp\/v2\/comments?post=207"}],"version-history":[{"count":2,"href":"https:\/\/sisu.ut.ee\/keeleylesanded\/wp-json\/wp\/v2\/pages\/207\/revisions"}],"predecessor-version":[{"id":1988,"href":"https:\/\/sisu.ut.ee\/keeleylesanded\/wp-json\/wp\/v2\/pages\/207\/revisions\/1988"}],"wp:attachment":[{"href":"https:\/\/sisu.ut.ee\/keeleylesanded\/wp-json\/wp\/v2\/media?parent=207"}],"curies":[{"name":"wp","href":"https:\/\/api.w.org\/{rel}","templated":true}]}}