{"id":148,"date":"2024-04-04T05:03:34","date_gmt":"2024-04-04T02:03:34","guid":{"rendered":"https:\/\/sisu.ut.ee\/keeleylesanded\/leia-oige-voorsona\/"},"modified":"2024-11-29T10:38:57","modified_gmt":"2024-11-29T08:38:57","slug":"leia-oige-voorsona","status":"publish","type":"page","link":"https:\/\/sisu.ut.ee\/keeleylesanded\/leia-oige-voorsona\/","title":{"rendered":"Leia \u00f5ige v\u00f5\u00f5rs\u00f5na"},"content":{"rendered":"<p><strong>Loetelus on 11 s\u00f5na. Kasuta neid s\u00f5nu j\u00e4rgnevas tekstis.<\/strong><\/p>\n<p>pol\u00fcglott<\/p>\n<p>ankeet<\/p>\n<p>kandidaat<\/p>\n<p>sekret\u00e4r<\/p>\n<p>esperanto<\/p>\n<p>ampluaa<\/p>\n<p>konkurss<\/p>\n<p>ressurss<\/p>\n<p>boss<\/p>\n<p>\u0161armantne<\/p>\n<p>perfektne<\/p>\n<p style=\"text-align: justify;\">V\u00e4ikese toiduainetet\u00f6\u00f6stuse \u2026\u2026\u2026\u2026\u2026\u2026\u2026\u2026\u2026\u2026\u2026\u2026 kuulutas v\u00e4lja avaliku \u2026\u2026\u2026\u2026\u2026\u2026\u2026\u2026\u2026\u2026\u2026.. uue ja noore \u2026\u2026\u2026\u2026\u2026\u2026\u2026\u2026\u2026\u2026. leidmiseks. Ettev\u00f5ttel \u2026\u2026\u2026\u2026\u2026\u2026\u2026\u2026\u2026. j\u00e4tkus. \u2026\u2026\u2026\u2026\u2026\u2026\u2026\u2026\u2026\u2026\u2026. vooris kokku hulganisti, k\u00f5igil \u2026\u2026\u2026\u2026\u2026\u2026\u2026. n\u00e4pus. K\u00fcmmekonna edukama seast j\u00e4i l\u00f5puks s\u00f5elala Karmen. Ta tutvustas end kui \u2026\u2026\u2026\u2026\u2026\u2026\u2026\u2026\u2026\u2026\u2026., kelle teadmiste \u2026\u2026\u2026\u2026\u2026\u2026\u2026\u2026.. ei ole millegagi v\u00f5rreldav. Karmen valdavat \u2026\u2026\u2026\u2026\u2026\u2026\u2026\u2026\u2026\u2026\u2026\u2026\u2026\u2026\u2026 inglise, saksa, hispaania, prantsuse, portugali keelt ning ka k\u00f5iki soome-ugri keeli. Lisaks \u2026\u2026\u2026\u2026\u2026\u2026\u2026\u2026\u2026, sest sealgi olevat ta ju mitu aastat elanud.<\/p>\n<p style=\"text-align: justify;\">\n<\/p><p style=\"text-align: justify;\"><strong>K\u00fcsimus:<\/strong><\/p>\n<p style=\"text-align: justify;\">Miks ei saa Esperantos elada, kui seda keelt saab r\u00e4\u00e4kida?<\/p>\n<p style=\"text-align: justify;\">\n<\/p><p style=\"text-align: justify;\">\n<\/p><p style=\"text-align: justify;\">2006<\/p>\n<p style=\"text-align: justify;\">noorem<\/p>\n<p style=\"text-align: justify;\">l\u00f5ppvoor<\/p>\n<p><a href=\"https:\/\/sisu.ut.ee\/keeleylesanded\/leia-oige-voorsona-vastus\/\">Vastus<\/a><\/p>\n","protected":false},"excerpt":{"rendered":"<p>Loetelus on 11 s\u00f5na. Kasuta neid s\u00f5nu j\u00e4rgnevas tekstis. pol\u00fcglott ankeet kandidaat sekret\u00e4r esperanto ampluaa konkurss ressurss boss \u0161armantne perfektne V\u00e4ikese toiduainetet\u00f6\u00f6stuse \u2026\u2026\u2026\u2026\u2026\u2026\u2026\u2026\u2026\u2026\u2026\u2026 kuulutas v\u00e4lja avaliku \u2026\u2026\u2026\u2026\u2026\u2026\u2026\u2026\u2026\u2026\u2026.. uue ja noore \u2026\u2026\u2026\u2026\u2026\u2026\u2026\u2026\u2026\u2026. leidmiseks. Ettev\u00f5ttel \u2026\u2026\u2026\u2026\u2026\u2026\u2026\u2026\u2026. j\u00e4tkus. \u2026\u2026\u2026\u2026\u2026\u2026\u2026\u2026\u2026\u2026\u2026. vooris kokku hulganisti, k\u00f5igil &#8230;<\/p>\n","protected":false},"author":185,"featured_media":0,"parent":0,"menu_order":0,"comment_status":"closed","ping_status":"closed","template":"","meta":{"_acf_changed":false,"inline_featured_image":false,"footnotes":""},"class_list":["post-148","page","type-page","status-publish","hentry"],"acf":[],"_links":{"self":[{"href":"https:\/\/sisu.ut.ee\/keeleylesanded\/wp-json\/wp\/v2\/pages\/148","targetHints":{"allow":["GET"]}}],"collection":[{"href":"https:\/\/sisu.ut.ee\/keeleylesanded\/wp-json\/wp\/v2\/pages"}],"about":[{"href":"https:\/\/sisu.ut.ee\/keeleylesanded\/wp-json\/wp\/v2\/types\/page"}],"author":[{"embeddable":true,"href":"https:\/\/sisu.ut.ee\/keeleylesanded\/wp-json\/wp\/v2\/users\/185"}],"replies":[{"embeddable":true,"href":"https:\/\/sisu.ut.ee\/keeleylesanded\/wp-json\/wp\/v2\/comments?post=148"}],"version-history":[{"count":2,"href":"https:\/\/sisu.ut.ee\/keeleylesanded\/wp-json\/wp\/v2\/pages\/148\/revisions"}],"predecessor-version":[{"id":1884,"href":"https:\/\/sisu.ut.ee\/keeleylesanded\/wp-json\/wp\/v2\/pages\/148\/revisions\/1884"}],"wp:attachment":[{"href":"https:\/\/sisu.ut.ee\/keeleylesanded\/wp-json\/wp\/v2\/media?parent=148"}],"curies":[{"name":"wp","href":"https:\/\/api.w.org\/{rel}","templated":true}]}}