{"id":96,"date":"2024-04-04T04:51:00","date_gmt":"2024-04-04T01:51:00","guid":{"rendered":"https:\/\/sisu.ut.ee\/kaugseire\/taimkatte-kaugseire\/"},"modified":"2024-04-04T04:54:10","modified_gmt":"2024-04-04T01:54:10","slug":"taimkatte-kaugseire","status":"publish","type":"page","link":"https:\/\/sisu.ut.ee\/kaugseire\/taimkatte-kaugseire\/","title":{"rendered":"Taimkatte kaugseire"},"content":{"rendered":"<p><img loading=\"lazy\" decoding=\"async\" width=\"1412\" height=\"1106\" class=\"alignnone wp-image-249\" style=\"float: right\" src=\"https:\/\/sisu.ut.ee\/wp-content\/uploads\/sites\/340\/eesti_metsakaart.jpg\" title=\"Eesti metsakaart\" alt=\"Eesti metsakaart\" srcset=\"https:\/\/sisu.ut.ee\/wp-content\/uploads\/sites\/340\/eesti_metsakaart.jpg 1412w, https:\/\/sisu.ut.ee\/wp-content\/uploads\/sites\/340\/eesti_metsakaart-300x235.jpg 300w, https:\/\/sisu.ut.ee\/wp-content\/uploads\/sites\/340\/eesti_metsakaart-1024x802.jpg 1024w, https:\/\/sisu.ut.ee\/wp-content\/uploads\/sites\/340\/eesti_metsakaart-768x602.jpg 768w\" sizes=\"auto, (max-width: 1412px) 100vw, 1412px\">Taimkatte kaugseire vallas uuritakse maakasutust ja selle muutusi. Paljude aastate kestel on olnud keskseks teemaks kiirguslevi taimkattes ja selle kasutamine taimkatte, ennek\u00f5ike metsade optilises kaugseires. Selleks on loodud ja luuakse optilise kiirguse taimkattelt peegeldumise mudeleid, mis on optilise kaugseire teoreetiliseks aluseks. Satelliidiinfo kasutamiseks kaugseires uuritakse ka atmosf\u00e4\u00e4rikorrektsiooni meetodeid ja v\u00f5imalusi. Optilise kaugseire metoodika v\u00e4ljat\u00f6\u00f6tamiseks on loodud mitmesugust spetsiaalaparatuuri maapealseteks ja lennukim\u00f5\u00f5tmisteks.<\/p>\n<p>N\u00e4iteid praktilise v\u00e4ljundiga uurimustest taimkatte kaugseire vallas on mitmeid. Satelliidiinfot kasutatakse metsade raiete kaardistamiseks, maakasutuse muutuste j\u00e4lgimiseks, ka Euroopa Liidu p\u00f5llumajandustoetuste jaotamisel vajalikeks pindalahinnanguteks.<\/p>\n<p>Kaugseire arendust\u00f6\u00f6dega on tegelenud Tartu Observatooriumi taimkatte t\u00f6\u00f6r\u00fchm ja Tartu \u00dclikooli \u00f6koloogia ja maateaduste instituut. Selle k\u00e4igus on t\u00e4iendatud taimkatte kaugseire metoodikat ja t\u00f6\u00f6tatud v\u00e4lja tarkvara, mis v\u00f5imaldab hinnata vabalt valitud satelliidipildi elemendi takseertunnuseid statistiliseks metsainventeerimiseks (kNN-meetod). Andmetena kasutatakse seejuures nii kontaktm\u00f5\u00f5tmisi kui ka mitmesuguste satelliitsensorite pilte. Samuti arendatakse edasi aastail 1996\u20132002 l\u00e4biviidud keskmisem\u00f5\u00f5tkavaliste satelliitpiltide p\u00f5hjal teostatud maastike kaugseire metoodikat.<\/p>\n<p>Maastike kaugseire programmi alustati juba 1996. aastal. Programmi eesm\u00e4rgiks on t\u00e4iendada olemasolevat eluslooduse mitmekesisuse ja maastike seire programmi kaugseire meetodite kasutamisega seal, kus see on otstarbekas, nagu n\u00e4iteks k\u00f5nnumaa, rabade ja soode maastikulise mitmekesisuse, metsade lageraiealade ning suurj\u00e4rvede roostike seire.<\/p>\n","protected":false},"excerpt":{"rendered":"<p>Taimkatte kaugseire vallas uuritakse maakasutust ja selle muutusi. Paljude aastate kestel on olnud keskseks teemaks kiirguslevi taimkattes ja selle kasutamine taimkatte, ennek\u00f5ike metsade optilises kaugseires. Selleks on loodud ja luuakse optilise kiirguse taimkattelt peegeldumise mudeleid, mis on optilise kaugseire teoreetiliseks &#8230;<\/p>\n","protected":false},"author":179,"featured_media":0,"parent":0,"menu_order":0,"comment_status":"closed","ping_status":"closed","template":"","meta":{"_acf_changed":false,"inline_featured_image":false,"footnotes":""},"class_list":["post-96","page","type-page","status-publish","hentry"],"acf":[],"_links":{"self":[{"href":"https:\/\/sisu.ut.ee\/kaugseire\/wp-json\/wp\/v2\/pages\/96","targetHints":{"allow":["GET"]}}],"collection":[{"href":"https:\/\/sisu.ut.ee\/kaugseire\/wp-json\/wp\/v2\/pages"}],"about":[{"href":"https:\/\/sisu.ut.ee\/kaugseire\/wp-json\/wp\/v2\/types\/page"}],"author":[{"embeddable":true,"href":"https:\/\/sisu.ut.ee\/kaugseire\/wp-json\/wp\/v2\/users\/179"}],"replies":[{"embeddable":true,"href":"https:\/\/sisu.ut.ee\/kaugseire\/wp-json\/wp\/v2\/comments?post=96"}],"version-history":[{"count":1,"href":"https:\/\/sisu.ut.ee\/kaugseire\/wp-json\/wp\/v2\/pages\/96\/revisions"}],"predecessor-version":[{"id":444,"href":"https:\/\/sisu.ut.ee\/kaugseire\/wp-json\/wp\/v2\/pages\/96\/revisions\/444"}],"wp:attachment":[{"href":"https:\/\/sisu.ut.ee\/kaugseire\/wp-json\/wp\/v2\/media?parent=96"}],"curies":[{"name":"wp","href":"https:\/\/api.w.org\/{rel}","templated":true}]}}