{"id":91,"date":"2024-04-04T04:51:00","date_gmt":"2024-04-04T01:51:00","guid":{"rendered":"https:\/\/sisu.ut.ee\/kaugseire\/ligipaas-andmetele\/"},"modified":"2024-04-04T04:54:10","modified_gmt":"2024-04-04T01:54:10","slug":"ligipaas-andmetele","status":"publish","type":"page","link":"https:\/\/sisu.ut.ee\/kaugseire\/ligipaas-andmetele\/","title":{"rendered":"Ligip\u00e4\u00e4s andmetele"},"content":{"rendered":"<p>\n\t<img loading=\"lazy\" decoding=\"async\" width=\"850\" height=\"752\" class=\"alignnone wp-image-231\" style=\"width: 400px;height: 354px;float: right\" src=\"https:\/\/sisu.ut.ee\/wp-content\/uploads\/sites\/340\/data_access_copernicus.jpg\" title=\"Joonis 1. Copernicuse andmete jaotumine ja ligip\u00e4\u00e4s. Joonis: Copernicus\" alt=\"Andmeligip\u00e4\u00e4s\" srcset=\"https:\/\/sisu.ut.ee\/wp-content\/uploads\/sites\/340\/data_access_copernicus.jpg 850w, https:\/\/sisu.ut.ee\/wp-content\/uploads\/sites\/340\/data_access_copernicus-300x265.jpg 300w, https:\/\/sisu.ut.ee\/wp-content\/uploads\/sites\/340\/data_access_copernicus-768x679.jpg 768w\" sizes=\"auto, (max-width: 850px) 100vw, 850px\">Euroopas on Copernicuse andmete jagamiseks loodud k\u00fcmme punkti. Neist neli on satelliidiandmete jagamiseks ning kuus on tuumikteenuste andmete ning muu info jaoks (vt\u00a0joonis 1).\u00a0Copernicuse andmed on \u00fcldiselt tasuta ja vabalt k\u00e4ttesaadavad, kuid turvalisuse kaalutlustel on piiratud ligip\u00e4\u00e4s julgeoleku andmetele. Olenevalt sellest, millise tuumikteenuse andmeid soovitakse alla laadida, tuleb ennast vastaval lehel kasutajaks registreerida.\n<\/p>\n<p>\n\t\u00a0\n<\/p>\n<p>\n\tSatelliidiandmed on jaotatud nelja ligip\u00e4\u00e4supunkti, millest kahte haldab ESA (<a data-url=\"http:\/\/www.esa.int\/ESA\" href=\"http:\/\/www.esa.int\/ESA\" title=\"\">European Space Agency<\/a>):\n<\/p>\n<ul>\n<li>\n\t\tScientific Data Hub (<a data-url=\"https:\/\/scihub.copernicus.eu\/dhus\/#\/home\" href=\"https:\/\/scihub.copernicus.eu\/dhus\/#\/home\" title=\"\">SCI Hub<\/a>),\n\t<\/li>\n<li>\n\t\tCopernicus Space Component Data Access (<a data-url=\"https:\/\/spacedata.copernicus.eu\/\" href=\"https:\/\/spacedata.copernicus.eu\/\" title=\"\">CSCDA<\/a>),\n\t<\/li>\n<\/ul>\n<p>\n\tja teist kahte\u00a0<a data-url=\"https:\/\/www.eumetsat.int\/website\/home\/index.html\" href=\"https:\/\/www.eumetsat.int\/website\/home\/index.html\" title=\"\">EUMETSAT<\/a>:\n<\/p>\n<ul>\n<li>\n\t\t<a data-url=\"http:\/\/www.eumetsat.int\/website\/home\/Data\/DataDelivery\/EUMETCast\/index.html\" href=\"http:\/\/www.eumetsat.int\/website\/home\/Data\/DataDelivery\/EUMETCast\/index.html\" title=\"\">EUMETCast<\/a>,\n\t<\/li>\n<li>\n\t\tCopernicus Online Data Access (<a data-url=\"https:\/\/coda.eumetsat.int\/#\/home\" href=\"https:\/\/coda.eumetsat.int\/#\/home\" title=\"\">CODA<\/a>).\n\t<\/li>\n<\/ul>\n<p>\n\t\u00a0\n<\/p>\n<p>\n\tPraktiline ja lihtne sissejuhatus kuidas ligi p\u00e4\u00e4seda Copernicuse andmetele (ja samuti teistele allikatele) on \u00e4ra toodud Alexander Kmochi ingliskeelses loengus:\n<\/p>\n<p>\n\t<a data-url=\"https:\/\/kodu.ut.ee\/~kmoch\/SpaceTech_2019_open_geodata\/\" href=\"https:\/\/kodu.ut.ee\/~kmoch\/SpaceTech_2019_open_geodata\/\" title=\"\">Where can I get free data about Earth, and what can I do with it?<\/a>\n<\/p>\n<p>\n\t\u00a0<\/p>\n","protected":false},"excerpt":{"rendered":"<p>Euroopas on Copernicuse andmete jagamiseks loodud k\u00fcmme punkti. Neist neli on satelliidiandmete jagamiseks ning kuus on tuumikteenuste andmete ning muu info jaoks (vt\u00a0joonis 1).\u00a0Copernicuse andmed on \u00fcldiselt tasuta ja vabalt k\u00e4ttesaadavad, kuid turvalisuse kaalutlustel on piiratud ligip\u00e4\u00e4s julgeoleku andmetele. Olenevalt &#8230;<\/p>\n","protected":false},"author":179,"featured_media":0,"parent":0,"menu_order":0,"comment_status":"closed","ping_status":"closed","template":"","meta":{"_acf_changed":false,"inline_featured_image":false,"footnotes":""},"class_list":["post-91","page","type-page","status-publish","hentry"],"acf":[],"_links":{"self":[{"href":"https:\/\/sisu.ut.ee\/kaugseire\/wp-json\/wp\/v2\/pages\/91","targetHints":{"allow":["GET"]}}],"collection":[{"href":"https:\/\/sisu.ut.ee\/kaugseire\/wp-json\/wp\/v2\/pages"}],"about":[{"href":"https:\/\/sisu.ut.ee\/kaugseire\/wp-json\/wp\/v2\/types\/page"}],"author":[{"embeddable":true,"href":"https:\/\/sisu.ut.ee\/kaugseire\/wp-json\/wp\/v2\/users\/179"}],"replies":[{"embeddable":true,"href":"https:\/\/sisu.ut.ee\/kaugseire\/wp-json\/wp\/v2\/comments?post=91"}],"version-history":[{"count":1,"href":"https:\/\/sisu.ut.ee\/kaugseire\/wp-json\/wp\/v2\/pages\/91\/revisions"}],"predecessor-version":[{"id":449,"href":"https:\/\/sisu.ut.ee\/kaugseire\/wp-json\/wp\/v2\/pages\/91\/revisions\/449"}],"wp:attachment":[{"href":"https:\/\/sisu.ut.ee\/kaugseire\/wp-json\/wp\/v2\/media?parent=91"}],"curies":[{"name":"wp","href":"https:\/\/api.w.org\/{rel}","templated":true}]}}