{"id":66,"date":"2024-04-04T04:50:58","date_gmt":"2024-04-04T01:50:58","guid":{"rendered":"https:\/\/sisu.ut.ee\/kaugseire\/naitused\/"},"modified":"2024-04-04T04:54:11","modified_gmt":"2024-04-04T01:54:11","slug":"naitused","status":"publish","type":"page","link":"https:\/\/sisu.ut.ee\/kaugseire\/naitused\/","title":{"rendered":"Tere, Maa!"},"content":{"rendered":"<h2>\n\t<strong>Tere, Maa!<\/strong><br>\n<\/h2>\n<p>\n\tKeskkonnainvesteeringute Keskuse abil on Tartu Observatooriumi teadlased kokku pannud n\u00e4ituse tutvustamaks \u00f6koloogilise tasakaalu olulisust l\u00e4bi t\u00e4nap\u00e4evase kosmosetehnoloogia rakenduse \u2013\u00a0satelliitkaugseire.\n<\/p>\n<p>\n\t<b>R\u00e4ndn\u00e4itus koosneb<\/b>\n<\/p>\n<ul>\n<li>\n\t\t<a href=\"https:\/\/sisu.ut.ee\/wp-content\/uploads\/sites\/340\/tere_maa_naidis_pollud.jpg\" target=\"_blank\" rel=\"noopener\"><img loading=\"lazy\" decoding=\"async\" width=\"794\" height=\"1085\" class=\"alignnone wp-image-169\" style=\"width: 120px;height: 164px;float: right;margin-left: 10px;margin-right: 10px\" src=\"https:\/\/sisu.ut.ee\/wp-content\/uploads\/sites\/340\/tere_maa_naidis_pollud.jpg\" title=\"tere_maa_naidis_pollud.jpg\" alt=\"tere_maa_naidis_pollud.jpg\" srcset=\"https:\/\/sisu.ut.ee\/wp-content\/uploads\/sites\/340\/tere_maa_naidis_pollud.jpg 794w, https:\/\/sisu.ut.ee\/wp-content\/uploads\/sites\/340\/tere_maa_naidis_pollud-220x300.jpg 220w, https:\/\/sisu.ut.ee\/wp-content\/uploads\/sites\/340\/tere_maa_naidis_pollud-749x1024.jpg 749w, https:\/\/sisu.ut.ee\/wp-content\/uploads\/sites\/340\/tere_maa_naidis_pollud-768x1049.jpg 768w\" sizes=\"auto, (max-width: 794px) 100vw, 794px\"><\/a><a href=\"https:\/\/sisu.ut.ee\/wp-content\/uploads\/sites\/340\/tere_maa_naidis_kaevandused.jpg\" target=\"_blank\" rel=\"noopener\"><img loading=\"lazy\" decoding=\"async\" width=\"983\" height=\"875\" class=\"alignnone wp-image-170\" style=\"width: 140px;height: 125px;float: right;margin-left: 10px;margin-right: 10px\" src=\"https:\/\/sisu.ut.ee\/wp-content\/uploads\/sites\/340\/tere_maa_naidis_kaevandused.jpg\" title=\"tere_maa_naidis_kaevandused.jpg\" alt=\"Kaevandused\" srcset=\"https:\/\/sisu.ut.ee\/wp-content\/uploads\/sites\/340\/tere_maa_naidis_kaevandused.jpg 983w, https:\/\/sisu.ut.ee\/wp-content\/uploads\/sites\/340\/tere_maa_naidis_kaevandused-300x267.jpg 300w, https:\/\/sisu.ut.ee\/wp-content\/uploads\/sites\/340\/tere_maa_naidis_kaevandused-768x684.jpg 768w\" sizes=\"auto, (max-width: 983px) 100vw, 983px\"><\/a><strong>viiest\u00a0riputatavast postrist, mille m\u00f5\u00f5tmed on 1 m <\/strong>x\u00a0<strong>1,2 m, ja viiest\u00a0<em>roll-up-<\/em>stendist.\u00a0<\/strong>Materjali poolest on postrid k\u00fcllatki kerged ning kinnituseks on tagak\u00fcljel konksud. Kaasas on j\u00f5hvi n\u00e4ituse \u00fcles riputamiseks. N\u00e4ituse transpordiks on spetsiaalsed vutlarid;\n\t<\/li>\n<li>\n\t\t<strong>m\u00e4lupulgast, millel on n\u00e4itust toetavad eestikeelsed videod\u00a0koos t\u00f6\u00f6lehtedega.\u00a0<\/strong>Videoid ja t\u00f6\u00f6lehti saab alla laadida ka allolevatel linkidel kl\u00f5psates.\n<ul>\n<li style=\"margin-left: 40px\">\n\t\t\t\t<a data-url=\"https:\/\/sisu.ut.ee\/kaugseire\/kaugseiret-tutvustavad-videod\" href=\"https:\/\/sisu.ut.ee\/kaugseire\/kaugseiret-tutvustavad-videod\" target=\"_blank\" title=\"\" rel=\"noopener\">Videod<\/a>\n\t\t\t<\/li>\n<li style=\"margin-left: 40px\">\n\t\t\t\t<span class=\"file media-element file-os-files-link\" data-file_info=\"%7B%22fid%22:%2237606%22,%22view_mode%22:%22os_files_link%22,%22type%22:%22media%22%7D\"><img decoding=\"async\" alt=\"\" class=\"file-icon\" src=\"\/profiles\/openscholar\/modules\/os\/modules\/os_files\/icons\/application-pdf.svg\"> <a href=\"https:\/\/sisu.ut.ee\/wp-content\/uploads\/sites\/340\/kaugseire_tooleht.pdf\">T\u00f6\u00f6lehed<\/a><\/span>\n\t\t\t<\/li>\n<\/ul>\n<\/li>\n<\/ul>\n<p>\n\tKooli kanda j\u00e4\u00e4vad kulud r\u00e4ndn\u00e4ituse oma kooli toimetamiseks.\u00a0\n<\/p>\n<p>\n\tN\u00e4itus j\u00e4\u00e4b kooli kaheks n\u00e4dalaks. Paralleelselt ringleb m\u00f6\u00f6da Eestit kaks identset n\u00e4itust.\n<\/p>\n<p>\n\t<strong>N\u00e4ituse tellimine: <\/strong> <a href=\"mailto:tovisit@ut.ee\">tovisit@ut.ee<\/a>\n<\/p>\n<p>\n\t\u00a0<\/p>\n","protected":false},"excerpt":{"rendered":"<p>Tere, Maa! Keskkonnainvesteeringute Keskuse abil on Tartu Observatooriumi teadlased kokku pannud n\u00e4ituse tutvustamaks \u00f6koloogilise tasakaalu olulisust l\u00e4bi t\u00e4nap\u00e4evase kosmosetehnoloogia rakenduse \u2013\u00a0satelliitkaugseire. R\u00e4ndn\u00e4itus koosneb viiest\u00a0riputatavast postrist, mille m\u00f5\u00f5tmed on 1 m x\u00a01,2 m, ja viiest\u00a0roll-up-stendist.\u00a0Materjali poolest on postrid k\u00fcllatki kerged ning &#8230;<\/p>\n","protected":false},"author":179,"featured_media":0,"parent":0,"menu_order":0,"comment_status":"closed","ping_status":"closed","template":"","meta":{"_acf_changed":false,"inline_featured_image":false,"footnotes":""},"class_list":["post-66","page","type-page","status-publish","hentry"],"acf":[],"_links":{"self":[{"href":"https:\/\/sisu.ut.ee\/kaugseire\/wp-json\/wp\/v2\/pages\/66","targetHints":{"allow":["GET"]}}],"collection":[{"href":"https:\/\/sisu.ut.ee\/kaugseire\/wp-json\/wp\/v2\/pages"}],"about":[{"href":"https:\/\/sisu.ut.ee\/kaugseire\/wp-json\/wp\/v2\/types\/page"}],"author":[{"embeddable":true,"href":"https:\/\/sisu.ut.ee\/kaugseire\/wp-json\/wp\/v2\/users\/179"}],"replies":[{"embeddable":true,"href":"https:\/\/sisu.ut.ee\/kaugseire\/wp-json\/wp\/v2\/comments?post=66"}],"version-history":[{"count":1,"href":"https:\/\/sisu.ut.ee\/kaugseire\/wp-json\/wp\/v2\/pages\/66\/revisions"}],"predecessor-version":[{"id":474,"href":"https:\/\/sisu.ut.ee\/kaugseire\/wp-json\/wp\/v2\/pages\/66\/revisions\/474"}],"wp:attachment":[{"href":"https:\/\/sisu.ut.ee\/kaugseire\/wp-json\/wp\/v2\/media?parent=66"}],"curies":[{"name":"wp","href":"https:\/\/api.w.org\/{rel}","templated":true}]}}