{"id":63,"date":"2024-04-04T04:50:57","date_gmt":"2024-04-04T01:50:57","guid":{"rendered":"https:\/\/sisu.ut.ee\/kaugseire\/sentinel-1-koolitus\/"},"modified":"2024-04-30T13:15:08","modified_gmt":"2024-04-30T10:15:08","slug":"sentinel-1-koolitus","status":"publish","type":"page","link":"https:\/\/sisu.ut.ee\/kaugseire\/sentinel-1-koolitus\/","title":{"rendered":"Sentinel-1 koolitus"},"content":{"rendered":"<p>Sentinel-1 andmete kasutamine loob meile mitmeid v\u00f5imalusi luua uusi teenuseid, teha teadusp\u00f5hiseid otsuseid. Selleks on aga vaja teada satelliidiandmete kasutamise p\u00f5him\u00f5tteid, kuid samuti piiranguid. Tartu observatooriumi radarkaugseire t\u00f6\u00f6r\u00fchma juht dr Kaupo Voormansik on viinud l\u00e4bi mitmeid Sentine-1 andmete kasutamise koolitusi.<\/p>\n<p><span class=\"file media-element file-os-files-link\" data-file_info=\"%7B%22fid%22:%2237597%22,%22view_mode%22:%22os_files_link%22,%22type%22:%22media%22%7D\"><img decoding=\"async\" class=\"file-icon\" src=\"\/profiles\/openscholar\/modules\/os\/modules\/os_files\/icons\/application-pdf.svg\" alt=\"\"> <a href=\"https:\/\/sisu.ut.ee\/wp-content\/uploads\/sites\/340\/tehisava-radar.pdf\">Esitlus: Tehisava-radari (SAR) p\u00f5hialused, pildi moodustamine, radaripiltide t\u00f6\u00f6tlemise p\u00f5him\u00f5tted.<\/a><\/span><\/p>\n<p style=\"margin-left: 40px;\">Sentinel-1 andmed ja Sentinel-1 Toolboxi tarkvara funktsionaalsuse \u00fclevaade.<\/p>\n<p><\/p><div class=\"ratio ratio-16x9 mb-3\"><div class=\"video-placeholder-wrapper video-placeholder-wrapper--16x9\">\n\t\t\t    <div class=\"video-placeholder d-flex justify-content-center align-items-center\">\n\t\t\t        <div class=\"overlay text-white p-2 w-100 text-center d-block justify-content-center align-items-center\">\n\t\t\t            <div>Kolmandate osapoolte sisu n\u00e4gemiseks palun n\u00f5ustu k\u00fcpsistega.<\/div>\n\t\t\t            <button class=\"btn btn-secondary btn-sm mt-1 consent-change\">Muuda n\u00f5usolekut<\/button>\n\t\t\t        <\/div>\n\t\t\t    <\/div>\n\t\t\t<\/div>\n<\/div>\n<p style=\"margin-left: 40px;\">Rakenduste n\u00e4ited: lageraie-alade kaardistamine, \u00fcleujutuste kaarditsamine.<\/p>\n<p><\/p><div class=\"ratio ratio-16x9 mb-3\"><div class=\"video-placeholder-wrapper video-placeholder-wrapper--16x9\">\n\t\t\t    <div class=\"video-placeholder d-flex justify-content-center align-items-center\">\n\t\t\t        <div class=\"overlay text-white p-2 w-100 text-center d-block justify-content-center align-items-center\">\n\t\t\t            <div>Kolmandate osapoolte sisu n\u00e4gemiseks palun n\u00f5ustu k\u00fcpsistega.<\/div>\n\t\t\t            <button class=\"btn btn-secondary btn-sm mt-1 consent-change\">Muuda n\u00f5usolekut<\/button>\n\t\t\t        <\/div>\n\t\t\t    <\/div>\n\t\t\t<\/div>\n<\/div>\n<p style=\"margin-left: 40px;\">\n<\/p>","protected":false},"excerpt":{"rendered":"<p>Sentinel-1 andmete kasutamine loob meile mitmeid v\u00f5imalusi luua uusi teenuseid, teha teadusp\u00f5hiseid otsuseid. Selleks on aga vaja teada satelliidiandmete kasutamise p\u00f5him\u00f5tteid, kuid samuti piiranguid. Tartu observatooriumi radarkaugseire t\u00f6\u00f6r\u00fchma juht dr Kaupo Voormansik on viinud l\u00e4bi mitmeid Sentine-1 andmete kasutamise koolitusi. &#8230;<\/p>\n","protected":false},"author":179,"featured_media":0,"parent":0,"menu_order":0,"comment_status":"closed","ping_status":"closed","template":"","meta":{"_acf_changed":false,"inline_featured_image":false,"footnotes":""},"class_list":["post-63","page","type-page","status-publish","hentry"],"acf":[],"_links":{"self":[{"href":"https:\/\/sisu.ut.ee\/kaugseire\/wp-json\/wp\/v2\/pages\/63","targetHints":{"allow":["GET"]}}],"collection":[{"href":"https:\/\/sisu.ut.ee\/kaugseire\/wp-json\/wp\/v2\/pages"}],"about":[{"href":"https:\/\/sisu.ut.ee\/kaugseire\/wp-json\/wp\/v2\/types\/page"}],"author":[{"embeddable":true,"href":"https:\/\/sisu.ut.ee\/kaugseire\/wp-json\/wp\/v2\/users\/179"}],"replies":[{"embeddable":true,"href":"https:\/\/sisu.ut.ee\/kaugseire\/wp-json\/wp\/v2\/comments?post=63"}],"version-history":[{"count":2,"href":"https:\/\/sisu.ut.ee\/kaugseire\/wp-json\/wp\/v2\/pages\/63\/revisions"}],"predecessor-version":[{"id":596,"href":"https:\/\/sisu.ut.ee\/kaugseire\/wp-json\/wp\/v2\/pages\/63\/revisions\/596"}],"wp:attachment":[{"href":"https:\/\/sisu.ut.ee\/kaugseire\/wp-json\/wp\/v2\/media?parent=63"}],"curies":[{"name":"wp","href":"https:\/\/api.w.org\/{rel}","templated":true}]}}