{"id":59,"date":"2024-04-04T04:50:57","date_gmt":"2024-04-04T01:50:57","guid":{"rendered":"https:\/\/sisu.ut.ee\/kaugseire\/eesti-kaugseirepaevade-ettekanded\/"},"modified":"2024-04-04T04:54:11","modified_gmt":"2024-04-04T01:54:11","slug":"eesti-kaugseirepaevade-ettekanded","status":"publish","type":"page","link":"https:\/\/sisu.ut.ee\/kaugseire\/eesti-kaugseirepaevade-ettekanded\/","title":{"rendered":"Eesti kaugseirep\u00e4evade ettekanded"},"content":{"rendered":"<p>\n\tEesti kaugseirep\u00e4evi on korraldanud\u00a0T\u00dc Tartu observatoorium koost\u00f6\u00f6s Eesti Maa\u00fclikooli ja Keskkonnaagentuuriga. Seni on toimunud neli Eesti kaugseirep\u00e4eva aastatel 2008, 2014, 2016 ja <a data-url=\"https:\/\/sisu.ut.ee\/kaugseire\/eesti-kaugseirep%C3%A4eva-ettekanded-2018-aastal?admin_panel=1\" href=\"https:\/\/sisu.ut.ee\/kaugseire\/eesti-kaugseirep%C3%A4eva-ettekanded-2018-aastal?admin_panel=1\" title=\"\">2018<\/a>. Kaugseirep\u00e4evade\u00a0ettekanded\u00a0puudutavad valkonna olulisi k\u00fcsimusi ja neid saab kasutada \u00f5ppematerjalina valdkonnaga tegelevetele spetsialistidele, eriala asjatundjatele ja tudengitele.\n<\/p>\n<p>\n\t\u00a0<\/p>\n","protected":false},"excerpt":{"rendered":"<p>Eesti kaugseirep\u00e4evi on korraldanud\u00a0T\u00dc Tartu observatoorium koost\u00f6\u00f6s Eesti Maa\u00fclikooli ja Keskkonnaagentuuriga. Seni on toimunud neli Eesti kaugseirep\u00e4eva aastatel 2008, 2014, 2016 ja 2018. Kaugseirep\u00e4evade\u00a0ettekanded\u00a0puudutavad valkonna olulisi k\u00fcsimusi ja neid saab kasutada \u00f5ppematerjalina valdkonnaga tegelevetele spetsialistidele, eriala asjatundjatele ja tudengitele. \u00a0<\/p>\n","protected":false},"author":179,"featured_media":0,"parent":0,"menu_order":0,"comment_status":"closed","ping_status":"closed","template":"","meta":{"_acf_changed":false,"inline_featured_image":false,"footnotes":""},"class_list":["post-59","page","type-page","status-publish","hentry"],"acf":[],"_links":{"self":[{"href":"https:\/\/sisu.ut.ee\/kaugseire\/wp-json\/wp\/v2\/pages\/59","targetHints":{"allow":["GET"]}}],"collection":[{"href":"https:\/\/sisu.ut.ee\/kaugseire\/wp-json\/wp\/v2\/pages"}],"about":[{"href":"https:\/\/sisu.ut.ee\/kaugseire\/wp-json\/wp\/v2\/types\/page"}],"author":[{"embeddable":true,"href":"https:\/\/sisu.ut.ee\/kaugseire\/wp-json\/wp\/v2\/users\/179"}],"replies":[{"embeddable":true,"href":"https:\/\/sisu.ut.ee\/kaugseire\/wp-json\/wp\/v2\/comments?post=59"}],"version-history":[{"count":1,"href":"https:\/\/sisu.ut.ee\/kaugseire\/wp-json\/wp\/v2\/pages\/59\/revisions"}],"predecessor-version":[{"id":481,"href":"https:\/\/sisu.ut.ee\/kaugseire\/wp-json\/wp\/v2\/pages\/59\/revisions\/481"}],"wp:attachment":[{"href":"https:\/\/sisu.ut.ee\/kaugseire\/wp-json\/wp\/v2\/media?parent=59"}],"curies":[{"name":"wp","href":"https:\/\/api.w.org\/{rel}","templated":true}]}}