{"id":3,"date":"2024-04-04T04:50:52","date_gmt":"2024-04-04T01:50:52","guid":{"rendered":"https:\/\/sisu.ut.ee\/kaugseire\/meediakajastus\/"},"modified":"2024-04-04T04:54:12","modified_gmt":"2024-04-04T01:54:12","slug":"meediakajastus","status":"publish","type":"page","link":"https:\/\/sisu.ut.ee\/kaugseire\/meediakajastus\/","title":{"rendered":"Meediakajastus"},"content":{"rendered":"<p>\n\t<strong>Valik kaugseireteemalisi\u00a0artikleid ja uudiseid<\/strong>\n<\/p>\n<p>\n\t<a data-url=\"https:\/\/www.pollumajandus.ee\/uudised\/2018\/09\/27\/alustati-pollumajanduse-suurandmete-susteemi-loomist\" href=\"https:\/\/www.pollumajandus.ee\/uudised\/2018\/09\/27\/alustati-pollumajanduse-suurandmete-susteemi-loomist\" title=\"\">Alustati p\u00f5llumajanduse suurandmete s\u00fcsteemi loomist<\/a>\n<\/p>\n<p>\n\t<a data-url=\"https:\/\/novaator.err.ee\/926191\/eesti-teadlased-uurisid-satellidipiltide-abil-suurt-vallrahu\" href=\"https:\/\/novaator.err.ee\/926191\/eesti-teadlased-uurisid-satellidipiltide-abil-suurt-vallrahu\" title=\"\">Eesti teadlased uurisid satelliidipiltide abil Suurt vallrahu<\/a>\n<\/p>\n<p>\n\t<a data-url=\"https:\/\/maablogi.wordpress.com\/2017\/08\/29\/satelliitandmed-aitavad-tuvastada-poldudel-toimuvaid-tegevusi\/\" href=\"https:\/\/maablogi.wordpress.com\/2017\/08\/29\/satelliitandmed-aitavad-tuvastada-poldudel-toimuvaid-tegevusi\/\" title=\"\">Satelliitandmed aitavad tuvastada p\u00f5ldudel toimuvaid tegevusi<\/a>\n<\/p>\n<p>\n\t<a data-url=\"https:\/\/novaator.err.ee\/684133\/alajoe-ttu-tudengisatelliit-on-sugiseks-valmis\" href=\"https:\/\/novaator.err.ee\/684133\/alajoe-ttu-tudengisatelliit-on-sugiseks-valmis\" title=\"\">Alaj\u00f5e: TT\u00dc tudengisatelliit on s\u00fcgiseks valmis<\/a>\n<\/p>\n<p>\n\t<a data-url=\"https:\/\/novaator.err.ee\/259724\/ttu-teadussekundid-satelliitpildid-merekeskkonna-seires\" href=\"https:\/\/novaator.err.ee\/259724\/ttu-teadussekundid-satelliitpildid-merekeskkonna-seires\" title=\"\">TT\u00dc teadussekundid: satelliidipildid merekeskkonna seires<\/a>\n<\/p>\n<p>\n\t<a data-url=\"https:\/\/novaator.err.ee\/258245\/metsik-teadusvideo-laseriga-metsa-katsumas\" href=\"https:\/\/novaator.err.ee\/258245\/metsik-teadusvideo-laseriga-metsa-katsumas\" title=\"\">Metsik teadusvideo: laseriga metsa katsumas<\/a>\n<\/p>\n<p>\n\t<a data-url=\"https:\/\/novaator.err.ee\/256079\/sentinel-1-viib-eesti-radarseire-uuele-tasemele\" href=\"https:\/\/novaator.err.ee\/256079\/sentinel-1-viib-eesti-radarseire-uuele-tasemele\" title=\"\">Sentinel-1 viib Eesti radarseire uuele tasemele<\/a>\n<\/p>\n<p>\n\t<a data-url=\"https:\/\/novaator.err.ee\/254290\/el-i-copernicuse-programm-saab-alguse\" href=\"https:\/\/novaator.err.ee\/254290\/el-i-copernicuse-programm-saab-alguse\" title=\"\">EL-i Copernicuse programm saab alguse<\/a>\n<\/p>\n<p>\n\t<a data-url=\"https:\/\/novaator.err.ee\/543875\/eesti-teadlased-kalibreerivad-maailma-tapseimat-satelliiti\" href=\"https:\/\/novaator.err.ee\/543875\/eesti-teadlased-kalibreerivad-maailma-tapseimat-satelliiti\" title=\"\">Eesti teadlased kalibreerivad maailma t\u00e4pseimat satelliiti<\/a>\n<\/p>\n<p>\n\t<a data-url=\"https:\/\/www.err.ee\/333319\/eesti-esimene-satelliit-joudis-tana-edukalt-orbiidile\" href=\"https:\/\/www.err.ee\/333319\/eesti-esimene-satelliit-joudis-tana-edukalt-orbiidile\" title=\"\">Eesti esimene satelliit j\u00f5udis t\u00e4na edukalt orbiidile<\/a>\n<\/p>\n<p>\n\t<a data-url=\"http:\/\/eestiloodus.horisont.ee\/index.php?id=2724&amp;id_a=2720\" href=\"http:\/\/eestiloodus.horisont.ee\/index.php?id=2724&amp;id_a=2720\" title=\"\">K\u00f5nekad satelliidipildid: suurvesi kevadel 2010<\/a>\n<\/p>\n<p>\n\t<a data-url=\"https:\/\/novaator.err.ee\/541103\/eesti-uleujutusi-saab-vaadata-satelliitkaardilt\" href=\"https:\/\/novaator.err.ee\/541103\/eesti-uleujutusi-saab-vaadata-satelliitkaardilt\" title=\"\">Eesti \u00fcleujutusi saab vaadata satelliitkaardilt<\/a>\n<\/p>\n<p>\n\t<a data-url=\"http:\/\/eestiloodus.horisont.ee\/index.php?id=2724&amp;id_a=2720\" href=\"http:\/\/eestiloodus.horisont.ee\/index.php?id=2724&amp;id_a=2720\" title=\"\">Sada aastat aerofotograafiat<\/a>\n<\/p>\n<p>\n\t<a data-url=\"http:\/\/www.eestiloodus.ee\/index.php?artikkel=1001\" href=\"http:\/\/www.eestiloodus.ee\/index.php?artikkel=1001\" title=\"\">Kuidas tehiskaaslaste abil veekogusid uuritakse<\/a><\/p>\n","protected":false},"excerpt":{"rendered":"<p>Valik kaugseireteemalisi\u00a0artikleid ja uudiseid Alustati p\u00f5llumajanduse suurandmete s\u00fcsteemi loomist Eesti teadlased uurisid satelliidipiltide abil Suurt vallrahu Satelliitandmed aitavad tuvastada p\u00f5ldudel toimuvaid tegevusi Alaj\u00f5e: TT\u00dc tudengisatelliit on s\u00fcgiseks valmis TT\u00dc teadussekundid: satelliidipildid merekeskkonna seires Metsik teadusvideo: laseriga metsa katsumas Sentinel-1 viib &#8230;<\/p>\n","protected":false},"author":179,"featured_media":0,"parent":0,"menu_order":0,"comment_status":"closed","ping_status":"closed","template":"","meta":{"_acf_changed":false,"inline_featured_image":false,"footnotes":""},"class_list":["post-3","page","type-page","status-publish","hentry"],"acf":[],"_links":{"self":[{"href":"https:\/\/sisu.ut.ee\/kaugseire\/wp-json\/wp\/v2\/pages\/3","targetHints":{"allow":["GET"]}}],"collection":[{"href":"https:\/\/sisu.ut.ee\/kaugseire\/wp-json\/wp\/v2\/pages"}],"about":[{"href":"https:\/\/sisu.ut.ee\/kaugseire\/wp-json\/wp\/v2\/types\/page"}],"author":[{"embeddable":true,"href":"https:\/\/sisu.ut.ee\/kaugseire\/wp-json\/wp\/v2\/users\/179"}],"replies":[{"embeddable":true,"href":"https:\/\/sisu.ut.ee\/kaugseire\/wp-json\/wp\/v2\/comments?post=3"}],"version-history":[{"count":1,"href":"https:\/\/sisu.ut.ee\/kaugseire\/wp-json\/wp\/v2\/pages\/3\/revisions"}],"predecessor-version":[{"id":511,"href":"https:\/\/sisu.ut.ee\/kaugseire\/wp-json\/wp\/v2\/pages\/3\/revisions\/511"}],"wp:attachment":[{"href":"https:\/\/sisu.ut.ee\/kaugseire\/wp-json\/wp\/v2\/media?parent=3"}],"curies":[{"name":"wp","href":"https:\/\/api.w.org\/{rel}","templated":true}]}}