{"id":60,"date":"2024-04-04T00:41:51","date_gmt":"2024-04-03T21:41:51","guid":{"rendered":"https:\/\/sisu.ut.ee\/katsekoda1\/planeeritavad\/"},"modified":"2024-04-17T12:47:37","modified_gmt":"2024-04-17T09:47:37","slug":"planeeritavad","status":"publish","type":"page","link":"https:\/\/sisu.ut.ee\/katsekoda1\/planeeritavad\/","title":{"rendered":"Planeeritavad v\u00f5rdlusm\u00f5\u00f5tmised"},"content":{"rendered":"<p>Siin loetletud v\u00f5rdlus\u00f5\u00f5tmised on praegu kas kavandamisel v\u00f5i kaalumisel. Kui leiate, et m\u00f5ni nendest on Teile huvipakkuv, siis v\u00f5tke palun \u00fchendust Ivo Leito-ga (ivo.leito<img loading=\"lazy\" decoding=\"async\" src=\"http:\/\/www.ut.ee\/katsekoda\/atbw.gif\" width=\"12\" height=\"12\">ut.ee, 51 84 176).<\/p>\n<p>\u00a0<\/p>\n<h4>\u00a0<\/h4>\n<p>\u00a0<\/p>\n\n\n<div class=\"wp-block-group attached-files-group is-layout-constrained wp-block-group-is-layout-constrained\"><\/div>\n\n\n\n<p><\/p>\n","protected":false},"excerpt":{"rendered":"<p>Siin loetletud v\u00f5rdlus\u00f5\u00f5tmised on praegu kas kavandamisel v\u00f5i kaalumisel. Kui leiate, et m\u00f5ni nendest on Teile huvipakkuv, siis v\u00f5tke palun \u00fchendust Ivo Leito-ga (ivo.leitout.ee, 51 84 176). \u00a0 \u00a0 \u00a0<\/p>\n","protected":false},"author":61,"featured_media":0,"parent":0,"menu_order":0,"comment_status":"closed","ping_status":"closed","template":"","meta":{"_acf_changed":false,"inline_featured_image":false,"footnotes":""},"class_list":["post-60","page","type-page","status-publish","hentry"],"acf":[],"_links":{"self":[{"href":"https:\/\/sisu.ut.ee\/katsekoda1\/wp-json\/wp\/v2\/pages\/60","targetHints":{"allow":["GET"]}}],"collection":[{"href":"https:\/\/sisu.ut.ee\/katsekoda1\/wp-json\/wp\/v2\/pages"}],"about":[{"href":"https:\/\/sisu.ut.ee\/katsekoda1\/wp-json\/wp\/v2\/types\/page"}],"author":[{"embeddable":true,"href":"https:\/\/sisu.ut.ee\/katsekoda1\/wp-json\/wp\/v2\/users\/61"}],"replies":[{"embeddable":true,"href":"https:\/\/sisu.ut.ee\/katsekoda1\/wp-json\/wp\/v2\/comments?post=60"}],"version-history":[{"count":3,"href":"https:\/\/sisu.ut.ee\/katsekoda1\/wp-json\/wp\/v2\/pages\/60\/revisions"}],"predecessor-version":[{"id":616,"href":"https:\/\/sisu.ut.ee\/katsekoda1\/wp-json\/wp\/v2\/pages\/60\/revisions\/616"}],"wp:attachment":[{"href":"https:\/\/sisu.ut.ee\/katsekoda1\/wp-json\/wp\/v2\/media?parent=60"}],"curies":[{"name":"wp","href":"https:\/\/api.w.org\/{rel}","templated":true}]}}