{"id":56,"date":"2024-04-04T00:41:51","date_gmt":"2024-04-03T21:41:51","guid":{"rendered":"https:\/\/sisu.ut.ee\/katsekoda1\/toiduolid\/"},"modified":"2024-04-09T10:26:34","modified_gmt":"2024-04-09T07:26:34","slug":"toiduolid","status":"publish","type":"page","link":"https:\/\/sisu.ut.ee\/katsekoda1\/toiduolid\/","title":{"rendered":"Toidu\u00f5lide v\u00f5rdlusm\u00f5\u00f5tmised"},"content":{"rendered":"<table class=\"table table-hover\" style=\"width: 850px;\">\n<tbody>\n<tr>\n<td>\n<h3><span style=\"font-size: medium;\"><strong>Toidu\u00f5lide parameetrite v\u00f5rdlusm\u00f5\u00f5tmine EstOil-8 (2013)<\/strong><\/span><\/h3>\n<\/td>\n<td><a href=\"https:\/\/sisu.ut.ee\/wp-content\/uploads\/sites\/131\/estoil-8_final_report.pdf\" data-fid=\"10061\">V\u00f5rdlusm\u00f5\u00f5tmise l\u00f5pparuanne<\/a><\/td>\n<\/tr>\n<tr>\n<td>\n<h3><span style=\"font-size: medium;\"><strong>Toidu\u00f5lide parameetrite v\u00f5rdlusm\u00f5\u00f5tmine EstOil-7 (2011)<\/strong><\/span><\/h3>\n<\/td>\n<td><a href=\"https:\/\/sisu.ut.ee\/wp-content\/uploads\/sites\/131\/estoil-7_final_report.pdf\" data-fid=\"10062\">V\u00f5rdlusm\u00f5\u00f5tmise l\u00f5pparuanne<\/a><\/td>\n<\/tr>\n<tr style=\"height: 30px;\">\n<td>\n<h3><strong style=\"font-size: medium; color: inherit; font-family: inherit; line-height: 1.1; background-color: transparent;\">Toidu\u00f5lide parameetrite v\u00f5rdlusm\u00f5\u00f5tmine EstOil-6 (2010)<\/strong><\/h3>\n<\/td>\n<td><a href=\"https:\/\/sisu.ut.ee\/wp-content\/uploads\/sites\/131\/estoil-6_final_report.pdf\" data-fid=\"10063\">V\u00f5rdlusm\u00f5\u00f5tmise l\u00f5pparuanne<\/a><\/td>\n<\/tr>\n<tr>\n<td>\n<h3><span style=\"font-size: medium;\"><strong>Toidu\u00f5lide parameetrite v\u00f5rdlusm\u00f5\u00f5tmine EstOil-5 (2009)<\/strong><\/span><\/h3>\n<\/td>\n<td><a href=\"https:\/\/sisu.ut.ee\/wp-content\/uploads\/sites\/131\/estoil-5_final_report.pdf\" data-fid=\"10064\">V\u00f5rdlusm\u00f5\u00f5tmise l\u00f5pparuanne<\/a><\/td>\n<\/tr>\n<tr>\n<td>\n<h3><span style=\"font-size: medium;\"><strong>Toidu\u00f5lide parameetrite v\u00f5rdlusm\u00f5\u00f5tmine EstOil-4 (2008)<\/strong><\/span><\/h3>\n<\/td>\n<td><a href=\"https:\/\/sisu.ut.ee\/wp-content\/uploads\/sites\/131\/estoil-4_final_report.pdf\" data-fid=\"10065\">V\u00f5rdlusm\u00f5\u00f5tmise l\u00f5pparuanne<\/a><\/td>\n<\/tr>\n<tr>\n<td>\n<h3><span style=\"font-size: medium;\"><strong>Toidu\u00f5lide parameetrite v\u00f5rdlusm\u00f5\u00f5tmine EstOil-3 (2007)<\/strong><\/span><\/h3>\n<p>M\u00f5\u00f5detavateks parameetriteks olid niiskuse sisaldus, vabade rasvhapete sisaldus, peroksiidarv, seebistusarv, beetasitosterooli sisaldus rafineeritud rapsi\u00f5lis ja fosfori sisaldus rapsitoor\u00f5lis.\u00a0Osalejad olid Eestist, Albaaniast, Bosniast, Horvaatiast, K\u00fcproselt, Saksamaalt, Kreekast, Ungarist, L\u00e4tist, Poolast, Rumeeniast, Slovakkiast, Sloveeniast ja T\u00fcrgist.<\/p><\/td>\n<td><a href=\"https:\/\/sisu.ut.ee\/wp-content\/uploads\/sites\/131\/estoil-3_final_report.pdf\" data-fid=\"10066\"><br>\n<\/a><a href=\"https:\/\/sisu.ut.ee\/wp-content\/uploads\/sites\/131\/estoil-3_final_report.pdf\" data-fid=\"10066\">V\u00f5rdlusm\u00f5\u00f5tmise l\u00f5pparuanne<\/a><\/td>\n<\/tr>\n<tr>\n<td>\n<h3><span style=\"font-size: medium;\"><strong>Toidu\u00f5lide parameetrite v\u00f5rdlusm\u00f5\u00f5tmine Estoil-2 (2006)<\/strong><\/span><\/h3>\n<p><span style=\"line-height: 21px; background-color: transparent;\">V\u00f5rdlusm\u00f5\u00f5tmine on l\u00f5ppenud. M\u00f5\u00f5detavateks parameetriteks olid\u00a0niiskuse sisaldus, vabade rasvhapete sisaldus, peroksiidarv ja fosfori sisaldus rapsitoor\u00f5lis. Osalejad olid Eestist, L\u00e4tist, Sloveeniast,\u00a0Rumeeniast ja Ungarist.<\/span><\/p><\/td>\n<td><a href=\"https:\/\/sisu.ut.ee\/wp-content\/uploads\/sites\/131\/estoil-2_2006_final_report.pdf\" data-fid=\"10067\">V\u00f5rdlusm\u00f5\u00f5tmise l\u00f5pparuanne<\/a><\/td>\n<\/tr>\n<tr>\n<td>\n<h3><span style=\"font-size: medium;\"><strong>Toidu\u00f5lide v\u00f5rdlusm\u00f5\u00f5tmine EstOil-1 (2005)<\/strong>\u00a0<\/span><\/h3>\n<p><span style=\"line-height: 21px; background-color: transparent;\">M\u00f5\u00f5detavad parameetrid: vabade rasvhapete sisaldus ja niiskuse sisaldus. Osalejad olid Eestist, L\u00e4tist, Leedust, Sloveeniast ja Rumeeniast.<\/span><\/p><\/td>\n<td><a href=\"https:\/\/sisu.ut.ee\/wp-content\/uploads\/sites\/131\/estoil_1_rep_final.pdf\" data-fid=\"10060\">V\u00f5rdlusm\u00f5\u00f5tmise l\u00f5pparuanne<\/a><\/td>\n<\/tr>\n<\/tbody>\n<\/table>\n","protected":false},"excerpt":{"rendered":"<p>Toidu\u00f5lide parameetrite v\u00f5rdlusm\u00f5\u00f5tmine EstOil-8 (2013) V\u00f5rdlusm\u00f5\u00f5tmise l\u00f5pparuanne Toidu\u00f5lide parameetrite v\u00f5rdlusm\u00f5\u00f5tmine EstOil-7 (2011) V\u00f5rdlusm\u00f5\u00f5tmise l\u00f5pparuanne Toidu\u00f5lide parameetrite v\u00f5rdlusm\u00f5\u00f5tmine EstOil-6 (2010) V\u00f5rdlusm\u00f5\u00f5tmise l\u00f5pparuanne Toidu\u00f5lide parameetrite v\u00f5rdlusm\u00f5\u00f5tmine EstOil-5 (2009) V\u00f5rdlusm\u00f5\u00f5tmise l\u00f5pparuanne Toidu\u00f5lide parameetrite v\u00f5rdlusm\u00f5\u00f5tmine EstOil-4 (2008) V\u00f5rdlusm\u00f5\u00f5tmise l\u00f5pparuanne Toidu\u00f5lide parameetrite v\u00f5rdlusm\u00f5\u00f5tmine EstOil-3 (2007) &#8230;<\/p>\n","protected":false},"author":61,"featured_media":0,"parent":0,"menu_order":0,"comment_status":"closed","ping_status":"closed","template":"","meta":{"_acf_changed":false,"inline_featured_image":false,"footnotes":""},"class_list":["post-56","page","type-page","status-publish","hentry"],"acf":[],"_links":{"self":[{"href":"https:\/\/sisu.ut.ee\/katsekoda1\/wp-json\/wp\/v2\/pages\/56","targetHints":{"allow":["GET"]}}],"collection":[{"href":"https:\/\/sisu.ut.ee\/katsekoda1\/wp-json\/wp\/v2\/pages"}],"about":[{"href":"https:\/\/sisu.ut.ee\/katsekoda1\/wp-json\/wp\/v2\/types\/page"}],"author":[{"embeddable":true,"href":"https:\/\/sisu.ut.ee\/katsekoda1\/wp-json\/wp\/v2\/users\/61"}],"replies":[{"embeddable":true,"href":"https:\/\/sisu.ut.ee\/katsekoda1\/wp-json\/wp\/v2\/comments?post=56"}],"version-history":[{"count":9,"href":"https:\/\/sisu.ut.ee\/katsekoda1\/wp-json\/wp\/v2\/pages\/56\/revisions"}],"predecessor-version":[{"id":337,"href":"https:\/\/sisu.ut.ee\/katsekoda1\/wp-json\/wp\/v2\/pages\/56\/revisions\/337"}],"wp:attachment":[{"href":"https:\/\/sisu.ut.ee\/katsekoda1\/wp-json\/wp\/v2\/media?parent=56"}],"curies":[{"name":"wp","href":"https:\/\/api.w.org\/{rel}","templated":true}]}}