{"id":14,"date":"2024-04-04T00:41:49","date_gmt":"2024-04-03T21:41:49","guid":{"rendered":"https:\/\/sisu.ut.ee\/katsekoda1\/keskkonnaanaluusid\/"},"modified":"2025-05-07T11:06:48","modified_gmt":"2025-05-07T08:06:48","slug":"keskkonnaanaluusid","status":"publish","type":"page","link":"https:\/\/sisu.ut.ee\/katsekoda1\/teenused\/keskkonnaanaluusid\/","title":{"rendered":"Keskkonnaanal\u00fc\u00fcsi labor"},"content":{"rendered":"<p>\u00a0T\u00dc katsekoja keskkonnaanal\u00fc\u00fcsi labor omab pikaajalist kogemust vee keemiliste anal\u00fc\u00fcsidega ning reoveepuhastuse tehnoloogiate valdkonnas. <\/p>\n\n\n\n<p>Reovee ja heitvee 6 p\u00f5hin\u00e4itaja keemilised anal\u00fc\u00fcsid on <a href=\"https:\/\/www.eak.ee\/dokumendid\/pdf\/kasitlusala\/L151.pdf\"><strong>akrediteerimisulatuses<\/strong><\/a>, kuid teostatakse ka palju muid keemilisi anal\u00fc\u00fcse nii veest kui ka tahketest proovidest (aktiivmuda, reoveesete jne), mille metoodikad ei ole akrediteerimisulatuses.<\/p>\n\n\n\n<p>Lisaks viiakse l\u00e4bi reoveepuhastite protsessiuuringuid, mille abil saab hinnata t\u00f6\u00f6stusreovee m\u00f5ju reoveepuhastusprotsessidele (nitrifikatsiooni, denitrifikatsiooni ja hapnikutarbe inhibitsiooni testid ning reovee biolagundatavuse m\u00e4\u00e4ramine). <\/p>\n\n\n\n<p>T\u00e4psema info saamiseks vaadake: <a href=\"https:\/\/sisu.ut.ee\/katsekoda1\/teenused\/\" data-type=\"page\" data-id=\"6\"><strong>teenused<\/strong><\/a> v\u00f5i v\u00f5tke laboriga \u00fchendust: <a href=\"https:\/\/sisu.ut.ee\/katsekoda1\/kontakt\/\" data-type=\"page\" data-id=\"5\"><strong>kontaktid<\/strong><\/a>.<\/p>\n","protected":false},"excerpt":{"rendered":"<p>\u00a0T\u00dc katsekoja keskkonnaanal\u00fc\u00fcsi labor omab pikaajalist kogemust vee keemiliste anal\u00fc\u00fcsidega ning reoveepuhastuse tehnoloogiate valdkonnas. Reovee ja heitvee 6 p\u00f5hin\u00e4itaja keemilised anal\u00fc\u00fcsid on akrediteerimisulatuses, kuid teostatakse ka palju muid keemilisi anal\u00fc\u00fcse nii veest kui ka tahketest proovidest (aktiivmuda, reoveesete jne), mille &#8230;<\/p>\n","protected":false},"author":498,"featured_media":0,"parent":6,"menu_order":0,"comment_status":"closed","ping_status":"closed","template":"","meta":{"_acf_changed":false,"inline_featured_image":false,"footnotes":""},"class_list":["post-14","page","type-page","status-publish","hentry"],"acf":[],"_links":{"self":[{"href":"https:\/\/sisu.ut.ee\/katsekoda1\/wp-json\/wp\/v2\/pages\/14","targetHints":{"allow":["GET"]}}],"collection":[{"href":"https:\/\/sisu.ut.ee\/katsekoda1\/wp-json\/wp\/v2\/pages"}],"about":[{"href":"https:\/\/sisu.ut.ee\/katsekoda1\/wp-json\/wp\/v2\/types\/page"}],"author":[{"embeddable":true,"href":"https:\/\/sisu.ut.ee\/katsekoda1\/wp-json\/wp\/v2\/users\/498"}],"replies":[{"embeddable":true,"href":"https:\/\/sisu.ut.ee\/katsekoda1\/wp-json\/wp\/v2\/comments?post=14"}],"version-history":[{"count":4,"href":"https:\/\/sisu.ut.ee\/katsekoda1\/wp-json\/wp\/v2\/pages\/14\/revisions"}],"predecessor-version":[{"id":989,"href":"https:\/\/sisu.ut.ee\/katsekoda1\/wp-json\/wp\/v2\/pages\/14\/revisions\/989"}],"up":[{"embeddable":true,"href":"https:\/\/sisu.ut.ee\/katsekoda1\/wp-json\/wp\/v2\/pages\/6"}],"wp:attachment":[{"href":"https:\/\/sisu.ut.ee\/katsekoda1\/wp-json\/wp\/v2\/media?parent=14"}],"curies":[{"name":"wp","href":"https:\/\/api.w.org\/{rel}","templated":true}]}}