{"id":23,"date":"2024-04-04T08:52:36","date_gmt":"2024-04-04T05:52:36","guid":{"rendered":"https:\/\/sisu.ut.ee\/karjaarivarav\/tooelu-planeerimine\/"},"modified":"2024-11-06T17:07:29","modified_gmt":"2024-11-06T15:07:29","slug":"tooelu-planeerimine","status":"publish","type":"page","link":"https:\/\/sisu.ut.ee\/karjaarivarav\/tooelu-planeerimine\/","title":{"rendered":"T\u00f6\u00f6elu planeerimine"},"content":{"rendered":"<figure class=\"wp-block-image aligncenter size-large is-resized\"><img loading=\"lazy\" decoding=\"async\" width=\"1024\" height=\"576\" src=\"https:\/\/sisu.ut.ee\/wp-content\/uploads\/sites\/644\/tooelu_planeerimine-1024x576.jpg\" alt=\"T\u00f6\u00f6elu\" class=\"wp-image-46\" style=\"aspect-ratio:16\/9;object-fit:cover;width:953px\" title=\"tooelu_planeerimine.jpg\" srcset=\"https:\/\/sisu.ut.ee\/wp-content\/uploads\/sites\/644\/tooelu_planeerimine-1024x576.jpg 1024w, https:\/\/sisu.ut.ee\/wp-content\/uploads\/sites\/644\/tooelu_planeerimine-300x169.jpg 300w, https:\/\/sisu.ut.ee\/wp-content\/uploads\/sites\/644\/tooelu_planeerimine-768x432.jpg 768w, https:\/\/sisu.ut.ee\/wp-content\/uploads\/sites\/644\/tooelu_planeerimine-1536x864.jpg 1536w, https:\/\/sisu.ut.ee\/wp-content\/uploads\/sites\/644\/tooelu_planeerimine.jpg 1920w\" sizes=\"auto, (max-width: 1024px) 100vw, 1024px\"><\/figure>\n\n\n\n<div class=\"media-element file-default\" data-file_info=\"%7B%22fid%22:82929,%22view_mode%22:%22default%22,%22type%22:%22media%22%7D\"><\/div>\n\n\n\n<p>Kuna t\u00f6\u00f6 moodustab suure osa meie elust, on t\u00e4htis seda sihilikult planeerida. Nii on v\u00f5imalik oma elus toimuvat teadlikult juhtida ja karj\u00e4\u00e4rieesm\u00e4rke saavutada. Sellelt lehelt leiad kasulikke suuniseid, mis aitavad sul leida t\u00f6\u00f6maailma mitmekesiste v\u00f5imaluste seast endale sobiv.<\/p>\n\n\n\n<p><strong>T\u00f6\u00f6elu planeerimisel <\/strong>on kasulik toetuda neljale osale.<\/p>\n\n\n<div class=\"accordion-block mb-3\">\n\t\t<div class=\"accordion \" id=\"accordion-accordion-69da60041d191\">\n\t\t\t\t\t\t\t<div class=\"accordion-item accordion-item--blue\">\n\t\t\t\t\t<h2 class=\"accordion-header\" id=\"accordion-69da60041d191-heading-1\">\n\t\t\t\t\t\t<button class=\"accordion-button collapsed\" type=\"button\" data-bs-toggle=\"collapse\" data-bs-target=\"#accordion-69da60041d191-collapse-1\" aria-expanded=\"true\" aria-controls=\"accordion-69da60041d191-collapse-1\">\n\t\t\t\t\t\t\tEnese tundma\u00f5ppimine \n\t\t\t\t\t\t<\/button>\n\t\t\t\t\t<\/h2>\n\t\t\t\t\t<div id=\"accordion-69da60041d191-collapse-1\" class=\"accordion-collapse collapse \" aria-labelledby=\"accordion-69da60041d191-heading-1\">\n\t\t\t\t\t\t<div class=\"accordion-body\">\n\t\t\t\t\t\t\t<p>T\u00f6\u00f6elu planeerimisel tasub alustada eneseanal\u00fc\u00fcsist. Kui Sa tead, mis Sulle huvi pakub, on lihtsam selgeid sihte seada ja nendeni j\u00f5uda. M\u00f5tle j\u00e4rgmistele k\u00fcsimustele.<\/p>\n<ul>\n<li>Millised teemad Sind huvitavad ja mida Sulle teha meeldib?<\/li>\n<li>Kuidas Sulle meeldib t\u00f6\u00f6tada ja tegutseda?<\/li>\n<li>Millised oskused on Sul juba olemas?<\/li>\n<li>Milline oled inimesena ja mida pead enda tugevateks k\u00fclgedeks?<\/li>\n<li>Mis Sind motiveerib?<\/li>\n<li>Mida pead elus oluliseks ja millest unistad?<\/li>\n<li>Milline on Sinu varasem t\u00f6\u00f6kogemus ja mida oled eri ametikohtadel enda kohta \u00f5ppinud?<\/li>\n<li>Mida soovid endas veel arendada?<\/li>\n<li>Milliseid kogemusi ja tutvusi soovid t\u00f6\u00f6kohas saada?<\/li>\n<\/ul>\n\n\t\t\t\t\t\t<\/div>\n\t\t\t\t\t<\/div>\n\t\t\t\t<\/div>\n\t\t\t\t\t\t\t<div class=\"accordion-item accordion-item--blue\">\n\t\t\t\t\t<h2 class=\"accordion-header\" id=\"accordion-69da60041d191-heading-2\">\n\t\t\t\t\t\t<button class=\"accordion-button collapsed\" type=\"button\" data-bs-toggle=\"collapse\" data-bs-target=\"#accordion-69da60041d191-collapse-2\" aria-expanded=\"true\" aria-controls=\"accordion-69da60041d191-collapse-2\">\n\t\t\t\t\t\t\tV\u00f5imalustega tutvumine \n\t\t\t\t\t\t<\/button>\n\t\t\t\t\t<\/h2>\n\t\t\t\t\t<div id=\"accordion-69da60041d191-collapse-2\" class=\"accordion-collapse collapse \" aria-labelledby=\"accordion-69da60041d191-heading-2\">\n\t\t\t\t\t\t<div class=\"accordion-body\">\n\t\t\t\t\t\t\t<p>Et leida paljude t\u00f6\u00f6maailma v\u00f5imaluste seast enda jaoks parim ning sobitada see enda karj\u00e4\u00e4ritee ja sihtidega, pead viima end v\u00f5imalustega kurssi. M\u00f5tle j\u00e4rgmistele k\u00fcsimustele.<\/p>\n<ul>\n<li>Millises valdkonnas n\u00e4ed end t\u00f6\u00f6tamas?<\/li>\n<li>Milline t\u00f6\u00f6 v\u00f5imaldab Sul enda potentsiaali v\u00f5imalikult h\u00e4sti \u00e4ra kasutada ja end arendada?<\/li>\n<li>Millist t\u00f6\u00f6tamisviisi eelistad (nt t\u00e4is- v\u00f5i osakoormusega t\u00f6\u00f6, projektip\u00f5hine t\u00f6\u00f6, kaugt\u00f6\u00f6)?<\/li>\n<li>Mida Sinult kandideerimisel oodatakse?<\/li>\n<li>Mida pakub t\u00f6\u00f6andja tulevasele t\u00f6\u00f6tajale?<\/li>\n<li>Mida tead t\u00f6\u00f6andja tausta kohta?<\/li>\n<li>Kuidas toetab silma j\u00e4\u00e4nud t\u00f6\u00f6koht Sinu vajadusi ja mil viisil v\u00f5ib see tulla kasuks Sinu karj\u00e4\u00e4ri kujundamisel??<\/li>\n<\/ul>\n\n\t\t\t\t\t\t<\/div>\n\t\t\t\t\t<\/div>\n\t\t\t\t<\/div>\n\t\t\t\t\t\t\t<div class=\"accordion-item accordion-item--blue\">\n\t\t\t\t\t<h2 class=\"accordion-header\" id=\"accordion-69da60041d191-heading-3\">\n\t\t\t\t\t\t<button class=\"accordion-button collapsed\" type=\"button\" data-bs-toggle=\"collapse\" data-bs-target=\"#accordion-69da60041d191-collapse-3\" aria-expanded=\"true\" aria-controls=\"accordion-69da60041d191-collapse-3\">\n\t\t\t\t\t\t\tPlaneerimine\n\t\t\t\t\t\t<\/button>\n\t\t\t\t\t<\/h2>\n\t\t\t\t\t<div id=\"accordion-69da60041d191-collapse-3\" class=\"accordion-collapse collapse \" aria-labelledby=\"accordion-69da60041d191-heading-3\">\n\t\t\t\t\t\t<div class=\"accordion-body\">\n\t\t\t\t\t\t\t<p>T\u00f6\u00f6elu planeerimisel on kasulik arvestada oma huvisid, oskusi, omadusi ja v\u00e4\u00e4rtushinnanguid ning siduda neid oma praeguste ja kaugemate t\u00f6\u00f6alaste eesm\u00e4rkidega. M\u00f5tle l\u00e4bi ja pane enda jaoks kirja j\u00e4rgnev.<\/p>\n<ul>\n<li>Millised on Sinu karj\u00e4\u00e4rieesm\u00e4rgid?<\/li>\n<li>Milline t\u00f6\u00f6koht sobib Sinu huvide ja tulevikuplaanidega k\u00f5ige paremini?<\/li>\n<li>Millised on soovitud t\u00f6\u00f6koha eelised?<\/li>\n<li>Milliseid oskusi on vaja soovitud kohal t\u00f6\u00f6tamiseks juurde \u00f5ppida? Kus saad seda teha?<\/li>\n<li>Kas on veel mingeid lisategureid, mis m\u00f5jutavad Su otsuse tegemist?<\/li>\n<li>Millist t\u00f6\u00f6kohta eelistad ja miks?<\/li>\n<li>Milline on Sinu tegevus- ja ajakava?<\/li>\n<li>Milliseid takistusi v\u00f5ib soovitud t\u00f6\u00f6kohale kandideerimisel v\u00f5i t\u00f6\u00f6 k\u00e4igus ette tulla? Kuidas saaksid neid \u00fcletada?<\/li>\n<\/ul>\n\n\t\t\t\t\t\t<\/div>\n\t\t\t\t\t<\/div>\n\t\t\t\t<\/div>\n\t\t\t\t\t\t\t<div class=\"accordion-item accordion-item--blue\">\n\t\t\t\t\t<h2 class=\"accordion-header\" id=\"accordion-69da60041d191-heading-4\">\n\t\t\t\t\t\t<button class=\"accordion-button collapsed\" type=\"button\" data-bs-toggle=\"collapse\" data-bs-target=\"#accordion-69da60041d191-collapse-4\" aria-expanded=\"true\" aria-controls=\"accordion-69da60041d191-collapse-4\">\n\t\t\t\t\t\t\tTegutsemine\n\t\t\t\t\t\t<\/button>\n\t\t\t\t\t<\/h2>\n\t\t\t\t\t<div id=\"accordion-69da60041d191-collapse-4\" class=\"accordion-collapse collapse \" aria-labelledby=\"accordion-69da60041d191-heading-4\">\n\t\t\t\t\t\t<div class=\"accordion-body\">\n\t\t\t\t\t\t\t<p>Kui aja- ja tegevuskava on valmis, on hea sellele aeg-ajalt pilk peale heita ning veenduda, et oled j\u00e4rje peal. Samuti v\u00f5ib juhtuda, et plaani on vaja vahepeal muuta v\u00f5i korrigeerida. Niimoodi eesm\u00e4rgip\u00e4raselt tegutsedes on lihtsam tulemusi saavutada. Hinda enda tegutsemisvalmidust j\u00e4rgmistele k\u00fcsimustele vastates.<\/p>\n<ul>\n<li>Millised on need konkreetsed sammud, mida tegevusplaani p\u00f5hjal teed?<\/li>\n<li>Kas oled oma plaanide elluviimisel ning uute v\u00f5imaluste leidmisel sihikindel ja julge tegutseja?<\/li>\n<li>Kas oled oma plaanide realiseerimisel avatud ja aktiivne suhtleja?<\/li>\n<li>Millist tuge v\u00f5id vajada ja kes saab Sulle seda pakkuda?<\/li>\n<\/ul>\n\n\t\t\t\t\t\t<\/div>\n\t\t\t\t\t<\/div>\n\t\t\t\t<\/div>\n\t\t\t\t\t<\/div>\n\t<\/div>\n","protected":false},"excerpt":{"rendered":"<p>Kuna t\u00f6\u00f6 moodustab suure osa meie elust, on t\u00e4htis seda sihilikult planeerida. Nii on v\u00f5imalik oma elus toimuvat teadlikult juhtida ja karj\u00e4\u00e4rieesm\u00e4rke saavutada. Sellelt lehelt leiad kasulikke suuniseid, mis aitavad sul leida t\u00f6\u00f6maailma mitmekesiste v\u00f5imaluste seast endale sobiv. T\u00f6\u00f6elu planeerimisel &#8230;<\/p>\n","protected":false},"author":228,"featured_media":0,"parent":0,"menu_order":0,"comment_status":"closed","ping_status":"closed","template":"","meta":{"_acf_changed":false,"inline_featured_image":false,"footnotes":""},"class_list":["post-23","page","type-page","status-publish","hentry"],"acf":[],"_links":{"self":[{"href":"https:\/\/sisu.ut.ee\/karjaarivarav\/wp-json\/wp\/v2\/pages\/23","targetHints":{"allow":["GET"]}}],"collection":[{"href":"https:\/\/sisu.ut.ee\/karjaarivarav\/wp-json\/wp\/v2\/pages"}],"about":[{"href":"https:\/\/sisu.ut.ee\/karjaarivarav\/wp-json\/wp\/v2\/types\/page"}],"author":[{"embeddable":true,"href":"https:\/\/sisu.ut.ee\/karjaarivarav\/wp-json\/wp\/v2\/users\/228"}],"replies":[{"embeddable":true,"href":"https:\/\/sisu.ut.ee\/karjaarivarav\/wp-json\/wp\/v2\/comments?post=23"}],"version-history":[{"count":8,"href":"https:\/\/sisu.ut.ee\/karjaarivarav\/wp-json\/wp\/v2\/pages\/23\/revisions"}],"predecessor-version":[{"id":1274,"href":"https:\/\/sisu.ut.ee\/karjaarivarav\/wp-json\/wp\/v2\/pages\/23\/revisions\/1274"}],"wp:attachment":[{"href":"https:\/\/sisu.ut.ee\/karjaarivarav\/wp-json\/wp\/v2\/media?parent=23"}],"curies":[{"name":"wp","href":"https:\/\/api.w.org\/{rel}","templated":true}]}}