{"id":1297,"date":"2025-03-04T13:22:59","date_gmt":"2025-03-04T11:22:59","guid":{"rendered":"https:\/\/sisu.ut.ee\/karjaarivarav\/?page_id=1297"},"modified":"2025-04-24T16:29:40","modified_gmt":"2025-04-24T13:29:40","slug":"kuidas-teha-plaane-oma-opingute-ajaks","status":"publish","type":"page","link":"https:\/\/sisu.ut.ee\/karjaarivarav\/kuidas-teha-plaane-oma-opingute-ajaks\/","title":{"rendered":"Kuidas teha plaane oma \u00f5pingute ajaks?"},"content":{"rendered":"<div style=\"height:14px\" aria-hidden=\"true\" class=\"wp-block-spacer\"><\/div>\n\n\n\n<figure class=\"wp-block-image alignright size-large is-resized\"><img loading=\"lazy\" decoding=\"async\" width=\"1024\" height=\"724\" src=\"https:\/\/sisu.ut.ee\/wp-content\/uploads\/sites\/644\/Juhin-oma-opinguid-1024x724.jpg\" alt=\"\" class=\"wp-image-1283\" style=\"width:471px;height:auto\" srcset=\"https:\/\/sisu.ut.ee\/wp-content\/uploads\/sites\/644\/Juhin-oma-opinguid-1024x724.jpg 1024w, https:\/\/sisu.ut.ee\/wp-content\/uploads\/sites\/644\/Juhin-oma-opinguid-300x212.jpg 300w, https:\/\/sisu.ut.ee\/wp-content\/uploads\/sites\/644\/Juhin-oma-opinguid-768x543.jpg 768w, https:\/\/sisu.ut.ee\/wp-content\/uploads\/sites\/644\/Juhin-oma-opinguid-1536x1086.jpg 1536w, https:\/\/sisu.ut.ee\/wp-content\/uploads\/sites\/644\/Juhin-oma-opinguid-2048x1448.jpg 2048w, https:\/\/sisu.ut.ee\/wp-content\/uploads\/sites\/644\/Juhin-oma-opinguid-1920x1357.jpg 1920w\" sizes=\"auto, (max-width: 1024px) 100vw, 1024px\"><figcaption class=\"wp-element-caption\">Autor: K\u00e4triin S\u00e4de<\/figcaption><\/figure>\n\n\n\n<figure class=\"wp-block-table\"><table class=\"table table-hover\"><tbody><tr><td><strong>M\u00f5ttehetk<\/strong> Mis on kolm p\u00f5hjust, miks tulid \u00f5ppima Tartu \u00dclikooli ja just selle \u00f5ppekava alusel?<br>Millised on Sinu 3\u20135 ootust \u00fclikooliajaks \u2013 mida soovid \u00f5pingute jooksul teada saada, teha, kogeda? \u00a0<\/td><\/tr><\/tbody><\/table><\/figure>\n\n\n\n<p><strong>Kui m\u00f5tled oma soovidele ja unistustele, v\u00f5imaldab see leida Sul eesm\u00e4rgid<\/strong>, millele \u00f5pingute k\u00e4igus keskenduda. <strong>Kitsamalt<\/strong> v\u00f5ttes aitavad selged eesm\u00e4rgid valida \u00f5pisuunda ning mooduleid enda ja teistest \u00f5ppekavadest, leida kasulikke valik- ja vabaaineid ning planeerida \u00f5pir\u00e4nnet ja praktikav\u00f5imalusi. <strong>Laiemalt<\/strong> s\u00f5ltub eesm\u00e4rkidest ka see, kui palju ja milliseid valikuid teha v\u00e4ljaspool \u00f5ppet\u00f6\u00f6d \u2013 kuhu tahad kuuluda ja panustada, kellega suhelda, millisteks tegevusteks tahad veel aega leida jms. N\u00e4iteks kui Sinu eesm\u00e4rk on p\u00fchenduda eriala\u00f5pingutele, olla aktiivne tudeng, saada palju uusi s\u00f5pru ja teha koos \u00e4gedaid asju, siis erinevad sinu plaanid ilmselt selle \u00fcli\u00f5pilase omadest, kelle eesm\u00e4rk on keskenduda t\u00f6\u00f6le ja saada k\u00f5rgharidus v\u00f5imalikult v\u00e4hese pingutusega.<\/p>\n\n\n\n<p>Plaanide tegemisel tuleb peale eesm\u00e4rkide seadmise hinnata ka hetkeseisu ja koostada tegevuskava, kuidas j\u00f5uda praegusest punktist oma eesm\u00e4rkideni.<\/p>\n\n\n\n<figure class=\"wp-block-table\"><table class=\"table table-hover\"><tbody><tr><td class=\"has-text-align-left\" data-align=\"left\"><strong>1. Kuhu tahad j\u00f5uda?<\/strong><br><strong>S\u00f5nasta eesm\u00e4rgid<\/strong> Mida soovid saada ja saavutada? <em>\u00a0<\/em> <strong>\u00a0<\/strong><\/td><td><strong>2. Kus Sa oled?<\/strong><br><strong>Tee kindlaks hetkeseis<\/strong> Mida oled seni teinud? Mis on Sul juba saavutatud?<\/td><td><strong>3. Kuidas Sa sinna saad?<\/strong><br><strong>Koosta tegevus- ja ajakava<\/strong> Millised on Su v\u00f5imalused oma eesm\u00e4rgi poole liikumiseks? Mida saad ja tahad teha? Mida, millal ja kuidas teed?<\/td><\/tr><\/tbody><\/table><\/figure>\n\n\n\n<p><strong>\u00d5pinguaegsete plaanide tegemine ja j\u00e4rgimine n\u00f5uab Sinult mitmesuguseid oskusi ja omadusi.<\/strong><\/p>\n\n\n<div class=\"accordion-block mb-3\">\n\t\t<div class=\"accordion \" id=\"accordion-accordion-69dabeacf05f9\">\n\t\t\t\t\t\t\t<div class=\"accordion-item accordion-item--blue\">\n\t\t\t\t\t<h2 class=\"accordion-header\" id=\"accordion-69dabeacf05f9-heading-1\">\n\t\t\t\t\t\t<button class=\"accordion-button collapsed\" type=\"button\" data-bs-toggle=\"collapse\" data-bs-target=\"#accordion-69dabeacf05f9-collapse-1\" aria-expanded=\"true\" aria-controls=\"accordion-69dabeacf05f9-collapse-1\">\n\t\t\t\t\t\t\tEnesetundmine\n\t\t\t\t\t\t<\/button>\n\t\t\t\t\t<\/h2>\n\t\t\t\t\t<div id=\"accordion-69dabeacf05f9-collapse-1\" class=\"accordion-collapse collapse \" aria-labelledby=\"accordion-69dabeacf05f9-heading-1\">\n\t\t\t\t\t\t<div class=\"accordion-body\">\n\t\t\t\t\t\t\t<p>\u00d5pingute planeerimisel tasub alustada eneseanal\u00fc\u00fcsist. Kui tead, mis Sulle huvi pakub ja sobib, siis on lihtsam oma teekonda kujundada ja selged sihid seada. M\u00f5tle j\u00e4rgmistele k\u00fcsimustele.<\/p>\n<ul>\n<li>Millised teemad ja missugune tegevus pakuvad Sulle rohkem huvi?<\/li>\n<li>Milliseid oskusi ja kogemusi oled juba omandanud?<\/li>\n<li>Milline oled inimesena ja mida pead enda tugevateks k\u00fclgedeks?<\/li>\n<li>Mida pead elus oluliseks ja millest unistad?<\/li>\n<li>Mida soovid endas kindlasti arendada?<\/li>\n<li>Kuidas Sulle meeldib \u00f5ppida?<\/li>\n<li>Milliseid teadmisi ja oskusi soovid \u00fclikoolist kindlasti saada?<\/li>\n<li>Milliseid kogemusi ja kontakte soovid leida?<\/li>\n<\/ul>\n\n\t\t\t\t\t\t<\/div>\n\t\t\t\t\t<\/div>\n\t\t\t\t<\/div>\n\t\t\t\t\t\t\t<div class=\"accordion-item accordion-item--blue\">\n\t\t\t\t\t<h2 class=\"accordion-header\" id=\"accordion-69dabeacf05f9-heading-2\">\n\t\t\t\t\t\t<button class=\"accordion-button collapsed\" type=\"button\" data-bs-toggle=\"collapse\" data-bs-target=\"#accordion-69dabeacf05f9-collapse-2\" aria-expanded=\"true\" aria-controls=\"accordion-69dabeacf05f9-collapse-2\">\n\t\t\t\t\t\t\tV\u00f5imaluste tundmine\n\t\t\t\t\t\t<\/button>\n\t\t\t\t\t<\/h2>\n\t\t\t\t\t<div id=\"accordion-69dabeacf05f9-collapse-2\" class=\"accordion-collapse collapse \" aria-labelledby=\"accordion-69dabeacf05f9-heading-2\">\n\t\t\t\t\t\t<div class=\"accordion-body\">\n\t\t\t\t\t\t\t<p>\u00dclikooli \u00f5ppekavad ja \u00f5piv\u00f5imalused on v\u00e4ga mitmek\u00fclgsed ja paindlikud. Oma plaanide koostamisel tasub teada k\u00f5iki valikuv\u00f5imalusi ja neid tuleb osata siduda isiklike huvide, arengu- ja tulevikuplaanidega. M\u00f5tle j\u00e4rgmistele k\u00fcsimustele.<\/p>\n<ul>\n<li>Milliseid \u00f5piv\u00f5imalusi ja spetsialiseerumissuundi pakub <a href=\"https:\/\/ois2.ut.ee\/#\/curricula\">Sinu \u00f5ppekava<\/a>?<\/li>\n<li>Mida ja kuidas saad valida <a href=\"https:\/\/ut.ee\/et\/sisu\/oppekava-ulesehitus\">teistest \u00f5ppekavadest<\/a> ja <a href=\"https:\/\/ut.ee\/et\/sisu\/kulalisuliopilaseks-teise-ulikooli\">k\u00f5rgkoolidest<\/a>?<\/li>\n<li>Millised on praktika- ja <a href=\"https:\/\/sisu.ut.ee\/karjaarivarav\/rahvusvaheline-kogemus\/milliseid-opirandevoimalusi-pakutakse\/\">\u00f5pir\u00e4ndev\u00f5imalused<\/a>?<\/li>\n<li>Millal ja kuidas saab teha Sinu erialal teadust\u00f6\u00f6d?<\/li>\n<li>Kuidas saab vajaduse korral \u00f5pinguid ajatada?<\/li>\n<li>Mida p\u00f5nevat ja kasulikku \u00f5pingute ajal ja k\u00f5rval <a href=\"https:\/\/sisu.ut.ee\/karjaarivarav\/osale-ja-arene\/\">veel teha saab<\/a>?<\/li>\n<li>Millised on edasised \u00f5ppimisv\u00f5imalused?<\/li>\n<li>Millised on selle erialaga seotud v\u00f5imalused t\u00f6\u00f6turul?<\/li>\n<\/ul>\n\n\t\t\t\t\t\t<\/div>\n\t\t\t\t\t<\/div>\n\t\t\t\t<\/div>\n\t\t\t\t\t\t\t<div class=\"accordion-item accordion-item--blue\">\n\t\t\t\t\t<h2 class=\"accordion-header\" id=\"accordion-69dabeacf05f9-heading-3\">\n\t\t\t\t\t\t<button class=\"accordion-button collapsed\" type=\"button\" data-bs-toggle=\"collapse\" data-bs-target=\"#accordion-69dabeacf05f9-collapse-3\" aria-expanded=\"true\" aria-controls=\"accordion-69dabeacf05f9-collapse-3\">\n\t\t\t\t\t\t\tPlaneerimisoskus\n\t\t\t\t\t\t<\/button>\n\t\t\t\t\t<\/h2>\n\t\t\t\t\t<div id=\"accordion-69dabeacf05f9-collapse-3\" class=\"accordion-collapse collapse \" aria-labelledby=\"accordion-69dabeacf05f9-heading-3\">\n\t\t\t\t\t\t<div class=\"accordion-body\">\n\t\t\t\t\t\t\t<p>Planeerimisel tuleb arvesse v\u00f5tta enda huvisid, oskusi, omadusi, v\u00e4\u00e4rtushinnanguid ja eesm\u00e4rke ning siduda need \u00fclikooli \u00f5pi- ja muude v\u00f5imalustega. M\u00f5tle l\u00e4bi ja kirjuta \u00fcles vastused j\u00e4rgmistele k\u00fcsimustele.<\/p>\n<ul>\n<li>Mis on Sinu \u00f5pingute eesm\u00e4rgid?<\/li>\n<li>Millised v\u00f5imalused sobivad Sinu huvide, v\u00e4\u00e4rtuste ja tulevikuplaanidega k\u00f5ige paremini?<\/li>\n<li>Kuidas otsustad, millal ja milliseid \u00f5ppeaineid ja mooduleid valida ja l\u00e4bida?<\/li>\n<li>Milliseid tegevusi veel oma \u00fclikooliellu planeerid?<\/li>\n<li>Milline on Sinu tegevus- ja ajakava?<\/li>\n<li>Kuidas oma \u00f5ppimist ja muid tegemisi tasakaalus hoida ja oma igap\u00e4evast aega planeerida?<\/li>\n<li>Milliseid takistusi v\u00f5ib ette tulla ja kuidas saad neid \u00fcletada?<\/li>\n<li>Kui tihti vaatad oma plaanid \u00fcle, et veenduda, kas oled \u00f5pingutega j\u00e4rje peal ja kas on vaja midagi korrigeerida v\u00f5i muuta?<\/li>\n<\/ul>\n\n\t\t\t\t\t\t<\/div>\n\t\t\t\t\t<\/div>\n\t\t\t\t<\/div>\n\t\t\t\t\t\t\t<div class=\"accordion-item accordion-item--blue\">\n\t\t\t\t\t<h2 class=\"accordion-header\" id=\"accordion-69dabeacf05f9-heading-4\">\n\t\t\t\t\t\t<button class=\"accordion-button collapsed\" type=\"button\" data-bs-toggle=\"collapse\" data-bs-target=\"#accordion-69dabeacf05f9-collapse-4\" aria-expanded=\"true\" aria-controls=\"accordion-69dabeacf05f9-collapse-4\">\n\t\t\t\t\t\t\tTegutsemine\n\t\t\t\t\t\t<\/button>\n\t\t\t\t\t<\/h2>\n\t\t\t\t\t<div id=\"accordion-69dabeacf05f9-collapse-4\" class=\"accordion-collapse collapse \" aria-labelledby=\"accordion-69dabeacf05f9-heading-4\">\n\t\t\t\t\t\t<div class=\"accordion-body\">\n\t\t\t\t\t\t\t<p>Eesm\u00e4rgip\u00e4rane tegutsemine aitab plaane ellu viia ja tulemusi saavutada. Hinda enda tegutsemisvalmidust j\u00e4rgmiste k\u00fcsimuste abil.<\/p>\n<ul>\n<li>Mis on need konkreetsed sammud, mida Sa tegevuskava j\u00e4rgi teed?<\/li>\n<li>Kas oled oma plaanide elluviimisel kohusetundlik ja j\u00e4rjepidev?<\/li>\n<li>Kas oled oma plaanide elluviimisel ja uute v\u00f5imaluste leidmisel julge tegutseja ja suhtleja?<\/li>\n<li>Millist tuge v\u00f5id vajada ja kes saab Sulle seda pakkuda?<\/li>\n<\/ul>\n\n\t\t\t\t\t\t<\/div>\n\t\t\t\t\t<\/div>\n\t\t\t\t<\/div>\n\t\t\t\t\t<\/div>\n\t<\/div>\n\n\n\n<p>\u00d5pinguaegsete plaanide tegemisele annab hea raamistiku see, kui teada \u00fcldisi \u00f5ppekorralduslikke p\u00f5him\u00f5tteid:<\/p>\n\n\n\n<ul class=\"wp-block-list\">\n<li><strong>\u00fclikooli \u00f5ppeaasta koosneb s\u00fcgis- ja kevadsemestrist<\/strong>. Igaks semestriks tuleb valida \u00f5ppeained, mida plaanid l\u00e4bida;<\/li>\n\n\n\n<li><strong>\u00f5ppet\u00f6\u00f6 arvestuslik maht \u00fcheks semestriks on 30 Euroopa ainepunkti (EAP-d)<\/strong>. \u00dchele EAP-le vastab 26 tundi \u00fcli\u00f5pilase t\u00f6\u00f6d, millesse on arvestatud kontakt\u00f5pe, iseseisev t\u00f6\u00f6 ja praktika ning \u00f5piv\u00e4ljundite hindamine.<\/li>\n\n\n\n<li><strong>Iga semestri j\u00e4rel hinnatakse \u00fcli\u00f5pilase \u00f5ppekava t\u00e4itmise mahtu <\/strong>ehk seda, kas oled plaanitud ained l\u00e4binud. Uuri l\u00e4hemalt, mida <a href=\"https:\/\/ut.ee\/et\/sisu\/oppekava-taitmine\">\u00f5ppekava t\u00e4itmisel<\/a> hinnatakse.<\/li>\n<\/ul>\n\n\n\n<p><strong>\u00d5pingute plaan aitab hoida fookust ja kontrollida, kas oled \u00f5ppimisega j\u00e4rje peal ning vajadusel saad oma plaani muuta! <\/strong>Meeles tasub pidada, et<strong> <\/strong>\u00fckski plaan ei ole igavene. Muutume ja areneme ise, muutub maailm meie \u00fcmber, tekivad uued sihid, v\u00f5imalused v\u00f5i takistused. Siis saad oma plaane korrigeerida: hinnata hetkeseisu, seada uued eesm\u00e4rgid, uurida v\u00f5imalusi ja koostada uus tegevuskava.<\/p>\n\n\n\n<p><strong>\u00d5pinguaegsete plaanide tegemiseks vajalikku infot ja tuge<\/strong> v\u00f5id leida \u00d5IS-is \u00f5ppekava uurides ja \u00f5pinguid sissejuhatavates \u00f5ppeainetes osaledes. \u00d5ppekorralduslikes k\u00fcsimustes p\u00f6\u00f6rdu julgesti oma instituudi v\u00f5i valdkonna \u00f5ppekorraldusspetsialisti poole, \u00f5ppekava sisu teemal v\u00f5ta \u00fchendust oma \u00f5ppekava programmijuhiga. Samuti v\u00f5id pidada n\u00f5u <a href=\"https:\/\/ut.ee\/et\/noustamiskeskus\">n\u00f5ustamiskeskuse<\/a> karj\u00e4\u00e4rin\u00f5ustajaga.<\/p>\n\n\n\n<div class=\"wp-block-buttons is-layout-flex wp-block-buttons-is-layout-flex\">\n<div class=\"wp-block-button\"><a class=\"wp-block-button__link wp-element-button\" href=\"https:\/\/outlook.office365.com\/book\/Tnustamiskeskus-Bookings@TartuUlikool.onmicrosoft.com\/\">Broneeri aeg karj\u00e4\u00e4rin\u00f5ustaja juurde<\/a><\/div>\n<\/div>\n","protected":false},"excerpt":{"rendered":"<p>M\u00f5ttehetk Mis on kolm p\u00f5hjust, miks tulid \u00f5ppima Tartu \u00dclikooli ja just selle \u00f5ppekava alusel?Millised on Sinu 3\u20135 ootust \u00fclikooliajaks \u2013 mida soovid \u00f5pingute jooksul teada saada, teha, kogeda? \u00a0 Kui m\u00f5tled oma soovidele ja unistustele, v\u00f5imaldab see leida Sul &#8230;<\/p>\n","protected":false},"author":346,"featured_media":0,"parent":0,"menu_order":0,"comment_status":"closed","ping_status":"closed","template":"","meta":{"_acf_changed":false,"inline_featured_image":false,"footnotes":""},"class_list":["post-1297","page","type-page","status-publish","hentry"],"acf":[],"_links":{"self":[{"href":"https:\/\/sisu.ut.ee\/karjaarivarav\/wp-json\/wp\/v2\/pages\/1297","targetHints":{"allow":["GET"]}}],"collection":[{"href":"https:\/\/sisu.ut.ee\/karjaarivarav\/wp-json\/wp\/v2\/pages"}],"about":[{"href":"https:\/\/sisu.ut.ee\/karjaarivarav\/wp-json\/wp\/v2\/types\/page"}],"author":[{"embeddable":true,"href":"https:\/\/sisu.ut.ee\/karjaarivarav\/wp-json\/wp\/v2\/users\/346"}],"replies":[{"embeddable":true,"href":"https:\/\/sisu.ut.ee\/karjaarivarav\/wp-json\/wp\/v2\/comments?post=1297"}],"version-history":[{"count":4,"href":"https:\/\/sisu.ut.ee\/karjaarivarav\/wp-json\/wp\/v2\/pages\/1297\/revisions"}],"predecessor-version":[{"id":1598,"href":"https:\/\/sisu.ut.ee\/karjaarivarav\/wp-json\/wp\/v2\/pages\/1297\/revisions\/1598"}],"wp:attachment":[{"href":"https:\/\/sisu.ut.ee\/karjaarivarav\/wp-json\/wp\/v2\/media?parent=1297"}],"curies":[{"name":"wp","href":"https:\/\/api.w.org\/{rel}","templated":true}]}}