{"id":1223,"date":"2025-03-05T16:37:19","date_gmt":"2025-03-05T14:37:19","guid":{"rendered":"https:\/\/sisu.ut.ee\/karjaarivarav\/?page_id=1223"},"modified":"2025-04-24T16:32:11","modified_gmt":"2025-04-24T13:32:11","slug":"mida-annab-rahvusvaheline-opikogemus","status":"publish","type":"page","link":"https:\/\/sisu.ut.ee\/karjaarivarav\/mida-annab-rahvusvaheline-opikogemus\/","title":{"rendered":"Mida annab rahvusvaheline \u00f5pikogemus?"},"content":{"rendered":"<figure class=\"wp-block-image aligncenter size-large is-resized\"><img loading=\"lazy\" decoding=\"async\" width=\"1024\" height=\"323\" src=\"https:\/\/sisu.ut.ee\/wp-content\/uploads\/sites\/644\/Rahvusvaheline-opikogemus-1024x323.jpg\" alt=\"\" class=\"wp-image-1225\" style=\"width:701px;height:auto\" srcset=\"https:\/\/sisu.ut.ee\/wp-content\/uploads\/sites\/644\/Rahvusvaheline-opikogemus-1024x323.jpg 1024w, https:\/\/sisu.ut.ee\/wp-content\/uploads\/sites\/644\/Rahvusvaheline-opikogemus-300x95.jpg 300w, https:\/\/sisu.ut.ee\/wp-content\/uploads\/sites\/644\/Rahvusvaheline-opikogemus-768x242.jpg 768w, https:\/\/sisu.ut.ee\/wp-content\/uploads\/sites\/644\/Rahvusvaheline-opikogemus-1536x484.jpg 1536w, https:\/\/sisu.ut.ee\/wp-content\/uploads\/sites\/644\/Rahvusvaheline-opikogemus-2048x646.jpg 2048w, https:\/\/sisu.ut.ee\/wp-content\/uploads\/sites\/644\/Rahvusvaheline-opikogemus-1920x605.jpg 1920w\" sizes=\"auto, (max-width: 1024px) 100vw, 1024px\"><figcaption class=\"wp-element-caption\">Autor: K\u00e4triin S\u00e4de<\/figcaption><\/figure>\n\n\n\n<p>Rahvusvaheline kogemus on igati kasulik \u2013 lisaks v\u00f5\u00f5rkeele \u00f5ppimisele, teiste kultuuridega tutvumisele ja avatumaks muutumisele peitub \u00f5pir\u00e4ndes palju muudki.<\/p>\n\n\n\n<div style=\"height:15px\" aria-hidden=\"true\" class=\"wp-block-spacer\"><\/div>\n\n\n<div class=\"accordion-block mb-3\">\n\t\t<div class=\"accordion \" id=\"accordion-accordion-69dce34965eb0\">\n\t\t\t\t\t\t\t<div class=\"accordion-item accordion-item--blue\">\n\t\t\t\t\t<h2 class=\"accordion-header\" id=\"accordion-69dce34965eb0-heading-1\">\n\t\t\t\t\t\t<button class=\"accordion-button collapsed\" type=\"button\" data-bs-toggle=\"collapse\" data-bs-target=\"#accordion-69dce34965eb0-collapse-1\" aria-expanded=\"true\" aria-controls=\"accordion-69dce34965eb0-collapse-1\">\n\t\t\t\t\t\t\tMitmek\u00fclgsem \u00fclikooliaeg. \n\t\t\t\t\t\t<\/button>\n\t\t\t\t\t<\/h2>\n\t\t\t\t\t<div id=\"accordion-69dce34965eb0-collapse-1\" class=\"accordion-collapse collapse \" aria-labelledby=\"accordion-69dce34965eb0-heading-1\">\n\t\t\t\t\t\t<div class=\"accordion-body\">\n\t\t\t\t\t\t\t<p>V\u00e4lis\u00fclikooli \u00f5ppet\u00f6\u00f6s v\u00f5ib olla kodu\u00fclikooliga palju sarnast, kuid p\u00e4ris kindlasti koged ka uusi \u00f5ppimis- ja \u00f5petamisviise. Need annavad Sulle v\u00f5imaluse enda mugavustsoonist v\u00e4lja astuda ning tagasi tulles oma \u00f5pinguid v\u00e4rskelt omandatu ja kogetu toel veelgi teadlikumalt j\u00e4tkata.<\/p>\n\n\t\t\t\t\t\t<\/div>\n\t\t\t\t\t<\/div>\n\t\t\t\t<\/div>\n\t\t\t\t\t\t\t<div class=\"accordion-item accordion-item--blue\">\n\t\t\t\t\t<h2 class=\"accordion-header\" id=\"accordion-69dce34965eb0-heading-2\">\n\t\t\t\t\t\t<button class=\"accordion-button collapsed\" type=\"button\" data-bs-toggle=\"collapse\" data-bs-target=\"#accordion-69dce34965eb0-collapse-2\" aria-expanded=\"true\" aria-controls=\"accordion-69dce34965eb0-collapse-2\">\n\t\t\t\t\t\t\tEnese tundma\u00f5ppimine ja iseseisvamaks saamine.\n\t\t\t\t\t\t<\/button>\n\t\t\t\t\t<\/h2>\n\t\t\t\t\t<div id=\"accordion-69dce34965eb0-collapse-2\" class=\"accordion-collapse collapse \" aria-labelledby=\"accordion-69dce34965eb0-heading-2\">\n\t\t\t\t\t\t<div class=\"accordion-body\">\n\t\t\t\t\t\t\t<p>Teises riigis ja kultuuriruumis on Sul v\u00f5imalus endas avastada ja arendada selliseid k\u00fclgi, mida Sa ei pruugi oma tavap\u00e4rases keskkonnas viibides m\u00e4rgata ega hinnata. Sageli on need just <a href=\"https:\/\/sisu.ut.ee\/karjaarivarav\/tulevikuoskused\/\">oskused<\/a>\u00a0ja hoiakud, mida vajad \u00f5pingute edukaks l\u00e4bimiseks, t\u00f6\u00f6turule siirdumiseks ning seal edukalt l\u00e4bil\u00f6\u00f6miseks.<\/p>\n\n\t\t\t\t\t\t<\/div>\n\t\t\t\t\t<\/div>\n\t\t\t\t<\/div>\n\t\t\t\t\t\t\t<div class=\"accordion-item accordion-item--blue\">\n\t\t\t\t\t<h2 class=\"accordion-header\" id=\"accordion-69dce34965eb0-heading-3\">\n\t\t\t\t\t\t<button class=\"accordion-button collapsed\" type=\"button\" data-bs-toggle=\"collapse\" data-bs-target=\"#accordion-69dce34965eb0-collapse-3\" aria-expanded=\"true\" aria-controls=\"accordion-69dce34965eb0-collapse-3\">\n\t\t\t\t\t\t\tTeise kultuuriruumiga tutvumine ja sellega kohanemine.\n\t\t\t\t\t\t<\/button>\n\t\t\t\t\t<\/h2>\n\t\t\t\t\t<div id=\"accordion-69dce34965eb0-collapse-3\" class=\"accordion-collapse collapse \" aria-labelledby=\"accordion-69dce34965eb0-heading-3\">\n\t\t\t\t\t\t<div class=\"accordion-body\">\n\t\t\t\t\t\t\t<p>Rahvusvaheline kogemus avardab maailmapilti, annab elule uudse vaatenurga ning kasvatab empaatiav\u00f5imet ja sallivust.<\/p>\n\n\t\t\t\t\t\t<\/div>\n\t\t\t\t\t<\/div>\n\t\t\t\t<\/div>\n\t\t\t\t\t\t\t<div class=\"accordion-item accordion-item--blue\">\n\t\t\t\t\t<h2 class=\"accordion-header\" id=\"accordion-69dce34965eb0-heading-4\">\n\t\t\t\t\t\t<button class=\"accordion-button collapsed\" type=\"button\" data-bs-toggle=\"collapse\" data-bs-target=\"#accordion-69dce34965eb0-collapse-4\" aria-expanded=\"true\" aria-controls=\"accordion-69dce34965eb0-collapse-4\">\n\t\t\t\t\t\t\tV\u00f5imalus panna proovile ja t\u00e4iendada oma erialaseid oskusi ja teadmisi. \n\t\t\t\t\t\t<\/button>\n\t\t\t\t\t<\/h2>\n\t\t\t\t\t<div id=\"accordion-69dce34965eb0-collapse-4\" class=\"accordion-collapse collapse \" aria-labelledby=\"accordion-69dce34965eb0-heading-4\">\n\t\t\t\t\t\t<div class=\"accordion-body\">\n\t\t\t\t\t\t\t<p>\u00d5pir\u00e4nde jooksul saad katsetada oma eriala sobivust ning arendada oma suhtlemis- ja meeskonnat\u00f6\u00f6oskusi rahvusvahelises keskkonnas. See annab hea v\u00f5rdluspildi kodu\u00fclikooli eriala\u00f5ppega ning v\u00f5imaluse kavandada teadlikult, millele edaspidi rohkem r\u00f5hku panna. Samuti toetavad saadud kogemused Sind sobiva t\u00f6\u00f6 leidmisel.<\/p>\n\n\t\t\t\t\t\t<\/div>\n\t\t\t\t\t<\/div>\n\t\t\t\t<\/div>\n\t\t\t\t\t\t\t<div class=\"accordion-item accordion-item--blue\">\n\t\t\t\t\t<h2 class=\"accordion-header\" id=\"accordion-69dce34965eb0-heading-5\">\n\t\t\t\t\t\t<button class=\"accordion-button collapsed\" type=\"button\" data-bs-toggle=\"collapse\" data-bs-target=\"#accordion-69dce34965eb0-collapse-5\" aria-expanded=\"true\" aria-controls=\"accordion-69dce34965eb0-collapse-5\">\n\t\t\t\t\t\t\tUued tutvused kogu maailmast.\n\t\t\t\t\t\t<\/button>\n\t\t\t\t\t<\/h2>\n\t\t\t\t\t<div id=\"accordion-69dce34965eb0-collapse-5\" class=\"accordion-collapse collapse \" aria-labelledby=\"accordion-69dce34965eb0-heading-5\">\n\t\t\t\t\t\t<div class=\"accordion-body\">\n\t\t\t\t\t\t\t<p>Inimesed, kellega oma teekonnal kohtud, kellelt ja kellega koos \u00f5pid ning aega veedad, on hilisemas elus t\u00f5eline v\u00e4\u00e4rtus. Nendest v\u00f5ivad kujuneda Sinu head s\u00f5brad, keda on tore k\u00fclastada ja kellega koos r\u00e4nnata. M\u00f5nest inimesest v\u00f5ib aga saada Sinu tuleviku koost\u00f6\u00f6partner, kes jagab Sulle kasulikku infot (karj\u00e4\u00e4ri)v\u00f5imalustest ja viib Sind kokku \u00f5igete inimestega.<\/p>\n\n\t\t\t\t\t\t<\/div>\n\t\t\t\t\t<\/div>\n\t\t\t\t<\/div>\n\t\t\t\t\t\t\t<div class=\"accordion-item accordion-item--blue\">\n\t\t\t\t\t<h2 class=\"accordion-header\" id=\"accordion-69dce34965eb0-heading-6\">\n\t\t\t\t\t\t<button class=\"accordion-button collapsed\" type=\"button\" data-bs-toggle=\"collapse\" data-bs-target=\"#accordion-69dce34965eb0-collapse-6\" aria-expanded=\"true\" aria-controls=\"accordion-69dce34965eb0-collapse-6\">\n\t\t\t\t\t\t\tV\u00f5\u00f5rkeeleoskuse t\u00e4iendamine.\n\t\t\t\t\t\t<\/button>\n\t\t\t\t\t<\/h2>\n\t\t\t\t\t<div id=\"accordion-69dce34965eb0-collapse-6\" class=\"accordion-collapse collapse \" aria-labelledby=\"accordion-69dce34965eb0-heading-6\">\n\t\t\t\t\t\t<div class=\"accordion-body\">\n\t\t\t\t\t\t\t<p>V\u00e4lis\u00fclikoolis saad iga p\u00e4ev harjutada v\u00e4hemalt \u00fcht v\u00f5\u00f5rkeelt. Kui oled \u00f5ppinud lisaks inglise keelele n\u00e4iteks saksa keelt ja l\u00e4hed \u00f5pir\u00e4ndesse Saksamaale, v\u00f5ib \u00f5pe olla k\u00fcll inglise keeles, aga igap\u00e4evasuhtluses on Sul v\u00f5imalik proovile panna ka oma saksa keele oskus.<\/p>\n\n\t\t\t\t\t\t<\/div>\n\t\t\t\t\t<\/div>\n\t\t\t\t<\/div>\n\t\t\t\t\t\t\t<div class=\"accordion-item accordion-item--blue\">\n\t\t\t\t\t<h2 class=\"accordion-header\" id=\"accordion-69dce34965eb0-heading-7\">\n\t\t\t\t\t\t<button class=\"accordion-button collapsed\" type=\"button\" data-bs-toggle=\"collapse\" data-bs-target=\"#accordion-69dce34965eb0-collapse-7\" aria-expanded=\"true\" aria-controls=\"accordion-69dce34965eb0-collapse-7\">\n\t\t\t\t\t\t\tEelis praktikale v\u00f5i t\u00f6\u00f6le kandideerides.\n\t\t\t\t\t\t<\/button>\n\t\t\t\t\t<\/h2>\n\t\t\t\t\t<div id=\"accordion-69dce34965eb0-collapse-7\" class=\"accordion-collapse collapse \" aria-labelledby=\"accordion-69dce34965eb0-heading-7\">\n\t\t\t\t\t\t<div class=\"accordion-body\">\n\t\t\t\t\t\t\t<p>Kui oled oma v\u00e4lis\u00f5ppekogemust teadlikult anal\u00fc\u00fcsinud ja oskad t\u00f6\u00f6andjale veenvalt n\u00e4idete abil selgitada, mida kasulikku enda kohta \u00f5ppisid ning milliseid \u00fcld- ja erialaoskusi \u00f5pir\u00e4nde k\u00e4igus arendasid, v\u00f5ib see anda Sulle kandideerimisel eelise.<\/p>\n\n\t\t\t\t\t\t<\/div>\n\t\t\t\t\t<\/div>\n\t\t\t\t<\/div>\n\t\t\t\t\t<\/div>\n\t<\/div>\n\n\n\n<div style=\"height:15px\" aria-hidden=\"true\" class=\"wp-block-spacer\"><\/div>\n","protected":false},"excerpt":{"rendered":"<p>Rahvusvaheline kogemus on igati kasulik \u2013 lisaks v\u00f5\u00f5rkeele \u00f5ppimisele, teiste kultuuridega tutvumisele ja avatumaks muutumisele peitub \u00f5pir\u00e4ndes palju muudki.<\/p>\n","protected":false},"author":346,"featured_media":0,"parent":0,"menu_order":0,"comment_status":"closed","ping_status":"closed","template":"","meta":{"_acf_changed":false,"inline_featured_image":false,"footnotes":""},"class_list":["post-1223","page","type-page","status-publish","hentry"],"acf":[],"_links":{"self":[{"href":"https:\/\/sisu.ut.ee\/karjaarivarav\/wp-json\/wp\/v2\/pages\/1223","targetHints":{"allow":["GET"]}}],"collection":[{"href":"https:\/\/sisu.ut.ee\/karjaarivarav\/wp-json\/wp\/v2\/pages"}],"about":[{"href":"https:\/\/sisu.ut.ee\/karjaarivarav\/wp-json\/wp\/v2\/types\/page"}],"author":[{"embeddable":true,"href":"https:\/\/sisu.ut.ee\/karjaarivarav\/wp-json\/wp\/v2\/users\/346"}],"replies":[{"embeddable":true,"href":"https:\/\/sisu.ut.ee\/karjaarivarav\/wp-json\/wp\/v2\/comments?post=1223"}],"version-history":[{"count":9,"href":"https:\/\/sisu.ut.ee\/karjaarivarav\/wp-json\/wp\/v2\/pages\/1223\/revisions"}],"predecessor-version":[{"id":1607,"href":"https:\/\/sisu.ut.ee\/karjaarivarav\/wp-json\/wp\/v2\/pages\/1223\/revisions\/1607"}],"wp:attachment":[{"href":"https:\/\/sisu.ut.ee\/karjaarivarav\/wp-json\/wp\/v2\/media?parent=1223"}],"curies":[{"name":"wp","href":"https:\/\/api.w.org\/{rel}","templated":true}]}}