{"id":11,"date":"2024-04-04T08:52:35","date_gmt":"2024-04-04T05:52:35","guid":{"rendered":"https:\/\/sisu.ut.ee\/karjaarivarav\/tulevikuoskused\/"},"modified":"2025-04-01T13:43:35","modified_gmt":"2025-04-01T10:43:35","slug":"tulevikuoskused","status":"publish","type":"page","link":"https:\/\/sisu.ut.ee\/karjaarivarav\/tulevikuoskused\/","title":{"rendered":"Tulevikuoskused"},"content":{"rendered":"<p>Terminit\u00a0<em>\u00fcldoskused<\/em>\u00a0kasutatakse k\u00f5rvuti mitme teise s\u00f5naga:\u00a0<em>\u00fclekantavad oskused<\/em>,\u00a0<em>tulevikuoskused<\/em>,\u00a0<em>t\u00f6\u00f6alase konkurentsiv\u00f5ime oskused<\/em>,\u00a0<em>21. sajandi oskused\u00a0<\/em>jne. Eestis on kasutusel neist peamiselt kaks:\u00a0<em>\u00fclekantavad oskused<\/em>\u00a0ja\u00a0<em>\u00fcldoskused<\/em>. Karj\u00e4\u00e4riv\u00e4rava lehel kasutame terminit\u00a0<strong>tulevikuoskused<\/strong>, et esitada valik \u00fcldoskustest, mis aitavad Sul toime tulla muutuva maailmaga.\u00a0\u00a0<\/p>\n\n\n\n<p>Karj\u00e4\u00e4rikujundamise valdkonnas on kasutusel j\u00e4rgmised m\u00f5isted:<\/p>\n\n\n\n<ul class=\"wp-block-list\">\n<li><strong>kompetents <\/strong>ehk<strong> p\u00e4devus<\/strong>, mis on kogum teadmistest, oskustest, hoiakutest ja v\u00e4\u00e4rtustest, mida on vaja tegutsemiseks kindlas valdkonnas;<\/li>\n\n\n\n<li><strong>erialased <\/strong>ehk<strong> valdkonnaspetsiifilised<\/strong>\u00a0<strong>oskused<\/strong>, mis on vajalikud t\u00f6\u00f6tamiseks kindlas valdkonnas ja erialateadmiste rakendamiseks; \u00a0<\/li>\n\n\n\n<li><strong>\u00fcldoskused<\/strong>, mis aitavad toime tulla uute olukordade ja keskkondade, keeruliste \u00fclesannete ning eri vormis suhtlusega. Karj\u00e4\u00e4ri kujundamisel on \u00fcldoskuste t\u00e4htsus v\u00f5rreldav erialaste oskustega, kuid neid saab kasutada ja arendada olenemata erialast. <\/li>\n<\/ul>\n\n\n\n<div class=\"wp-block-columns is-layout-flex wp-container-core-columns-is-layout-9d6595d7 wp-block-columns-is-layout-flex\">\n<div class=\"wp-block-column is-layout-flow wp-block-column-is-layout-flow\">\n<div class=\"wp-block-media-text\" style=\"grid-template-columns:35% auto\"><figure class=\"wp-block-media-text__media\"><a href=\"https:\/\/sisu.ut.ee\/karjaarivarav\/enesejuhtimine\/\"><img loading=\"lazy\" decoding=\"async\" width=\"300\" height=\"300\" src=\"https:\/\/sisu.ut.ee\/wp-content\/uploads\/sites\/644\/Enesejuhtimine-300x300.png\" alt=\"\" class=\"wp-image-282 size-medium\" srcset=\"https:\/\/sisu.ut.ee\/wp-content\/uploads\/sites\/644\/Enesejuhtimine-300x300.png 300w, https:\/\/sisu.ut.ee\/wp-content\/uploads\/sites\/644\/Enesejuhtimine-1024x1024.png 1024w, https:\/\/sisu.ut.ee\/wp-content\/uploads\/sites\/644\/Enesejuhtimine-150x150.png 150w, https:\/\/sisu.ut.ee\/wp-content\/uploads\/sites\/644\/Enesejuhtimine-768x768.png 768w, https:\/\/sisu.ut.ee\/wp-content\/uploads\/sites\/644\/Enesejuhtimine-1536x1536.png 1536w, https:\/\/sisu.ut.ee\/wp-content\/uploads\/sites\/644\/Enesejuhtimine.png 1600w\" sizes=\"auto, (max-width: 300px) 100vw, 300px\"><\/a><\/figure><div class=\"wp-block-media-text__content\">\n<p class=\"has-dark-color has-text-color has-link-color wp-elements-44f825fe8b26043c85ebfe393cbcddef\"><strong><a href=\"https:\/\/sisu.ut.ee\/karjaarivarav\/enesejuhtimine\/\" data-type=\"page\" data-id=\"12\">Enesejuhtimisoskus<\/a><\/strong><\/p>\n\n\n\n<ul class=\"wp-block-list has-small-font-size\">\n<li style=\"font-style:normal;font-weight:200\">eneseregulatsioon<\/li>\n\n\n\n<li style=\"font-style:normal;font-weight:200\">kohanemisv\u00f5ime<\/li>\n\n\n\n<li style=\"font-style:normal;font-weight:200\">\u00f5pioskused<\/li>\n<\/ul>\n\n\n\n<p class=\"has-dark-color has-text-color has-link-color has-small-font-size wp-elements-635c73536b1ad2a82dc6bb79e53fc051\"><a href=\"https:\/\/sisu.ut.ee\/karjaarivarav\/enesejuhtimine\/\" data-type=\"page\" data-id=\"12\">Loe rohkem<\/a><\/p>\n<\/div><\/div>\n<\/div>\n\n\n\n<div class=\"wp-block-column is-layout-flow wp-block-column-is-layout-flow\">\n<div class=\"wp-block-media-text\" style=\"grid-template-columns:35% auto\"><figure class=\"wp-block-media-text__media\"><a href=\"https:\/\/sisu.ut.ee\/karjaarivarav\/suhtlemisoskus\/\"><img loading=\"lazy\" decoding=\"async\" width=\"300\" height=\"300\" src=\"https:\/\/sisu.ut.ee\/wp-content\/uploads\/sites\/644\/Suhtlemine-300x300.png\" alt=\"\" class=\"wp-image-279 size-medium\" srcset=\"https:\/\/sisu.ut.ee\/wp-content\/uploads\/sites\/644\/Suhtlemine-300x300.png 300w, https:\/\/sisu.ut.ee\/wp-content\/uploads\/sites\/644\/Suhtlemine-1024x1024.png 1024w, https:\/\/sisu.ut.ee\/wp-content\/uploads\/sites\/644\/Suhtlemine-150x150.png 150w, https:\/\/sisu.ut.ee\/wp-content\/uploads\/sites\/644\/Suhtlemine-768x768.png 768w, https:\/\/sisu.ut.ee\/wp-content\/uploads\/sites\/644\/Suhtlemine-1536x1536.png 1536w, https:\/\/sisu.ut.ee\/wp-content\/uploads\/sites\/644\/Suhtlemine.png 1600w\" sizes=\"auto, (max-width: 300px) 100vw, 300px\"><\/a><\/figure><div class=\"wp-block-media-text__content\">\n<p class=\"has-dark-color has-text-color has-link-color wp-elements-2b6dd65bcfae3a3711a7857ddd762669\"><strong><a href=\"https:\/\/sisu.ut.ee\/karjaarivarav\/suhtlemisoskus\/\" data-type=\"page\" data-id=\"13\">Suhtlemisoskus<\/a><\/strong><\/p>\n\n\n\n<ul class=\"wp-block-list has-small-font-size\">\n<li>enesev\u00e4ljendus<\/li>\n\n\n\n<li>aktiivne kuulamine<\/li>\n\n\n\n<li>kultuuridevaheline suhtlemine\u00a0\u00a0<\/li>\n<\/ul>\n\n\n\n<p class=\"has-text-align-left has-dark-color has-text-color has-link-color has-small-font-size wp-elements-271e4413e7b7e863f68c234ed9b74ff5\"><a href=\"https:\/\/sisu.ut.ee\/karjaarivarav\/suhtlemisoskus\/\" data-type=\"page\" data-id=\"12\">Loe rohkem<\/a><\/p>\n<\/div><\/div>\n<\/div>\n\n\n\n<div class=\"wp-block-column is-layout-flow wp-block-column-is-layout-flow\">\n<div class=\"wp-block-media-text\" style=\"grid-template-columns:35% auto\"><figure class=\"wp-block-media-text__media\"><a href=\"https:\/\/sisu.ut.ee\/karjaarivarav\/koostoooskus\/\"><img loading=\"lazy\" decoding=\"async\" width=\"300\" height=\"300\" src=\"https:\/\/sisu.ut.ee\/wp-content\/uploads\/sites\/644\/Koostoo-300x300.png\" alt=\"\" class=\"wp-image-275 size-medium\" srcset=\"https:\/\/sisu.ut.ee\/wp-content\/uploads\/sites\/644\/Koostoo-300x300.png 300w, https:\/\/sisu.ut.ee\/wp-content\/uploads\/sites\/644\/Koostoo-1024x1024.png 1024w, https:\/\/sisu.ut.ee\/wp-content\/uploads\/sites\/644\/Koostoo-150x150.png 150w, https:\/\/sisu.ut.ee\/wp-content\/uploads\/sites\/644\/Koostoo-768x768.png 768w, https:\/\/sisu.ut.ee\/wp-content\/uploads\/sites\/644\/Koostoo-1536x1536.png 1536w, https:\/\/sisu.ut.ee\/wp-content\/uploads\/sites\/644\/Koostoo.png 1600w\" sizes=\"auto, (max-width: 300px) 100vw, 300px\"><\/a><\/figure><div class=\"wp-block-media-text__content\">\n<p class=\"has-dark-color has-text-color has-link-color wp-elements-db8bdad288955a4715e671355dfb7c8d\"><strong><a href=\"https:\/\/sisu.ut.ee\/karjaarivarav\/koostoooskus\/\" data-type=\"page\" data-id=\"14\">Koost\u00f6\u00f6oskus<\/a><\/strong><\/p>\n\n\n\n<ul class=\"wp-block-list has-small-font-size\">\n<li>kaasamine<\/li>\n\n\n\n<li>empaatilisus<\/li>\n\n\n\n<li>juhtimis- ja l\u00e4bir\u00e4\u00e4kimisoskused<\/li>\n<\/ul>\n\n\n\n<p class=\"has-dark-color has-text-color has-link-color has-small-font-size wp-elements-fcb24f131bf249c1e82d01b0d22dd7ae\"><a href=\"https:\/\/sisu.ut.ee\/karjaarivarav\/koostoooskus\/\" data-type=\"link\" data-id=\"https:\/\/sisu.ut.ee\/karjaarivarav\/koostoooskus\/\">Loe rohkem<\/a><\/p>\n<\/div><\/div>\n<\/div>\n<\/div>\n\n\n\n<div class=\"wp-block-columns is-layout-flex wp-container-core-columns-is-layout-9d6595d7 wp-block-columns-is-layout-flex\">\n<div class=\"wp-block-column is-layout-flow wp-block-column-is-layout-flow\">\n<div class=\"wp-block-media-text\" style=\"grid-template-columns:35% auto\"><figure class=\"wp-block-media-text__media\"><a href=\"https:\/\/sisu.ut.ee\/karjaarivarav\/probleemi-lahendamine\/\"><img loading=\"lazy\" decoding=\"async\" width=\"300\" height=\"300\" src=\"https:\/\/sisu.ut.ee\/wp-content\/uploads\/sites\/644\/Probleemi-lahendamine-300x300.png\" alt=\"\" class=\"wp-image-278 size-medium\" srcset=\"https:\/\/sisu.ut.ee\/wp-content\/uploads\/sites\/644\/Probleemi-lahendamine-300x300.png 300w, https:\/\/sisu.ut.ee\/wp-content\/uploads\/sites\/644\/Probleemi-lahendamine-1024x1024.png 1024w, https:\/\/sisu.ut.ee\/wp-content\/uploads\/sites\/644\/Probleemi-lahendamine-150x150.png 150w, https:\/\/sisu.ut.ee\/wp-content\/uploads\/sites\/644\/Probleemi-lahendamine-768x768.png 768w, https:\/\/sisu.ut.ee\/wp-content\/uploads\/sites\/644\/Probleemi-lahendamine-1536x1536.png 1536w, https:\/\/sisu.ut.ee\/wp-content\/uploads\/sites\/644\/Probleemi-lahendamine.png 1600w\" sizes=\"auto, (max-width: 300px) 100vw, 300px\"><\/a><\/figure><div class=\"wp-block-media-text__content\">\n<p class=\"has-dark-color has-text-color has-link-color wp-elements-e6e3bb916b620310290a71dcf7bd649a\"><strong><a href=\"https:\/\/sisu.ut.ee\/karjaarivarav\/probleemi-lahendamine\/\" data-type=\"page\" data-id=\"15\">Probleemi lahendamine<\/a><\/strong><\/p>\n\n\n\n<ul class=\"wp-block-list has-small-font-size\">\n<li>probleemi tuvastamine<\/li>\n\n\n\n<li>lahenduskesksus<\/li>\n\n\n\n<li>toimetulek m\u00e4\u00e4ramatusega<\/li>\n<\/ul>\n\n\n\n<p class=\"has-dark-color has-text-color has-link-color has-small-font-size wp-elements-77c33e2c10aa0ee63b2e84552a843e4b\"><a href=\"https:\/\/sisu.ut.ee\/karjaarivarav\/probleemi-lahendamine\/\" data-type=\"link\" data-id=\"https:\/\/sisu.ut.ee\/karjaarivarav\/probleemi-lahendamine\/\">Loe rohkem<\/a><\/p>\n<\/div><\/div>\n<\/div>\n\n\n\n<div class=\"wp-block-column is-layout-flow wp-block-column-is-layout-flow\">\n<div class=\"wp-block-media-text\" style=\"grid-template-columns:35% auto\"><figure class=\"wp-block-media-text__media\"><a href=\"https:\/\/sisu.ut.ee\/karjaarivarav\/loovus\/\"><img loading=\"lazy\" decoding=\"async\" width=\"300\" height=\"300\" src=\"https:\/\/sisu.ut.ee\/wp-content\/uploads\/sites\/644\/Loovus-300x300.png\" alt=\"\" class=\"wp-image-277 size-medium\" srcset=\"https:\/\/sisu.ut.ee\/wp-content\/uploads\/sites\/644\/Loovus-300x300.png 300w, https:\/\/sisu.ut.ee\/wp-content\/uploads\/sites\/644\/Loovus-1024x1024.png 1024w, https:\/\/sisu.ut.ee\/wp-content\/uploads\/sites\/644\/Loovus-150x150.png 150w, https:\/\/sisu.ut.ee\/wp-content\/uploads\/sites\/644\/Loovus-768x768.png 768w, https:\/\/sisu.ut.ee\/wp-content\/uploads\/sites\/644\/Loovus-1536x1536.png 1536w, https:\/\/sisu.ut.ee\/wp-content\/uploads\/sites\/644\/Loovus.png 1600w\" sizes=\"auto, (max-width: 300px) 100vw, 300px\"><\/a><\/figure><div class=\"wp-block-media-text__content\">\n<p class=\"has-dark-color has-text-color has-link-color wp-elements-b2840c662b00862e916fdcd8637915cd\"><strong><a href=\"https:\/\/sisu.ut.ee\/karjaarivarav\/loovus\/\" data-type=\"page\" data-id=\"16\">Loovus<\/a><\/strong><\/p>\n\n\n\n<ul class=\"wp-block-list has-small-font-size\">\n<li>uudishimu<\/li>\n\n\n\n<li>uuendusmeelsus<\/li>\n\n\n\n<li>leidlikkus<\/li>\n<\/ul>\n\n\n\n<p class=\"has-dark-color has-text-color has-link-color has-small-font-size wp-elements-a0edcd1433cc671be1b97ee97b649e9e\"><a href=\"https:\/\/sisu.ut.ee\/karjaarivarav\/loovus\/\" data-type=\"link\" data-id=\"https:\/\/sisu.ut.ee\/karjaarivarav\/loovus\/\">Loe rohkem<\/a><\/p>\n<\/div><\/div>\n<\/div>\n\n\n\n<div class=\"wp-block-column is-layout-flow wp-block-column-is-layout-flow\">\n<div class=\"wp-block-media-text\" style=\"grid-template-columns:35% auto\"><figure class=\"wp-block-media-text__media\"><a href=\"https:\/\/sisu.ut.ee\/karjaarivarav\/kriitiline-motlemine\/\"><img loading=\"lazy\" decoding=\"async\" width=\"300\" height=\"300\" src=\"https:\/\/sisu.ut.ee\/wp-content\/uploads\/sites\/644\/Kriitiline-motlemine-300x300.png\" alt=\"\" class=\"wp-image-276 size-medium\" srcset=\"https:\/\/sisu.ut.ee\/wp-content\/uploads\/sites\/644\/Kriitiline-motlemine-300x300.png 300w, https:\/\/sisu.ut.ee\/wp-content\/uploads\/sites\/644\/Kriitiline-motlemine-1024x1024.png 1024w, https:\/\/sisu.ut.ee\/wp-content\/uploads\/sites\/644\/Kriitiline-motlemine-150x150.png 150w, https:\/\/sisu.ut.ee\/wp-content\/uploads\/sites\/644\/Kriitiline-motlemine-768x768.png 768w, https:\/\/sisu.ut.ee\/wp-content\/uploads\/sites\/644\/Kriitiline-motlemine-1536x1536.png 1536w, https:\/\/sisu.ut.ee\/wp-content\/uploads\/sites\/644\/Kriitiline-motlemine.png 1600w\" sizes=\"auto, (max-width: 300px) 100vw, 300px\"><\/a><\/figure><div class=\"wp-block-media-text__content\">\n<p class=\"has-dark-color has-text-color has-link-color wp-elements-8e7098ba11f5f5732e9d4643c8bec37b\"><strong><a href=\"https:\/\/sisu.ut.ee\/karjaarivarav\/kriitiline-motlemine\/\" data-type=\"page\" data-id=\"17\">Kriitiline m\u00f5tlemine<\/a><\/strong><\/p>\n\n\n\n<ul class=\"wp-block-list has-small-font-size\">\n<li>anal\u00fc\u00fctiline m\u00f5tlemine<\/li>\n\n\n\n<li>k\u00fcsimuste esitamine<\/li>\n\n\n\n<li>m\u00f5testamine<\/li>\n<\/ul>\n\n\n\n<p class=\"has-dark-color has-text-color has-link-color has-small-font-size wp-elements-2adf786abde1544272cdd076f6de1c48\"><a href=\"https:\/\/sisu.ut.ee\/karjaarivarav\/kriitiline-motlemine\/\" data-type=\"link\" data-id=\"https:\/\/sisu.ut.ee\/karjaarivarav\/kriitiline-motlemine\/\">Loe rohkem<\/a><\/p>\n<\/div><\/div>\n<\/div>\n<\/div>\n\n\n\n<div class=\"wp-block-columns is-layout-flex wp-container-core-columns-is-layout-9d6595d7 wp-block-columns-is-layout-flex\">\n<div class=\"wp-block-column is-layout-flow wp-block-column-is-layout-flow\">\n<div class=\"wp-block-media-text\" style=\"grid-template-columns:35% auto\"><figure class=\"wp-block-media-text__media\"><a href=\"https:\/\/sisu.ut.ee\/karjaarivarav\/digioskused\/\"><img loading=\"lazy\" decoding=\"async\" width=\"300\" height=\"300\" src=\"https:\/\/sisu.ut.ee\/wp-content\/uploads\/sites\/644\/Digioskused-300x300.png\" alt=\"\" class=\"wp-image-284 size-medium\" srcset=\"https:\/\/sisu.ut.ee\/wp-content\/uploads\/sites\/644\/Digioskused-300x300.png 300w, https:\/\/sisu.ut.ee\/wp-content\/uploads\/sites\/644\/Digioskused-1024x1024.png 1024w, https:\/\/sisu.ut.ee\/wp-content\/uploads\/sites\/644\/Digioskused-150x150.png 150w, https:\/\/sisu.ut.ee\/wp-content\/uploads\/sites\/644\/Digioskused-768x768.png 768w, https:\/\/sisu.ut.ee\/wp-content\/uploads\/sites\/644\/Digioskused-1536x1536.png 1536w, https:\/\/sisu.ut.ee\/wp-content\/uploads\/sites\/644\/Digioskused.png 1600w\" sizes=\"auto, (max-width: 300px) 100vw, 300px\"><\/a><\/figure><div class=\"wp-block-media-text__content\">\n<p class=\"has-dark-color has-text-color has-link-color wp-elements-8d043c0e359cc71331856649ccf37871\"><strong><a href=\"https:\/\/sisu.ut.ee\/karjaarivarav\/digioskused\/\" data-type=\"page\" data-id=\"18\">Digioskused<\/a><\/strong><\/p>\n\n\n\n<ul class=\"wp-block-list has-small-font-size\">\n<li>digikeskkondade kasutamine<\/li>\n\n\n\n<li>digisisu loomine<\/li>\n\n\n\n<li>digiturvalisus<\/li>\n<\/ul>\n\n\n\n<p class=\"has-dark-color has-text-color has-link-color has-small-font-size wp-elements-3ace24a1034d7b860dae6ab66474aaec\"><a href=\"https:\/\/sisu.ut.ee\/karjaarivarav\/digioskused\/\">Loe rohkem<\/a><\/p>\n<\/div><\/div>\n<\/div>\n\n\n\n<div class=\"wp-block-column is-layout-flow wp-block-column-is-layout-flow\">\n<div class=\"wp-block-media-text\" style=\"grid-template-columns:35% auto\"><figure class=\"wp-block-media-text__media\"><a href=\"https:\/\/sisu.ut.ee\/karjaarivarav\/ettevotlikkus\/\"><img loading=\"lazy\" decoding=\"async\" width=\"300\" height=\"300\" src=\"https:\/\/sisu.ut.ee\/wp-content\/uploads\/sites\/644\/Ettevotlikkus-300x300.png\" alt=\"\" class=\"wp-image-281 size-medium\" srcset=\"https:\/\/sisu.ut.ee\/wp-content\/uploads\/sites\/644\/Ettevotlikkus-300x300.png 300w, https:\/\/sisu.ut.ee\/wp-content\/uploads\/sites\/644\/Ettevotlikkus-1024x1024.png 1024w, https:\/\/sisu.ut.ee\/wp-content\/uploads\/sites\/644\/Ettevotlikkus-150x150.png 150w, https:\/\/sisu.ut.ee\/wp-content\/uploads\/sites\/644\/Ettevotlikkus-768x768.png 768w, https:\/\/sisu.ut.ee\/wp-content\/uploads\/sites\/644\/Ettevotlikkus-1536x1536.png 1536w, https:\/\/sisu.ut.ee\/wp-content\/uploads\/sites\/644\/Ettevotlikkus.png 1600w\" sizes=\"auto, (max-width: 300px) 100vw, 300px\"><\/a><\/figure><div class=\"wp-block-media-text__content\">\n<p class=\"has-dark-color has-text-color has-link-color wp-elements-418a5818d3c289635fe7298daa20372a\"><strong><a href=\"https:\/\/sisu.ut.ee\/karjaarivarav\/ettevotlikkus\/\" data-type=\"page\" data-id=\"19\">Ettev\u00f5tlikkus<\/a><\/strong><\/p>\n\n\n\n<ul class=\"wp-block-list has-small-font-size\">\n<li>tegutsemisvalmidus<\/li>\n\n\n\n<li>riskimisjulgus<\/li>\n\n\n\n<li>proaktiivsus<\/li>\n<\/ul>\n\n\n\n<p class=\"has-dark-color has-text-color has-link-color has-small-font-size wp-elements-6f88811154e5d9d80a6281bb00db31f4\"><a href=\"https:\/\/sisu.ut.ee\/karjaarivarav\/ettevotlikkus\/\">Loe rohkem<\/a><\/p>\n<\/div><\/div>\n<\/div>\n\n\n\n<div class=\"wp-block-column is-layout-flow wp-block-column-is-layout-flow\">\n<div class=\"wp-block-media-text\" style=\"grid-template-columns:35% auto\"><figure class=\"wp-block-media-text__media\"><a href=\"https:\/\/sisu.ut.ee\/karjaarivarav\/kestlik-motteviis\/\"><img loading=\"lazy\" decoding=\"async\" width=\"300\" height=\"300\" src=\"https:\/\/sisu.ut.ee\/wp-content\/uploads\/sites\/644\/Kestlik-motteviis-300x300.png\" alt=\"\" class=\"wp-image-280 size-medium\" srcset=\"https:\/\/sisu.ut.ee\/wp-content\/uploads\/sites\/644\/Kestlik-motteviis-300x300.png 300w, https:\/\/sisu.ut.ee\/wp-content\/uploads\/sites\/644\/Kestlik-motteviis-1024x1024.png 1024w, https:\/\/sisu.ut.ee\/wp-content\/uploads\/sites\/644\/Kestlik-motteviis-150x150.png 150w, https:\/\/sisu.ut.ee\/wp-content\/uploads\/sites\/644\/Kestlik-motteviis-768x768.png 768w, https:\/\/sisu.ut.ee\/wp-content\/uploads\/sites\/644\/Kestlik-motteviis-1536x1536.png 1536w, https:\/\/sisu.ut.ee\/wp-content\/uploads\/sites\/644\/Kestlik-motteviis.png 1600w\" sizes=\"auto, (max-width: 300px) 100vw, 300px\"><\/a><\/figure><div class=\"wp-block-media-text__content\">\n<p class=\"has-dark-color has-text-color has-link-color wp-elements-af3a3dfdc405a516965d6cbd4b010210\"><strong><a href=\"https:\/\/sisu.ut.ee\/karjaarivarav\/kestlik-motteviis\/\" data-type=\"page\" data-id=\"20\">Kestlik m\u00f5tteviis<\/a><\/strong><\/p>\n\n\n\n<ul class=\"wp-block-list has-small-font-size\">\n<li>kestliku arengu olemuse m\u00f5istmine<\/li>\n\n\n\n<li>oma tegevuse m\u00f5ju hindamine<\/li>\n\n\n\n<li>suunatus tulevikku<\/li>\n<\/ul>\n\n\n\n<p class=\"has-dark-color has-text-color has-link-color has-small-font-size wp-elements-ab5325ca1a4438089236cfac2d963049\"><a href=\"https:\/\/sisu.ut.ee\/karjaarivarav\/kestlik-motteviis\/\" data-type=\"link\" data-id=\"https:\/\/sisu.ut.ee\/karjaarivarav\/kestlik-motteviis\/\">Loe rohkem<\/a><\/p>\n<\/div><\/div>\n<\/div>\n<\/div>\n\n\n<div class=\"accordion-block mb-3\">\n\t\t<div class=\"accordion \" id=\"accordion-accordion-69da335b9744c\">\n\t\t\t\t\t\t\t<div class=\"accordion-item accordion-item--white\">\n\t\t\t\t\t<h2 class=\"accordion-header\" id=\"accordion-69da335b9744c-heading-1\">\n\t\t\t\t\t\t<button class=\"accordion-button collapsed\" type=\"button\" data-bs-toggle=\"collapse\" data-bs-target=\"#accordion-69da335b9744c-collapse-1\" aria-expanded=\"true\" aria-controls=\"accordion-69da335b9744c-collapse-1\">\n\t\t\t\t\t\t\tLugemis- ja vaatamissoovitused\n\t\t\t\t\t\t<\/button>\n\t\t\t\t\t<\/h2>\n\t\t\t\t\t<div id=\"accordion-69da335b9744c-collapse-1\" class=\"accordion-collapse collapse \" aria-labelledby=\"accordion-69da335b9744c-heading-1\">\n\t\t\t\t\t\t<div class=\"accordion-body\">\n\t\t\t\t\t\t\t<ul>\n<li><span class=\"TextRun SCXW149113489 BCX8\" lang=\"ET-EE\" xml:lang=\"ET-EE\" data-contrast=\"auto\"><span class=\"NormalTextRun SCXW149113489 BCX8\">Kutsekoja poolt koostatud <\/span><\/span><a class=\"Hyperlink SCXW149113489 BCX8\" href=\"https:\/\/oska.kutsekoda.ee\/wp-content\/uploads\/2022\/03\/Tooelu_yldoskused_Liigitus_ja_vajadused_lyhiaruanne.pdf\" target=\"_blank\" rel=\"noreferrer noopener\"><span class=\"TextRun Underlined SCXW149113489 BCX8\" lang=\"ET-EE\" xml:lang=\"ET-EE\" data-contrast=\"none\"><span class=\"NormalTextRun SCXW149113489 BCX8\" data-ccp-charstyle=\"Hyperlink\">t\u00f6\u00f6elu <\/span><span class=\"NormalTextRun SCXW149113489 BCX8\" data-ccp-charstyle=\"Hyperlink\">\u00fcldoskuste<\/span><span class=\"NormalTextRun SCXW149113489 BCX8\" data-ccp-charstyle=\"Hyperlink\"> liigitus ja vajadus<\/span><\/span><\/a><span class=\"TextRun SCXW149113489 BCX8\" lang=\"ET-EE\" xml:lang=\"ET-EE\" data-contrast=\"auto\"><span class=\"NormalTextRun SCXW149113489 BCX8\">.<\/span><\/span><span class=\"EOP SCXW149113489 BCX8\" data-ccp-props='{\"134233117\":true,\"134233118\":true,\"201341983\":0,\"335557856\":16448250,\"335559739\":160,\"335559740\":276}'>\u00a0<\/span><\/li>\n<li>Loe Eesti T\u00f6\u00f6tukassa kodulehelt <a href=\"https:\/\/minukarjaar.ee\/et\/karjaar\/sisu\/oskused\">oskustest<\/a>.<\/li>\n<li><span class=\"TextRun SCXW15657517 BCX8\" lang=\"EN-US\" xml:lang=\"EN-US\" data-contrast=\"none\"><span class=\"NormalTextRun SCXW15657517 BCX8\">L<\/span><\/span><span class=\"TextRun SCXW15657517 BCX8\" lang=\"EN-US\" xml:lang=\"EN-US\" data-contrast=\"auto\"><span class=\"NormalTextRun SCXW15657517 BCX8\">oe<\/span> <span class=\"NormalTextRun SpellingErrorV2Themed SCXW15657517 BCX8\">Kutsekoja<\/span> <span class=\"NormalTextRun SpellingErrorV2Themed SCXW15657517 BCX8\">kodulehelt<\/span> <\/span><a class=\"Hyperlink SCXW15657517 BCX8\" href=\"https:\/\/oska.kutsekoda.ee\/millised-oskused-on-tulevikus-tooturul-hinnas\/\" target=\"_blank\" rel=\"noreferrer noopener\"><span class=\"TextRun Underlined SCXW15657517 BCX8\" lang=\"EN-US\" xml:lang=\"EN-US\" data-contrast=\"none\"><span class=\"NormalTextRun SCXW15657517 BCX8\" data-ccp-charstyle=\"Hyperlink\">millised<\/span> <span class=\"NormalTextRun SCXW15657517 BCX8\" data-ccp-charstyle=\"Hyperlink\">oskused<\/span><span class=\"NormalTextRun SCXW15657517 BCX8\" data-ccp-charstyle=\"Hyperlink\"> on <\/span><span class=\"NormalTextRun SCXW15657517 BCX8\" data-ccp-charstyle=\"Hyperlink\">tulevikus<\/span> <span class=\"NormalTextRun SCXW15657517 BCX8\" data-ccp-charstyle=\"Hyperlink\">t\u00f6\u00f6turul<\/span> <span class=\"NormalTextRun SCXW15657517 BCX8\" data-ccp-charstyle=\"Hyperlink\">hinnas<\/span><\/span><\/a><span class=\"TextRun SCXW15657517 BCX8\" lang=\"EN-US\" xml:lang=\"EN-US\" data-contrast=\"auto\"><span class=\"NormalTextRun SCXW15657517 BCX8\">.<\/span><span class=\"NormalTextRun SCXW15657517 BCX8\">\u00a0<\/span><\/span><span class=\"EOP SCXW15657517 BCX8\" data-ccp-props='{\"134233117\":true,\"134233118\":true,\"201341983\":0,\"335557856\":16777215,\"335559739\":160,\"335559740\":276}'>\u00a0<\/span><\/li>\n<li>Vaata Kutsekoja <a href=\"https:\/\/www.youtube.com\/watch?v=XLTIes-WrvU\" target=\"_blank\" rel=\"noreferrer noopener\">videot tulevikuoskustest.<\/a><\/li>\n<li>Leemet, A., Ungro, A. (2022). <a href=\"https:\/\/uuringud.oska.kutsekoda.ee\/assets\/files\/uldoskused\/tooelu-uldoskused-liigitus-ja-vajadused-luhiaruanne.pdf\" target=\"_blank\" rel=\"noopener\">T\u00f6\u00f6elu \u00fcldoskused: liigitus ja vajadused. L\u00fchiaruanne<\/a>. Tallinn: SA Kutsekoda.<!-- \/wp:list-item --> <!-- wp:list-item --><\/li>\n<li><a href=\"https:\/\/research-and-innovation.ec.europa.eu\/jobs-research\/researchcomp-european-competence-framework-researchers_en\" target=\"_blank\" rel=\"noreferrer noopener\">ResearchComp<\/a>: The European Competence Framework for Research.<\/li>\n<\/ul>\n\n\t\t\t\t\t\t<\/div>\n\t\t\t\t\t<\/div>\n\t\t\t\t<\/div>\n\t\t\t\t\t<\/div>\n\t<\/div>\n\n\n\n<div style=\"height:20px\" aria-hidden=\"true\" class=\"wp-block-spacer\"><\/div>\n\n\n\n<div class=\"wp-block-buttons is-content-justification-center is-layout-flex wp-container-core-buttons-is-layout-16018d1d wp-block-buttons-is-layout-flex\">\n<div class=\"wp-block-button\"><a class=\"wp-block-button__link wp-element-button\" href=\"https:\/\/tulevikuoskused.etu.ut.ee\/\" style=\"border-radius:7px;padding-top:var(--wp--preset--spacing--40);padding-right:var(--wp--preset--spacing--80);padding-bottom:var(--wp--preset--spacing--40);padding-left:var(--wp--preset--spacing--80)\">Tulevikuoskuste enesehindamise vahend<\/a><\/div>\n<\/div>\n","protected":false},"excerpt":{"rendered":"<p>Terminit\u00a0\u00fcldoskused\u00a0kasutatakse k\u00f5rvuti mitme teise s\u00f5naga:\u00a0\u00fclekantavad oskused,\u00a0tulevikuoskused,\u00a0t\u00f6\u00f6alase konkurentsiv\u00f5ime oskused,\u00a021. sajandi oskused\u00a0jne. Eestis on kasutusel neist peamiselt kaks:\u00a0\u00fclekantavad oskused\u00a0ja\u00a0\u00fcldoskused. Karj\u00e4\u00e4riv\u00e4rava lehel kasutame terminit\u00a0tulevikuoskused, et esitada valik \u00fcldoskustest, mis aitavad Sul toime tulla muutuva maailmaga.\u00a0\u00a0 Karj\u00e4\u00e4rikujundamise valdkonnas on kasutusel j\u00e4rgmised m\u00f5isted: Enesejuhtimisoskus Loe &#8230;<\/p>\n","protected":false},"author":228,"featured_media":0,"parent":0,"menu_order":0,"comment_status":"closed","ping_status":"closed","template":"","meta":{"_acf_changed":false,"inline_featured_image":false,"footnotes":""},"class_list":["post-11","page","type-page","status-publish","hentry"],"acf":[],"_links":{"self":[{"href":"https:\/\/sisu.ut.ee\/karjaarivarav\/wp-json\/wp\/v2\/pages\/11","targetHints":{"allow":["GET"]}}],"collection":[{"href":"https:\/\/sisu.ut.ee\/karjaarivarav\/wp-json\/wp\/v2\/pages"}],"about":[{"href":"https:\/\/sisu.ut.ee\/karjaarivarav\/wp-json\/wp\/v2\/types\/page"}],"author":[{"embeddable":true,"href":"https:\/\/sisu.ut.ee\/karjaarivarav\/wp-json\/wp\/v2\/users\/228"}],"replies":[{"embeddable":true,"href":"https:\/\/sisu.ut.ee\/karjaarivarav\/wp-json\/wp\/v2\/comments?post=11"}],"version-history":[{"count":30,"href":"https:\/\/sisu.ut.ee\/karjaarivarav\/wp-json\/wp\/v2\/pages\/11\/revisions"}],"predecessor-version":[{"id":1480,"href":"https:\/\/sisu.ut.ee\/karjaarivarav\/wp-json\/wp\/v2\/pages\/11\/revisions\/1480"}],"wp:attachment":[{"href":"https:\/\/sisu.ut.ee\/karjaarivarav\/wp-json\/wp\/v2\/media?parent=11"}],"curies":[{"name":"wp","href":"https:\/\/api.w.org\/{rel}","templated":true}]}}