{"id":1044,"date":"2024-07-10T11:02:39","date_gmt":"2024-07-10T08:02:39","guid":{"rendered":"https:\/\/sisu.ut.ee\/karjaarivarav\/?page_id=1044"},"modified":"2024-07-10T11:05:34","modified_gmt":"2024-07-10T08:05:34","slug":"cv-koostamine","status":"publish","type":"page","link":"https:\/\/sisu.ut.ee\/karjaarivarav\/cv-koostamine\/","title":{"rendered":"CV koostamine"},"content":{"rendered":"<div style=\"height:22px\" aria-hidden=\"true\" class=\"wp-block-spacer\"><\/div>\n\n\n\n<p>CV on l\u00fchikokkuv\u00f5te Sinu oskustest, teadmistest, kogemustest, saavutustest ja huvidest. See on nagu visiitkaart, mille saad virtuaalselt t\u00f6\u00f6andjale esitada, enne kui ta Sinuga kohtub. Seep\u00e4rast tuleks CV-ga p\u00fc\u00fcda t\u00f6\u00f6andja t\u00e4helepanu nii palju, et ta sooviks kohtuda ja Sinust rohkem teada saada.<\/p>\n\n\n\n<p>\u00dchte universaalset CV-vormi ei ole olemas. CV-sse on m\u00f5istlik panna kirja peamised ja vajaduse korral soovituslikud osad ning kasutada sobivat vormistusviisi, kuid hoida seejuures ka oma isikup\u00e4rast stiili.<\/p>\n\n\n\n<p>Eri liiki CV-de peamised osad on samad, kuid r\u00f5huasetus on erinev. Sa v\u00f5id koostada oma CV Sulle sobival viisil ja ka kombineerida eri liiki CV-sid.<\/p>\n\n\n<div class=\"accordion-block mb-3\">\n\t\t<div class=\"accordion \" id=\"accordion-accordion-69da158a92883\">\n\t\t\t\t\t\t\t<div class=\"accordion-item accordion-item--blue\">\n\t\t\t\t\t<h2 class=\"accordion-header\" id=\"accordion-69da158a92883-heading-1\">\n\t\t\t\t\t\t<button class=\"accordion-button collapsed\" type=\"button\" data-bs-toggle=\"collapse\" data-bs-target=\"#accordion-69da158a92883-collapse-1\" aria-expanded=\"true\" aria-controls=\"accordion-69da158a92883-collapse-1\">\n\t\t\t\t\t\t\tKronoloogiline CV \n\t\t\t\t\t\t<\/button>\n\t\t\t\t\t<\/h2>\n\t\t\t\t\t<div id=\"accordion-69da158a92883-collapse-1\" class=\"accordion-collapse collapse \" aria-labelledby=\"accordion-69da158a92883-heading-1\">\n\t\t\t\t\t\t<div class=\"accordion-body\">\n\t\t\t\t\t\t\t<p><strong>Kronoloogiline CV <\/strong>on selgelt struktureeritud elulookirjeldus, kus inimese teekond on h\u00e4sti j\u00e4lgitav. Info on esitatud tagurpidi ajalises j\u00e4rjestuses, nii et viimati omandatud haridusaste ja v\u00e4rskeim t\u00f6\u00f6kogemus on esimesel kohal.<\/p>\n<p>Kronoloogiline CV sobib, kui varasem(ad) t\u00f6\u00f6kogemus(ed) on otseselt seotud soovitud ametikohaga, Sa j\u00e4tkad samas valdkonnas ja soovid esile t\u00f5sta oma arengut selles.<\/p>\n<p>CV vormistamine ajalises j\u00e4rjestuses ei pruugi sobida, kui Sul on t\u00f6\u00f6elus rohkesti pause v\u00f5i vahetad v\u00e4ga sagedasti t\u00f6\u00f6kohti, sest kronoloogiline CV toob just need aspektid ilmekalt esile. Kuid see s\u00f5ltub ka sellest, kas Sul on pauside ja t\u00f6\u00f6kohavahetuste p\u00f5hjusi mugav selgitada v\u00f5i eelistad pigem juhtida t\u00e4helepanu oma oskustele ja kogemustele, millega saad kasulik olla.<\/p>\n\n\t\t\t\t\t\t<\/div>\n\t\t\t\t\t<\/div>\n\t\t\t\t<\/div>\n\t\t\t\t\t\t\t<div class=\"accordion-item accordion-item--blue\">\n\t\t\t\t\t<h2 class=\"accordion-header\" id=\"accordion-69da158a92883-heading-2\">\n\t\t\t\t\t\t<button class=\"accordion-button collapsed\" type=\"button\" data-bs-toggle=\"collapse\" data-bs-target=\"#accordion-69da158a92883-collapse-2\" aria-expanded=\"true\" aria-controls=\"accordion-69da158a92883-collapse-2\">\n\t\t\t\t\t\t\tFunktsionaalne CV\n\t\t\t\t\t\t<\/button>\n\t\t\t\t\t<\/h2>\n\t\t\t\t\t<div id=\"accordion-69da158a92883-collapse-2\" class=\"accordion-collapse collapse \" aria-labelledby=\"accordion-69da158a92883-heading-2\">\n\t\t\t\t\t\t<div class=\"accordion-body\">\n\t\t\t\t\t\t\t<p><strong>Funktsionaalne CV<\/strong> on struktureeritud viisil, mis r\u00f5hutab olulisi erialaseid ja \u00fcldoskusi ning n\u00e4itab seniste kogemuste kaudu Sinu sobivust ja p\u00e4devust. Vajalikud oskused v\u00f5ivad olla omandatud varasema t\u00e4is- v\u00f5i osaajaga t\u00f6\u00f6kohtadel, vabatahtlikuna tegutsemisel, \u00f5pingute l\u00e4bimisel, \u00f5pir\u00e4ndel, \u00fcli\u00f5pilas- v\u00f5i erialaorganisatsioonis jm. Ka funktsionaalses CV-s on esitatud l\u00fchidalt info viimatiste haridus- ja t\u00f6\u00f6kogemuste kohta.<\/p>\n<p>Funktsionaalse CV kasutamist v\u00f5id kaaluda, kui<\/p>\n<ul>\n<li>hakkad t\u00f6\u00f6turule minema;<\/li>\n<li>Sul on v\u00e4he t\u00f6\u00f6kogemusi;<\/li>\n<li>Sul on tekkinud t\u00f6\u00f6elus paus(id);<\/li>\n<li>teed oma t\u00f6\u00f6elus kannap\u00f6\u00f6rde;<\/li>\n<li>kandideerid ametikohale, mis on Su seniste t\u00f6\u00f6kogemustega vaid kaudselt seotud ja Sul on v\u00e4he otseseid kogemusi uues valdkonnas;<\/li>\n<li>tunned, et oled ametikoha jaoks \u00fclekvalifitseeritud.<\/li>\n<\/ul>\n\n\t\t\t\t\t\t<\/div>\n\t\t\t\t\t<\/div>\n\t\t\t\t<\/div>\n\t\t\t\t\t<\/div>\n\t<\/div>\n\n\n<div class=\"accordion-block mb-3\">\n\t\t<div class=\"accordion \" id=\"accordion-accordion-69da158a92d32\">\n\t\t\t\t\t\t\t<div class=\"accordion-item accordion-item--blue\">\n\t\t\t\t\t<h2 class=\"accordion-header\" id=\"accordion-69da158a92d32-heading-1\">\n\t\t\t\t\t\t<button class=\"accordion-button collapsed\" type=\"button\" data-bs-toggle=\"collapse\" data-bs-target=\"#accordion-69da158a92d32-collapse-1\" aria-expanded=\"true\" aria-controls=\"accordion-69da158a92d32-collapse-1\">\n\t\t\t\t\t\t\tCV peamised osad\n\t\t\t\t\t\t<\/button>\n\t\t\t\t\t<\/h2>\n\t\t\t\t\t<div id=\"accordion-69da158a92d32-collapse-1\" class=\"accordion-collapse collapse \" aria-labelledby=\"accordion-69da158a92d32-heading-1\">\n\t\t\t\t\t\t<div class=\"accordion-body\">\n\t\t\t\t\t\t\t<p><strong>Isikliku info<\/strong> ehk kontaktteabe ossa pane kirja oma nimi, aadress, telefoninumber ja e-posti aadress. Soovi korral v\u00f5id lisada ka LinkedIni konto, oma veebilehe v\u00f5i blogi aadressi, kui Sul need on ning Sa soovid nende kaudu oma \u00f5pi- ja karj\u00e4\u00e4riteekonda ning sobivust t\u00f6\u00f6andjale tutvustada.<\/p>\n<p><strong>T\u00f6\u00f6kogemuse <\/strong>kirjeldamisel anna l\u00fchike \u00fclevaade oma varasematest ametikohtadest eri ettev\u00f5tetes koos ametiaja kestusega, t\u00f6\u00f6\u00fclesannetest ja vastutusvaldkondadest. Kirjeldamist alusta k\u00f5ige viimasest ametikohast. Soovi korral v\u00f5id r\u00f5hutada oskusi ja kogemusi, mis on seotud t\u00f6\u00f6pakkumises esitatud n\u00f5uetega. Kui t\u00f6\u00f6kogemust napib, v\u00f5id kirja panna n\u00e4iteks praktika ajal t\u00e4idetud \u00fclesanded.<\/p>\n<p><strong>Haridusk\u00e4igu<\/strong> tutvustamisel nimeta olulised \u00f5pingud, lisa \u00f5pinguaeg, \u00f5ppeasutused ja omandatud haridustase.<\/p>\n<p><strong>Oskuste <\/strong>osas loetle oskused, mis on kandideerimisel olulised. Sa v\u00f5id eraldi esile tuua m\u00f5ne olulise erialaoskuse ja asjakohased \u00fcldoskused. Omaette loetelusse pane kirja keeled, mida oskad, ja nende tase (v\u00f5id kasutada s\u00f5nu <em>emakeel<\/em>, <em>suhtlustase<\/em> jne v\u00f5i l\u00e4htuda Euroopas kasutusel oleva \u00fchtse keeleoskuse tasemete jaotusest (A1, B2, C1, jne). Soovi korral saad oma keeleoskust hinnata Europassi lehel <a href=\"https:\/\/europass.europa.eu\/et\/common-european-framework-reference-language-skills\">enesehindamisvahendi<\/a> abil.<\/p>\n\n\t\t\t\t\t\t<\/div>\n\t\t\t\t\t<\/div>\n\t\t\t\t<\/div>\n\t\t\t\t\t\t\t<div class=\"accordion-item accordion-item--blue\">\n\t\t\t\t\t<h2 class=\"accordion-header\" id=\"accordion-69da158a92d32-heading-2\">\n\t\t\t\t\t\t<button class=\"accordion-button collapsed\" type=\"button\" data-bs-toggle=\"collapse\" data-bs-target=\"#accordion-69da158a92d32-collapse-2\" aria-expanded=\"true\" aria-controls=\"accordion-69da158a92d32-collapse-2\">\n\t\t\t\t\t\t\tCV soovituslikud osad\n\t\t\t\t\t\t<\/button>\n\t\t\t\t\t<\/h2>\n\t\t\t\t\t<div id=\"accordion-69da158a92d32-collapse-2\" class=\"accordion-collapse collapse \" aria-labelledby=\"accordion-69da158a92d32-heading-2\">\n\t\t\t\t\t\t<div class=\"accordion-body\">\n\t\t\t\t\t\t\t<p><strong>CV sissejuhatus <\/strong>on enese l\u00fchitutvustus tavaliselt CV algusosas oleva isikliku info j\u00e4rel. Sissejuhatus v\u00f5iks koosneda paarist-kolmest lausest, millega p\u00fc\u00fcda t\u00f6\u00f6andja t\u00e4helepanu. Selles tuleks kirjeldada enda kogemusi, oskusi ja tugevaid k\u00fclgi, mis sobivad selle ametikoha n\u00f5uetega, kuhu kandideerid. Lisada v\u00f5ib ka oma karj\u00e4\u00e4rieesm\u00e4rgid ja ootused tulevase ametikoha suhtes.<\/p>\n<p><strong>Sertifikaadid, tunnistused ja tunnustus. <\/strong>Kui Sul on sertifikaate ja tunnistusi, mis t\u00f5endavad soovitud ametikohaga seotud lisaoskusi \u2013 (projekti)juhtimisoskust, meeskonnat\u00f6\u00f6oskust, tarkvara kasutamise v\u00f5i arendamise oskust vm \u2013, siis lisa need CV-sse. Samuti v\u00f5id anda teavet tunnustuse kohta Sinu saavutuste eest nt \u00f5pingutes, eri t\u00f6\u00f6kohtadel ja projektides, eriti kui need kirjeldavad Sinu erialast arengut.<\/p>\n<p><strong>Organisatsioonide liikmesuse <\/strong>andmete lisamine on Sinu v\u00f5imalus n\u00e4idata oma \u00fchiskondlikku aktiivsust ja panustamist. Kui oled aktiivne liige m\u00f5nes erialaliidus, eriala\u00fcli\u00f5pilaste seltsis, \u00fcli\u00f5pilaskorporatsioonis, vabatahtlikus \u00fchenduses, valdkonna organisatsioonis vm, siis pane see kirja. Kui Sul on nendes \u00fchendustes m\u00f5ni vastutusala, oled midagi korraldanud v\u00f5i muul moel koost\u00f6\u00f6d teinud, siis m\u00e4rgi see kindlasti \u00e4ra.<\/p>\n<p><strong>Eneset\u00e4iendust <\/strong>kirjeldavasse ossa saad kirjutada l\u00e4bitud t\u00e4ienduskoolitused, vaba juurdep\u00e4\u00e4suga e-kursused (MOOC-id), suvekoolid jne, mis on seotud Su erialase arenguga v\u00f5i on kandideerimisel olulised.<\/p>\n<p><strong>Vabatahtliku t\u00f6\u00f6 kogemused <\/strong>v\u00e4\u00e4rivad CV-s kirjapanekut, sest seda t\u00f6\u00f6d tehes saab arendada mitmesuguseid oskusi. Vabatahtliku t\u00f6\u00f6 tegemine r\u00e4\u00e4gib t\u00f6\u00f6andjale nii Sinu kogemustest kui suhtumisest ja v\u00e4\u00e4rtushinnangutest. Vabatahtlikku t\u00f6\u00f6d CV-sse lisades nimeta ka \u00fclesanded, mille eest vastutasid.<\/p>\n<p><strong>Soovitajate lisamine <\/strong>v\u00f5ib suurendada t\u00f6\u00f6andja jaoks Sinu usaldusv\u00e4\u00e4rsust. M\u00f5tle l\u00e4bi, kes on need inimesed, kes v\u00f5iksid sobida Sind soovitama, ja k\u00fcsi neilt selleks n\u00f5usolekut. Soovitajate kontaktandmeid ei pea ilmtingimata CV-sse lisama, vaid t\u00f6\u00f6andja v\u00f5ib neid soovi korral Sinu k\u00e4est k\u00fcsida.<\/p>\n\n\t\t\t\t\t\t<\/div>\n\t\t\t\t\t<\/div>\n\t\t\t\t<\/div>\n\t\t\t\t\t<\/div>\n\t<\/div>\n\n\n<div class=\"accordion-block mb-3\">\n\t\t<div class=\"accordion \" id=\"accordion-accordion-69da158a92fef\">\n\t\t\t\t\t\t\t<div class=\"accordion-item accordion-item--blue\">\n\t\t\t\t\t<h2 class=\"accordion-header\" id=\"accordion-69da158a92fef-heading-1\">\n\t\t\t\t\t\t<button class=\"accordion-button collapsed\" type=\"button\" data-bs-toggle=\"collapse\" data-bs-target=\"#accordion-69da158a92fef-collapse-1\" aria-expanded=\"true\" aria-controls=\"accordion-69da158a92fef-collapse-1\">\n\t\t\t\t\t\t\tKuidas koostada akadeemilist CV-d?\n\t\t\t\t\t\t<\/button>\n\t\t\t\t\t<\/h2>\n\t\t\t\t\t<div id=\"accordion-69da158a92fef-collapse-1\" class=\"accordion-collapse collapse \" aria-labelledby=\"accordion-69da158a92fef-heading-1\">\n\t\t\t\t\t\t<div class=\"accordion-body\">\n\t\t\t\t\t\t\t<p>Akadeemilisele ametikohale kandideerimisel on muu hulgas vaja koostada akadeemiline CV, kus tavap\u00e4rasele CV-le tuleb lisada andmed oma teadustegevuse (projektid ja publikatsioonid), \u00f5petamise, juhendamise ja administratiivse t\u00f6\u00f6 kohta. Selleks leiad vastava k\u00f5rgkooli kodulehelt juhised, mida on m\u00f5istlik j\u00e4rgida. Akadeemiline CV ei ole dokument, kus liigse loomingulisusega t\u00e4helepanu p\u00fc\u00fcda.<\/p>\n<p>Tartu \u00dclikoolis on koostatud <a href=\"https:\/\/ut.ee\/et\/sisu\/akadeemilistele-ametikohtadele-kandideerimiseks-vajalikud-dokumendid-ja-oigusaktid\">akadeemilistele ametikohtadele kandideerimiseks vajalike dokumentide ja \u00f5igusaktide juhend<\/a>. CV koostamisel tekkivate k\u00fcsimuste korral pea n\u00f5u <a href=\"https:\/\/outlook.office365.com\/book\/Tnustamiskeskus-Bookings@TartuUlikool.onmicrosoft.com\/\">karj\u00e4\u00e4rin\u00f5ustajaga.<\/a><\/p>\n\n\t\t\t\t\t\t<\/div>\n\t\t\t\t\t<\/div>\n\t\t\t\t<\/div>\n\t\t\t\t\t\t\t<div class=\"accordion-item accordion-item--blue\">\n\t\t\t\t\t<h2 class=\"accordion-header\" id=\"accordion-69da158a92fef-heading-2\">\n\t\t\t\t\t\t<button class=\"accordion-button collapsed\" type=\"button\" data-bs-toggle=\"collapse\" data-bs-target=\"#accordion-69da158a92fef-collapse-2\" aria-expanded=\"true\" aria-controls=\"accordion-69da158a92fef-collapse-2\">\n\t\t\t\t\t\t\tMis on Europassi CV?\n\t\t\t\t\t\t<\/button>\n\t\t\t\t\t<\/h2>\n\t\t\t\t\t<div id=\"accordion-69da158a92fef-collapse-2\" class=\"accordion-collapse collapse \" aria-labelledby=\"accordion-69da158a92fef-heading-2\">\n\t\t\t\t\t\t<div class=\"accordion-body\">\n\t\t\t\t\t\t\t<p><a href=\"https:\/\/europass.europa.eu\/et\/create-europass-cv\">Europassi CV<\/a> on \u00fcleeuroopaliselt kasutatav CV, mis palutakse m\u00f5nikord t\u00f6\u00f6le kandideerimisel t\u00e4ita. Sul on v\u00f5imalik luua ja salvestada oma CV 31 keeles ja jagada seda t\u00f6\u00f6andjatega \u00fcle Euroopa.<\/p>\n<p>Europassi CV koostamiseks tuleb luua endale Europassi profiil, lisada sinna vajalik info oma hariduse, koolituste, t\u00f6\u00f6kogemuse ja oskuste kohta ning seej\u00e4rel asuda juhiste j\u00e4rgi looma konkreetse t\u00f6\u00f6pakkumise jaoks sobivat CV-d.<\/p>\n\n\t\t\t\t\t\t<\/div>\n\t\t\t\t\t<\/div>\n\t\t\t\t<\/div>\n\t\t\t\t\t<\/div>\n\t<\/div>\n","protected":false},"excerpt":{"rendered":"<p>CV on l\u00fchikokkuv\u00f5te Sinu oskustest, teadmistest, kogemustest, saavutustest ja huvidest. See on nagu visiitkaart, mille saad virtuaalselt t\u00f6\u00f6andjale esitada, enne kui ta Sinuga kohtub. Seep\u00e4rast tuleks CV-ga p\u00fc\u00fcda t\u00f6\u00f6andja t\u00e4helepanu nii palju, et ta sooviks kohtuda ja Sinust rohkem teada &#8230;<\/p>\n","protected":false},"author":346,"featured_media":0,"parent":0,"menu_order":1,"comment_status":"closed","ping_status":"closed","template":"","meta":{"_acf_changed":false,"inline_featured_image":false,"footnotes":""},"class_list":["post-1044","page","type-page","status-publish","hentry"],"acf":[],"_links":{"self":[{"href":"https:\/\/sisu.ut.ee\/karjaarivarav\/wp-json\/wp\/v2\/pages\/1044","targetHints":{"allow":["GET"]}}],"collection":[{"href":"https:\/\/sisu.ut.ee\/karjaarivarav\/wp-json\/wp\/v2\/pages"}],"about":[{"href":"https:\/\/sisu.ut.ee\/karjaarivarav\/wp-json\/wp\/v2\/types\/page"}],"author":[{"embeddable":true,"href":"https:\/\/sisu.ut.ee\/karjaarivarav\/wp-json\/wp\/v2\/users\/346"}],"replies":[{"embeddable":true,"href":"https:\/\/sisu.ut.ee\/karjaarivarav\/wp-json\/wp\/v2\/comments?post=1044"}],"version-history":[{"count":2,"href":"https:\/\/sisu.ut.ee\/karjaarivarav\/wp-json\/wp\/v2\/pages\/1044\/revisions"}],"predecessor-version":[{"id":1047,"href":"https:\/\/sisu.ut.ee\/karjaarivarav\/wp-json\/wp\/v2\/pages\/1044\/revisions\/1047"}],"wp:attachment":[{"href":"https:\/\/sisu.ut.ee\/karjaarivarav\/wp-json\/wp\/v2\/media?parent=1044"}],"curies":[{"name":"wp","href":"https:\/\/api.w.org\/{rel}","templated":true}]}}