{"id":8,"date":"2024-04-04T09:15:54","date_gmt":"2024-04-04T06:15:54","guid":{"rendered":"https:\/\/sisu.ut.ee\/kant\/naitus\/"},"modified":"2024-04-18T09:14:30","modified_gmt":"2024-04-18T06:14:30","slug":"naitus","status":"publish","type":"page","link":"https:\/\/sisu.ut.ee\/kant\/naitus\/","title":{"rendered":"N\u00e4itus ja loengusari"},"content":{"rendered":"<div class=\"wp-block-cover is-light\"><span aria-hidden=\"true\" class=\"wp-block-cover__background has-background-dim-0 has-background-dim\"><\/span><img loading=\"lazy\" decoding=\"async\" width=\"1024\" height=\"576\" class=\"wp-block-cover__image-background wp-image-94\" alt=\"\" src=\"https:\/\/sisu.ut.ee\/wp-content\/uploads\/sites\/694\/Kant-naitus-ekraanibanner-vigane-1024x576.jpg\" style=\"object-position:50% 12%\" data-object-fit=\"cover\" data-object-position=\"50% 12%\" srcset=\"https:\/\/sisu.ut.ee\/wp-content\/uploads\/sites\/694\/Kant-naitus-ekraanibanner-vigane-1024x576.jpg 1024w, https:\/\/sisu.ut.ee\/wp-content\/uploads\/sites\/694\/Kant-naitus-ekraanibanner-vigane-300x169.jpg 300w, https:\/\/sisu.ut.ee\/wp-content\/uploads\/sites\/694\/Kant-naitus-ekraanibanner-vigane-768x432.jpg 768w, https:\/\/sisu.ut.ee\/wp-content\/uploads\/sites\/694\/Kant-naitus-ekraanibanner-vigane-1536x864.jpg 1536w, https:\/\/sisu.ut.ee\/wp-content\/uploads\/sites\/694\/Kant-naitus-ekraanibanner-vigane.jpg 1920w\" sizes=\"auto, (max-width: 1024px) 100vw, 1024px\"><div class=\"wp-block-cover__inner-container is-layout-flow wp-block-cover-is-layout-flow\">\n<p class=\"has-text-align-center has-large-font-size\"><\/p>\n<\/div><\/div>\n\n\n\n<p><\/p>\n\n\n\n<h5 class=\"wp-block-heading\"><strong>Kant 300 Tartus: k\u00e4sikirjadest taevani<\/strong><br>N\u00e4itus Tartu \u00dclikooli raamatukogus:<br>6. aprill \u2013 5. mai 2024<\/h5>\n\n\n\n<p>22. aprillil m\u00f6\u00f6dub 300 aastat Immanuel Kanti s\u00fcnnist. Kant on \u00f5htumaise filosoofia ainus suurkuju, kes on v\u00f5rsunud meile l\u00e4hedasest, et mitte \u00fctelda meiega \u00fchisest balti kultuuriruumist. Kant laskis oma olulisemad teosed kirjastada Liivimaal Riias. Tema vahetud \u00f5pilased ja m\u00f5ttekaaslased \u00f5petasid taasavatud Tartu \u00fclikoolis. Eestikeelse filosoofilise terminoloogia aluskiht p\u00e4rineb paljuski Kantilt.<\/p>\n\n\n\n<p>N\u00e4itus eksponeerib Kanti loengukursuste k\u00e4sikirju ja kirjavahetust ning tema tr\u00fckiteoste esmav\u00e4ljaandeid, mis on hoiul Tartu \u00dclikooli raamatukogus. Samuti on v\u00e4lja pandud raamatukogus leiduv originaalmaterjal, mis kajastab Kanti filosoofia vahetut retseptsiooni Eestis, eesk\u00e4tt Tartu \u00fclikoolis 19. sajandi alguses.<\/p>\n\n\n\n<p>Lisaks tr\u00fckistele ja k\u00e4sikirjalisele materjalile seab n\u00e4itus eesm\u00e4rgiks esitada Kanti kuulus taevavaade, mida ta kirjeldab oma teose \u201ePraktilise m\u00f5istuse kriitika\u201c viimastel lehek\u00fclgedel \u2013 \u201eT\u00e4histaevas minu kohal, moraaliseadus minu sees\u201c \u2013 k\u00f5rvuti taevavaatega, mida tema \u00f5pilane Gottlob Benjamin J\u00e4sche koos oma s\u00f5bra Karl Morgensterniga 1808. aasta veebruari \u00fchel varahommikul Tartus oma koduaiast koges ning mida ta kirjeldab oma k\u00e4sikirjalises p\u00e4evikus \u201eArmastus ja usk\u201c. Taevavaadetega peegeldab n\u00e4itus Kanti filosoofiat ning selle teisenemist 19. sajandi alguse Tartus viisil, mis peaks laskma n\u00e4itusek\u00fclastajal sellega suhestuda isiklikumalt, tuginedes omaenese taevapilgule eksistentsiaalse kogemuse t\u00e4henduses.<\/p>\n\n\n\n<p><strong>N\u00e4ituse avamine toimub reedel\u00a05. aprillil\u00a0kell 16.15 T\u00dc raamatukogu n\u00e4ituste saalis.<\/strong><\/p>\n\n\n\n<p>N\u00e4ituse \u201eKant 300 Tartus: k\u00e4sikirjadest taevani\u201d raames toimuv<br><strong>Immanuel Kanti 300. s\u00fcnniaastap\u00e4evale p\u00fchendatud loengusari<\/strong><br>Tartu \u00dclikooli Raamatukogus\u00a0(W. Struve 1)<\/p>\n\n\n\n<p><em>\u00dche loengu pikkus 35 minutit<\/em><br><strong>\u00a0\u00a0<\/strong><\/p>\n\n\n\n<p><strong>R, 5. aprill, kell 17.15 ruumis 243\/T\u00f5stamaa \u00a0<\/strong><\/p>\n\n\n\n<ul class=\"wp-block-list\">\n<li>Meelis Friedenthal: Kant, 18. sajandi protestantlik \u00fclikool ja disputatsioonid<\/li>\n\n\n\n<li>Janika P\u00e4ll: Karl Morgenstern Kanti esteetikast<\/li>\n<\/ul>\n\n\n\n<p><strong>T, 9. aprill, kell 16.15 ruumis 243\/T\u00f5stamaa \u00a0<\/strong><\/p>\n\n\n\n<ul class=\"wp-block-list\">\n<li>Andrus Tool: Sissevaade Kanti transtsendentaalfilosoofiasse<\/li>\n\n\n\n<li>Piret Kuusk: Kant, f\u00fc\u00fcsika ja metaf\u00fc\u00fcsika<\/li>\n<\/ul>\n\n\n\n<p><strong>N, 18. aprill, kell 16.15 ruumis 243\/T\u00f5stamaa \u00a0<\/strong><\/p>\n\n\n\n<ul class=\"wp-block-list\">\n<li>Eva Piirim\u00e4e: Inimkonna ajalugu Kanti poliitilises ja \u00f5igusfilosoofias<\/li>\n\n\n\n<li>Eduard Parhomenko: Kant ning Tartu taevas<\/li>\n<\/ul>\n\n\n\n<p>17.30 ajakirja Akadeemia Kanti erinumbri esitlus (n\u00e4ituste saalis)<\/p>\n\n\n\n<p><strong>N, 25. aprill, kell 16.15 ruumis 243\/T\u00f5stamaa \u00a0<\/strong><\/p>\n\n\n\n<ul class=\"wp-block-list\">\n<li>Marju-Luts Sootak: T\u00e4nap\u00e4eva \u00f5iguse alused Immanuel Kanti filosoofias<\/li>\n\n\n\n<li>Francesco Orsi: Kui seks on probleem, siis kas n\u00f5usolek on selle lahendus? Kanti vaade<\/li>\n<\/ul>\n","protected":false},"excerpt":{"rendered":"<p>Kant 300 Tartus: k\u00e4sikirjadest taevaniN\u00e4itus Tartu \u00dclikooli raamatukogus:6. aprill \u2013 5. mai 2024 22. aprillil m\u00f6\u00f6dub 300 aastat Immanuel Kanti s\u00fcnnist. Kant on \u00f5htumaise filosoofia ainus suurkuju, kes on v\u00f5rsunud meile l\u00e4hedasest, et mitte \u00fctelda meiega \u00fchisest balti kultuuriruumist. Kant &#8230;<\/p>\n","protected":false},"author":99,"featured_media":0,"parent":0,"menu_order":0,"comment_status":"closed","ping_status":"closed","template":"","meta":{"_acf_changed":false,"inline_featured_image":false,"footnotes":""},"class_list":["post-8","page","type-page","status-publish","hentry"],"acf":[],"_links":{"self":[{"href":"https:\/\/sisu.ut.ee\/kant\/wp-json\/wp\/v2\/pages\/8","targetHints":{"allow":["GET"]}}],"collection":[{"href":"https:\/\/sisu.ut.ee\/kant\/wp-json\/wp\/v2\/pages"}],"about":[{"href":"https:\/\/sisu.ut.ee\/kant\/wp-json\/wp\/v2\/types\/page"}],"author":[{"embeddable":true,"href":"https:\/\/sisu.ut.ee\/kant\/wp-json\/wp\/v2\/users\/99"}],"replies":[{"embeddable":true,"href":"https:\/\/sisu.ut.ee\/kant\/wp-json\/wp\/v2\/comments?post=8"}],"version-history":[{"count":8,"href":"https:\/\/sisu.ut.ee\/kant\/wp-json\/wp\/v2\/pages\/8\/revisions"}],"predecessor-version":[{"id":127,"href":"https:\/\/sisu.ut.ee\/kant\/wp-json\/wp\/v2\/pages\/8\/revisions\/127"}],"wp:attachment":[{"href":"https:\/\/sisu.ut.ee\/kant\/wp-json\/wp\/v2\/media?parent=8"}],"curies":[{"name":"wp","href":"https:\/\/api.w.org\/{rel}","templated":true}]}}