{"id":3,"date":"2024-04-03T23:08:06","date_gmt":"2024-04-03T20:08:06","guid":{"rendered":"https:\/\/sisu.ut.ee\/kaltsunukk\/avaleht-9\/"},"modified":"2024-04-03T23:08:23","modified_gmt":"2024-04-03T20:08:23","slug":"avaleht-9","status":"publish","type":"page","link":"https:\/\/sisu.ut.ee\/kaltsunukk\/","title":{"rendered":"Avaleht"},"content":{"rendered":"<p style=\"text-align: center\"><span style=\"color: #800000\" data-mce-mark=\"1\"><\/span><\/p>\n<p style=\"text-align: center\"><img loading=\"lazy\" decoding=\"async\" width=\"655\" height=\"369\" class=\"alignnone wp-image-14\" src=\"https:\/\/sisu.ut.ee\/wp-content\/uploads\/sites\/11\/1-1.png\" title=\"1-1.png\" alt=\"1-1.png\" srcset=\"https:\/\/sisu.ut.ee\/wp-content\/uploads\/sites\/11\/1-1.png 655w, https:\/\/sisu.ut.ee\/wp-content\/uploads\/sites\/11\/1-1-300x169.png 300w\" sizes=\"auto, (max-width: 655px) 100vw, 655px\"><\/p>\n<p style=\"text-align: center\"><span style=\"color: #993300\"><strong>KARIN \u00a0KISS<\/strong><\/span><br><span style=\"color: #993300\">Tartu \u00dclikool<\/span><br><span style=\"color: #993300\">sotsiaal- ja haridusteaduskonna\u00a0haridusteaduste instituut<\/span><br><span style=\"color: #993300\">\u00f5petajate t\u00e4ienduskoolitus- ja kutseaasta keskus<\/span><br><span style=\"color: #993300\">2013<\/span><\/p>\n<p>\u00d5piobjekt, mida hetkel k\u00fclastad, innustab Sind koos lapse v\u00f5i lastega m\u00e4ngima ja meisterdama.<\/p>\n<p>Kaltsunukud on v\u00e4ga head m\u00e4nguasjad, mis toetavad laste loovuse ning sotsiaalsete oskuste arengut, \u00f5petavad tekstiilmaterjalide taaskasutamist ning on heaks \u00f5ppevahendiks t\u00f6\u00f6s erivajadustega lastega. Lisaks aitab nukk t\u00e4iskasvanul lapsega kontakti saavutada ning pakub vajadusel turvatunnet ja lohutust.<\/p>\n<p>Kindlasti on igal kaltsunukul olnud kindel autor, kuid nukke on ikka ajast-aega valmistatud ja nende tegemist emalt t\u00fctrele \u00f5petatud ning n\u00f5nda me p\u00e4ris t\u00e4pselt ei teagi, kes on esimese kaltsunuku autor. Vaheldusrikkuse saavutamiseks v\u00f5id Sinagi m\u00f5nda detaili muuta ning luua t\u00e4iesti oma nuku.<\/p>\n<p>Kasutades samm-sammult tegevusk\u00e4ike kirjeldavaid ning fotodega illustreeritud t\u00f6\u00f6juhendeid p\u00fc\u00fcab k\u00e4esolev \u00f5piobjekt kummutada m\u00fc\u00fcti kaltsunuku tehnoloogilisest keerukusest ning n\u00e4itab, et lihtsama kaltsunuku valmistamisega saab tegelikult hakkama ka v\u00e4ga kesiste \u00f5mblemisoskustega k\u00e4sit\u00f6\u00f6huviline.<\/p>\n<p>Nuku puhul on ikkagi k\u00f5ige t\u00e4htsam, et temaga saaks m\u00e4ngida ning ta oleks lapsele oma.<\/p>\n<p>R\u00f5\u00f5murohket meisterdamist,<br>Karin<\/p>\n","protected":false},"excerpt":{"rendered":"<p>KARIN \u00a0KISSTartu \u00dclikoolsotsiaal- ja haridusteaduskonna\u00a0haridusteaduste instituut\u00f5petajate t\u00e4ienduskoolitus- ja kutseaasta keskus2013 \u00d5piobjekt, mida hetkel k\u00fclastad, innustab Sind koos lapse v\u00f5i lastega m\u00e4ngima ja meisterdama. Kaltsunukud on v\u00e4ga head m\u00e4nguasjad, mis toetavad laste loovuse ning sotsiaalsete oskuste arengut, \u00f5petavad tekstiilmaterjalide taaskasutamist ning &#8230;<\/p>\n","protected":false},"author":9,"featured_media":0,"parent":0,"menu_order":0,"comment_status":"closed","ping_status":"closed","template":"","meta":{"_acf_changed":false,"inline_featured_image":false,"footnotes":""},"class_list":["post-3","page","type-page","status-publish","hentry"],"acf":[],"_links":{"self":[{"href":"https:\/\/sisu.ut.ee\/kaltsunukk\/wp-json\/wp\/v2\/pages\/3","targetHints":{"allow":["GET"]}}],"collection":[{"href":"https:\/\/sisu.ut.ee\/kaltsunukk\/wp-json\/wp\/v2\/pages"}],"about":[{"href":"https:\/\/sisu.ut.ee\/kaltsunukk\/wp-json\/wp\/v2\/types\/page"}],"author":[{"embeddable":true,"href":"https:\/\/sisu.ut.ee\/kaltsunukk\/wp-json\/wp\/v2\/users\/9"}],"replies":[{"embeddable":true,"href":"https:\/\/sisu.ut.ee\/kaltsunukk\/wp-json\/wp\/v2\/comments?post=3"}],"version-history":[{"count":1,"href":"https:\/\/sisu.ut.ee\/kaltsunukk\/wp-json\/wp\/v2\/pages\/3\/revisions"}],"predecessor-version":[{"id":108,"href":"https:\/\/sisu.ut.ee\/kaltsunukk\/wp-json\/wp\/v2\/pages\/3\/revisions\/108"}],"wp:attachment":[{"href":"https:\/\/sisu.ut.ee\/kaltsunukk\/wp-json\/wp\/v2\/media?parent=3"}],"curies":[{"name":"wp","href":"https:\/\/api.w.org\/{rel}","templated":true}]}}