{"id":7,"date":"2024-04-04T09:11:26","date_gmt":"2024-04-04T06:11:26","guid":{"rendered":"https:\/\/sisu.ut.ee\/kalake-kasutusjuhend\/avaleht\/"},"modified":"2024-04-04T09:11:33","modified_gmt":"2024-04-04T06:11:33","slug":"avaleht","status":"publish","type":"page","link":"https:\/\/sisu.ut.ee\/kalake-kasutusjuhend\/","title":{"rendered":"Testid kakskeelsete laste hindamiseks"},"content":{"rendered":"<p>\n\t<span style=\"font-family:Georgia,serif\">Tere tulemast KaLaKe testikomplekti kasutusjuhendi lehele! Siit leiate info selle kohta, kuidas teste EIS-i keskkonnas l\u00e4bi viia ning laste vastuseid hinnata. Kui testimisel tekib k\u00fcsimusi, millele siit vastust ei leia, v\u00f5tke julgelt \u00fchendust Adele Vaksiga aadressil adele.vaks@ut.ee.<\/span>\n<\/p>\n<p>\n\t<span style=\"font-family:Georgia,serif\">Kakskeelsete laste hulgas esineb keelepuudega lapsi sama palju kui \u00fckskeelsete hulgas. Neid on oluline m\u00e4rgata, sest need lapsed vajavad logopeedilist abi m\u00f5lema keele omandamisel. Keelepuude m\u00e4rkamine kakskeelstel lastel on aga raske, sest keelepuude tunnused on sarnased vigadele, mida teevad eesti keelt teise keelena v\u00f5i muu keelega paralleelselt omandavad lapsed. Keelepuude tuvastamiseks ei saa kasutada \u00fckskeelsetele lastele m\u00f5eldud teste. Last tuleb hinnata m\u00f5lemas keeles.\u00a0<\/span>\n<\/p>\n<p>\n\t<br><span style=\"font-family:Georgia,serif\">Tartu \u00dclikooli teadlaste juhtimisel on valminud testid, mille eesm\u00e4rgiks on aidata logopeedidel m\u00e4rgata keelepuuet kakskeelsetel lastel. Testikomplektis sisaldub :\u00a0<br>\u2022\u00a0\u00a0 \u00a0s\u00f5navara test (4 osa);\u00a0<br>\u2022\u00a0\u00a0 \u00a0lausete j\u00e4relekordamise test;<br>\u2022\u00a0\u00a0 \u00a0pseudos\u00f5nade j\u00e4relekordamise test;<br>\u2022\u00a0\u00a0 \u00a0keeletausta kusimustik.\u00a0<\/span>\n<\/p>\n<p>\n\t<br><span style=\"font-family:Georgia,serif\">Pseudos\u00f5nade ja lausete j\u00e4relekordamise testid on m\u00f5eldud keele omandamist v\u00f5imaldava mehhanismi ehk keelet\u00f6\u00f6tlusv\u00f5ime hindamiseks. S\u00f5navara test aitab hinnata nimi- ja tegus\u00f5nade \u00a0aktiivset ja passiivset valdamist.<\/span>\n<\/p>\n<p>\n\t\u00a0\n<\/p>\n<p>\n\t<strong><span style=\"font-family:Georgia,serif\">Head testimist!\u00a0<\/span><\/strong><\/p>\n","protected":false},"excerpt":{"rendered":"<p>Tere tulemast KaLaKe testikomplekti kasutusjuhendi lehele! Siit leiate info selle kohta, kuidas teste EIS-i keskkonnas l\u00e4bi viia ning laste vastuseid hinnata. Kui testimisel tekib k\u00fcsimusi, millele siit vastust ei leia, v\u00f5tke julgelt \u00fchendust Adele Vaksiga aadressil adele.vaks@ut.ee. Kakskeelsete laste hulgas &#8230;<\/p>\n","protected":false},"author":331,"featured_media":0,"parent":0,"menu_order":0,"comment_status":"closed","ping_status":"closed","template":"","meta":{"_acf_changed":false,"inline_featured_image":false,"footnotes":""},"class_list":["post-7","page","type-page","status-publish","hentry"],"acf":[],"_links":{"self":[{"href":"https:\/\/sisu.ut.ee\/kalake-kasutusjuhend\/wp-json\/wp\/v2\/pages\/7","targetHints":{"allow":["GET"]}}],"collection":[{"href":"https:\/\/sisu.ut.ee\/kalake-kasutusjuhend\/wp-json\/wp\/v2\/pages"}],"about":[{"href":"https:\/\/sisu.ut.ee\/kalake-kasutusjuhend\/wp-json\/wp\/v2\/types\/page"}],"author":[{"embeddable":true,"href":"https:\/\/sisu.ut.ee\/kalake-kasutusjuhend\/wp-json\/wp\/v2\/users\/331"}],"replies":[{"embeddable":true,"href":"https:\/\/sisu.ut.ee\/kalake-kasutusjuhend\/wp-json\/wp\/v2\/comments?post=7"}],"version-history":[{"count":1,"href":"https:\/\/sisu.ut.ee\/kalake-kasutusjuhend\/wp-json\/wp\/v2\/pages\/7\/revisions"}],"predecessor-version":[{"id":46,"href":"https:\/\/sisu.ut.ee\/kalake-kasutusjuhend\/wp-json\/wp\/v2\/pages\/7\/revisions\/46"}],"wp:attachment":[{"href":"https:\/\/sisu.ut.ee\/kalake-kasutusjuhend\/wp-json\/wp\/v2\/media?parent=7"}],"curies":[{"name":"wp","href":"https:\/\/api.w.org\/{rel}","templated":true}]}}