{"id":15,"date":"2024-04-04T09:11:27","date_gmt":"2024-04-04T06:11:27","guid":{"rendered":"https:\/\/sisu.ut.ee\/kalake-kasutusjuhend\/enne-testi-sooritamist\/"},"modified":"2024-04-04T09:11:33","modified_gmt":"2024-04-04T06:11:33","slug":"enne-testi-sooritamist","status":"publish","type":"page","link":"https:\/\/sisu.ut.ee\/kalake-kasutusjuhend\/enne-testi-sooritamist\/","title":{"rendered":"Enne testi sooritamist"},"content":{"rendered":"<ul>\n<li>\n\t\t<span style=\"font-family:Georgia,serif\"><span lang=\"ET\" style=\"color:#003366\">Palun lugege l\u00e4bi see juhend ja iga testiosa juures olevad juhised (sektsioonis \u201cM\u00e4rkused\u201d)\u00a0enne lapsega testi alustamist.<\/span><\/span>\n\t<\/li>\n<li>\n\t\t<span style=\"font-family:Georgia,serif\"><span style=\"line-height:107%\"><span lang=\"ET\" style=\"color:#003366\">Veenduge, et <strong>tehnilised n\u00f5uded <\/strong>on t\u00e4idetud:<\/span><\/span><\/span>\n\t<\/li>\n<\/ul>\n<p>\n\t<span style=\"font-family:Georgia,serif\"><span lang=\"ET\" style=\"color:#003366\">Elektroonilise testi sooritamiseks Eksamite Infos\u00fcsteemis (EIS) sobivad arvutid, millel on:<\/span><\/span>\n<\/p>\n<ul>\n<li>\n\t\t<span style=\"font-family:Georgia,serif\"><em><span lang=\"ET\" style=\"color:#003366\">Mozilla Firefox\u2019<\/span><\/em><span lang=\"ET\" style=\"color:#003366\">i\u00a0\u00a0<\/span><\/span><img loading=\"lazy\" decoding=\"async\" width=\"220\" height=\"229\" class=\"alignnone wp-image-20\" src=\"https:\/\/sisu.ut.ee\/wp-content\/uploads\/sites\/670\/mozilla.jpeg\" title=\"mozilla.jpeg\" alt=\"Mozilla Firefox logo\"><span style=\"font-family:Georgia,serif\"><span lang=\"ET\" style=\"color:#003366\">\u00a0 v\u00f5i <em>Google Chrome\u2019i\u00a0<\/em> <\/span><\/span><img loading=\"lazy\" decoding=\"async\" width=\"1200\" height=\"1200\" class=\"alignnone wp-image-21\" src=\"https:\/\/sisu.ut.ee\/wp-content\/uploads\/sites\/670\/chrome.png\" title=\"chrome.png\" alt=\"Google chrome logo\" srcset=\"https:\/\/sisu.ut.ee\/wp-content\/uploads\/sites\/670\/chrome.png 1200w, https:\/\/sisu.ut.ee\/wp-content\/uploads\/sites\/670\/chrome-300x300.png 300w, https:\/\/sisu.ut.ee\/wp-content\/uploads\/sites\/670\/chrome-1024x1024.png 1024w, https:\/\/sisu.ut.ee\/wp-content\/uploads\/sites\/670\/chrome-150x150.png 150w, https:\/\/sisu.ut.ee\/wp-content\/uploads\/sites\/670\/chrome-768x768.png 768w\" sizes=\"auto, (max-width: 1200px) 100vw, 1200px\">\u00a0<span style=\"font-family:Georgia,serif\">v<span lang=\"ET\" style=\"color:#003366\">eebilehitseja viimane versioon;<\/span><\/span>\n\t<\/li>\n<li>\n\t\t<span style=\"font-family:Georgia,serif\"><span lang=\"ET\" style=\"color:#003366\">stabiilne interneti\u00fchendus;<\/span><\/span>\n\t<\/li>\n<li>\n\t\t<span style=\"font-family:Georgia,serif\"><span style=\"color:#003366\">veebilehitseja, mille seaded v\u00f5imaldavad audio ja video esitamist ja salvestamist.<\/span><\/span>\n\t<\/li>\n<\/ul>\n","protected":false},"excerpt":{"rendered":"<p>Palun lugege l\u00e4bi see juhend ja iga testiosa juures olevad juhised (sektsioonis \u201cM\u00e4rkused\u201d)\u00a0enne lapsega testi alustamist. Veenduge, et tehnilised n\u00f5uded on t\u00e4idetud: Elektroonilise testi sooritamiseks Eksamite Infos\u00fcsteemis (EIS) sobivad arvutid, millel on: Mozilla Firefox\u2019i\u00a0\u00a0\u00a0 v\u00f5i Google Chrome\u2019i\u00a0 \u00a0veebilehitseja viimane versioon; &#8230;<\/p>\n","protected":false},"author":331,"featured_media":0,"parent":0,"menu_order":0,"comment_status":"closed","ping_status":"closed","template":"","meta":{"_acf_changed":false,"inline_featured_image":false,"footnotes":""},"class_list":["post-15","page","type-page","status-publish","hentry"],"acf":[],"_links":{"self":[{"href":"https:\/\/sisu.ut.ee\/kalake-kasutusjuhend\/wp-json\/wp\/v2\/pages\/15","targetHints":{"allow":["GET"]}}],"collection":[{"href":"https:\/\/sisu.ut.ee\/kalake-kasutusjuhend\/wp-json\/wp\/v2\/pages"}],"about":[{"href":"https:\/\/sisu.ut.ee\/kalake-kasutusjuhend\/wp-json\/wp\/v2\/types\/page"}],"author":[{"embeddable":true,"href":"https:\/\/sisu.ut.ee\/kalake-kasutusjuhend\/wp-json\/wp\/v2\/users\/331"}],"replies":[{"embeddable":true,"href":"https:\/\/sisu.ut.ee\/kalake-kasutusjuhend\/wp-json\/wp\/v2\/comments?post=15"}],"version-history":[{"count":1,"href":"https:\/\/sisu.ut.ee\/kalake-kasutusjuhend\/wp-json\/wp\/v2\/pages\/15\/revisions"}],"predecessor-version":[{"id":41,"href":"https:\/\/sisu.ut.ee\/kalake-kasutusjuhend\/wp-json\/wp\/v2\/pages\/15\/revisions\/41"}],"wp:attachment":[{"href":"https:\/\/sisu.ut.ee\/kalake-kasutusjuhend\/wp-json\/wp\/v2\/media?parent=15"}],"curies":[{"name":"wp","href":"https:\/\/api.w.org\/{rel}","templated":true}]}}