{"id":13,"date":"2024-04-04T09:11:27","date_gmt":"2024-04-04T06:11:27","guid":{"rendered":"https:\/\/sisu.ut.ee\/kalake-kasutusjuhend\/sonavaratest\/"},"modified":"2024-04-04T09:11:33","modified_gmt":"2024-04-04T06:11:33","slug":"sonavaratest","status":"publish","type":"page","link":"https:\/\/sisu.ut.ee\/kalake-kasutusjuhend\/sonavaratest\/","title":{"rendered":"S\u00f5navaratest"},"content":{"rendered":"<div class=\"WordSection1\">\n<p>\n\t\t<span style=\"font-family:Georgia,serif\">Siit leiate nimekirja sonavaratesti nimetamisosade eeldatud vastustega. Sulgudest leiate levinumad s\u00fcnon\u00fc\u00fcmid v\u00f5i l\u00e4hedase t\u00e4hendusega s\u00f5nad, mis loetakse samuti eeldatud vastuseks.<\/span>\n\t<\/p>\n<p>\n\t\t<span style=\"font-family:Georgia,serif\">Kui laps vastab mitme s\u00f5naga ja tema vastuses <b>sisaldub<\/b> sihts\u00f5na eeldatud kujul, m\u00e4rkige vastuseks <i>eeldatud<\/i>, kogu vastust pole vaja transkribeerida: nt <i>Mida ta teeb? -&gt; <u>Vaatab<\/u> telekat. Kes see on? -&gt; V\u00e4ike <u>j\u00e4nku<\/u>. <\/i><\/span>\n\t<\/p>\n<p>\n\t\t<span style=\"font-family:Georgia,serif\">Kui lapse vastus <b>ei sobi<\/b> \u00fchtegi allpool kirjeldatud kategooriasse, m\u00e4rkige vastuseks <i>mitte-eeldatud <\/i>ning transkribeerige lapse vastus v\u00f5imalikult t\u00e4pselt tekstikastis. <b>Kui kahtlete<\/b>, kas lapse vastus tuleks lugeda eeldatuks v\u00f5i mitte, siis m\u00e4rkige vastuseks <i>mitte-eeldatud <\/i>ning transkribeerige see tekstikastis \u2013 nii saab selle juurde andmete kodeerimise faasis tagasi tulla ning vajadusel hinnangut muuta.<\/span>\n\t<\/p>\n<p>\n\t\t<span style=\"font-family:Georgia,serif\"><b><u>Eeldatud vastused \u2013 nimis\u00f5nade \u00fctlemine<\/u><\/b><\/span>\n\t<\/p>\n<\/div>\n<div class=\"WordSection2\">\n<p>\n\t\t<span style=\"font-family:Georgia,serif\">N\u00e4ide 1: k\u00f5rv<\/span>\n\t<\/p>\n<p>\n\t\t<span style=\"font-family:Georgia,serif\">N\u00e4ide 2: korv<\/span>\n\t<\/p>\n<ol>\n<li>\n\t\t\t<span style=\"font-family:Georgia,serif\">lehm<\/span>\n\t\t<\/li>\n<li>\n\t\t\t<span style=\"font-family:Georgia,serif\">k\u00e4\u00e4rid<\/span>\n\t\t<\/li>\n<li>\n\t\t\t<span style=\"font-family:Georgia,serif\">lennuk<\/span>\n\t\t<\/li>\n<li>\n\t\t\t<span style=\"font-family:Georgia,serif\">juust<\/span>\n\t\t<\/li>\n<li>\n\t\t\t<span style=\"font-family:Georgia,serif\">p\u00fcksid (teksad)<\/span>\n\t\t<\/li>\n<li>\n\t\t\t<span style=\"font-family:Georgia,serif\">kleit<\/span>\n\t\t<\/li>\n<li>\n\t\t\t<span style=\"font-family:Georgia,serif\">kilpkonn<\/span>\n\t\t<\/li>\n<li>\n\t\t\t<span style=\"font-family:Georgia,serif\">kelluke (kell, kellukene)<\/span>\n\t\t<\/li>\n<li>\n\t\t\t<span style=\"font-family:Georgia,serif\">hambahari<\/span>\n\t\t<\/li>\n<li>\n\t\t\t<span style=\"font-family:Georgia,serif\">orav<\/span>\n\t\t<\/li>\n<li>\n\t\t\t<span style=\"font-family:Georgia,serif\">krokodill<\/span>\n\t\t<\/li>\n<li>\n\t\t\t<span style=\"font-family:Georgia,serif\">v\u00f5ti<\/span>\n\t\t<\/li>\n<li>\n\t\t\t<span style=\"font-family:Georgia,serif\">vihmavari<\/span>\n\t\t<\/li>\n<li>\n\t\t\t<span style=\"font-family:Georgia,serif\">porgand<\/span>\n\t\t<\/li>\n<li>\n\t\t\t<span style=\"font-family:Georgia,serif\">elevant<\/span>\n\t\t<\/li>\n<li>\n\t\t\t<span style=\"font-family:Georgia,serif\">karu (m\u00f5mmi, karum\u00f5mm)<\/span>\n\t\t<\/li>\n<li>\n\t\t\t<span style=\"font-family:Georgia,serif\">leht<\/span>\n\t\t<\/li>\n<li>\n\t\t\t<span style=\"font-family:Georgia,serif\">hobune<\/span>\n\t\t<\/li>\n<li>\n\t\t\t<span style=\"font-family:Georgia,serif\">j\u00e4nes (j\u00e4nku, k\u00fc\u00fclik)<\/span>\n\t\t<\/li>\n<li>\n\t\t\t<span style=\"font-family:Georgia,serif\">\u00f5un<\/span>\n\t\t<\/li>\n<li>\n\t\t\t<span style=\"font-family:Georgia,serif\">n\u00f6\u00f6p<\/span>\n\t\t<\/li>\n<li>\n\t\t\t<span style=\"font-family:Georgia,serif\">trumm<\/span>\n\t\t<\/li>\n<li>\n\t\t\t<span style=\"font-family:Georgia,serif\">kitarr (ukulele)<\/span>\n\t\t<\/li>\n<li>\n\t\t\t<span style=\"font-family:Georgia,serif\">kaelkirjak<\/span>\n\t\t<\/li>\n<li>\n\t\t\t<span style=\"font-family:Georgia,serif\">diivan (sohva)<\/span>\n\t\t<\/li>\n<li>\n\t\t\t<span style=\"font-family:Georgia,serif\">maasikas<\/span>\n\t\t<\/li>\n<li>\n\t\t\t<span style=\"font-family:Georgia,serif\">v\u00f5ileib<\/span>\n\t\t<\/li>\n<li>\n\t\t\t<span style=\"font-family:Georgia,serif\">p\u00e4ikeseprillid<\/span>\n\t\t<\/li>\n<li>\n\t\t\t<span style=\"font-family:Georgia,serif\">pintsel<\/span>\n\t\t<\/li>\n<li>\n\t\t\t<span style=\"font-family:Georgia,serif\">lumememm (lumemees)<\/span>\n\t\t<\/li>\n<\/ol>\n<\/div>\n<p>\u00a0<\/p>\n<div class=\"WordSection3\">\n<p>\n\t\t\u00a0\n\t<\/p>\n<p>\n\t\t<span style=\"font-family:Georgia,serif\"><b><u>Eeldatud vastused \u2013 tegus\u00f5nade nimetamine<\/u><\/b><\/span>\n\t<\/p>\n<p>\n\t\t\u00a0\n\t<\/p>\n<\/div>\n<div class=\"WordSection4\">\n<p>\n\t\t<span style=\"font-family:Georgia,serif\">N\u00e4ide 1: haugub<\/span>\n\t<\/p>\n<p>\n\t\t<span style=\"font-family:Georgia,serif\">N\u00e4ide 2: ronib<\/span>\n\t<\/p>\n<ol>\n<li>\n\t\t\t<span style=\"font-family:Georgia,serif\">lendab<\/span>\n\t\t<\/li>\n<li>\n\t\t\t<span style=\"font-family:Georgia,serif\">r\u00e4\u00e4givad (jutustavad)<\/span>\n\t\t<\/li>\n<li>\n\t\t\t<span style=\"font-family:Georgia,serif\">loeb (vaatab raamatut, \u00f5pib)<\/span>\n\t\t<\/li>\n<li>\n\t\t\t<span style=\"font-family:Georgia,serif\">p\u00fchib<\/span>\n\t\t<\/li>\n<li>\n\t\t\t<span style=\"font-family:Georgia,serif\">kirjutab<\/span>\n\t\t<\/li>\n<li>\n\t\t\t<span style=\"font-family:Georgia,serif\">p\u00f5leb<\/span>\n\t\t<\/li>\n<li>\n\t\t\t<span style=\"font-family:Georgia,serif\">segab (liigutab)<\/span>\n\t\t<\/li>\n<li>\n\t\t\t<span style=\"font-family:Georgia,serif\">kaevab<\/span>\n\t\t<\/li>\n<li>\n\t\t\t<span style=\"font-family:Georgia,serif\">pissib<\/span>\n\t\t<\/li>\n<li>\n\t\t\t<span style=\"font-family:Georgia,serif\">laulab<\/span>\n\t\t<\/li>\n<li>\n\t\t\t<span style=\"font-family:Georgia,serif\">kallistavad (kalli)<\/span>\n\t\t<\/li>\n<li>\n\t\t\t<span style=\"font-family:Georgia,serif\">joob<\/span>\n\t\t<\/li>\n<li>\n\t\t\t<span style=\"font-family:Georgia,serif\">kastab<\/span>\n\t\t<\/li>\n<li>\n\t\t\t<span style=\"font-family:Georgia,serif\">m\u00e4ngib<\/span>\n\t\t<\/li>\n<li>\n\t\t\t<span style=\"font-family:Georgia,serif\">lehvitab<\/span>\n\t\t<\/li>\n<li>\n\t\t\t<span style=\"font-family:Georgia,serif\">kammib<\/span>\n\t\t<\/li>\n<li>\n\t\t\t<span style=\"font-family:Georgia,serif\">joonistab<\/span>\n\t\t<\/li>\n<li>\n\t\t\t<span style=\"font-family:Georgia,serif\">nutab (jonnib)<\/span>\n\t\t<\/li>\n<li>\n\t\t\t<span style=\"font-family:Georgia,serif\">kiigub<\/span>\n\t\t<\/li>\n<li>\n\t\t\t<span style=\"font-family:Georgia,serif\">ehitab (maja, m\u00fc\u00fcri, seina)<\/span>\n\t\t<\/li>\n<li>\n\t\t\t<span style=\"font-family:Georgia,serif\">ujub (supleb)<\/span>\n\t\t<\/li>\n<li>\n\t\t\t<span style=\"font-family:Georgia,serif\">vaatab<\/span>\n\t\t<\/li>\n<li>\n\t\t\t<span style=\"font-family:Georgia,serif\">naerab<\/span>\n\t\t<\/li>\n<li>\n\t\t\t<span style=\"font-family:Georgia,serif\">p\u00fc\u00fcab kala<\/span>\n\t\t<\/li>\n<li>\n\t\t\t<span style=\"font-family:Georgia,serif\">sosistab<\/span>\n\t\t<\/li>\n<li>\n\t\t\t<span style=\"font-family:Georgia,serif\">tantsib<\/span>\n\t\t<\/li>\n<li>\n\t\t\t<span style=\"font-family:Georgia,serif\">istub<\/span>\n\t\t<\/li>\n<li>\n\t\t\t<span style=\"font-family:Georgia,serif\">laseb liugu<\/span>\n\t\t<\/li>\n<li>\n\t\t\t<span style=\"font-family:Georgia,serif\">hammustab<\/span>\n\t\t<\/li>\n<li>\n\t\t\t<span style=\"font-family:Georgia,serif\">h\u00fcppab<\/span>\n\t\t<\/li>\n<li>\n\t\t\t<span style=\"font-family:Georgia,serif\">\u00e4rkab (haigutab, ringutab)<\/span>\n\t\t<\/li>\n<li>\n\t\t\t<span style=\"font-family:Georgia,serif\">jookseb<\/span>\n\t\t<\/li>\n<\/ol>\n<\/div>\n<p>\n\t\u00a0\n<\/p>\n<p>\n\t<span style=\"font-family:Georgia,serif\">Lisaks neile vastustele <b>loe lapse vastus eeldatuks<\/b> ka juhul, kui ta<\/span>\n<\/p>\n<ul>\n<li>\n\t\t<span style=\"font-family:Georgia,serif\">h\u00e4\u00e4ldab s\u00f5na h\u00e4\u00e4ldusveaga, kuid sihts\u00f5na on \u00e4ratuntav: nt <i>kerv <\/i>pro <i>k\u00f5rv, olav <\/i>pro <i>orav<\/i><\/span>\n\t<\/li>\n<li>\n\t\t<span style=\"font-family:Georgia,serif\">vastab sihts\u00f5naga muus k\u00e4\u00e4ndes\/arvus\/p\u00f6\u00f6rdes kui eeldatud: nt <i>trummid <\/i>pro <i>trumm<\/i>, <i>maasika <\/i>pro <i>maasikas, r\u00e4\u00e4gib <\/i>pro <i>r\u00e4\u00e4givad<\/i><\/span>\n\t<\/li>\n<li>\n\t\t<span style=\"font-family:Georgia,serif\">vastab tuletise\/uuendusega, milles on sihts\u00f5na t\u00fcvi selgelt \u00e4ra tuntav: nt <i>lennuke <\/i>pro <i>lennuk<\/i><\/span>\n\t<\/li>\n<li>\n\t\t<span style=\"font-family:Georgia,serif\">lisab s\u00f5na l\u00f5ppu deminutiivliite ke\/-kene: nt <i>j\u00e4nkuke, oravakene<\/i><\/span>\n\t<\/li>\n<li>\n\t\t<span style=\"font-family:Georgia,serif\"><b><span style=\"color:#b22222\">NB!<\/span> <u>Tegus\u00f5nade puhul<\/u><\/b> on m\u00f5nel juhul v\u00f5imalik vastata ka fraasiga <i>teeb + sihitis. <\/i>Sellisel juhul loetakse \u00f5igeks ka see, kui laps vastab ainult sihitisega: <i>Mida nad teevad? \u2013 Kalli. Mida ta teeb? \u2013 Maja\/m\u00fc\u00fcri <\/i>(pildil <i>ehitab<\/i>).<\/span>\n\t<\/li>\n<li>\n\t\t<span style=\"font-family:Georgia,serif\">loob liits\u00f5na, milles <b>sisaldub sihts\u00f5na<\/b> ja millel pole muud, iseseisvat t\u00e4hendust: nt <i>v\u00e4rvipintsel <\/i>pro <i>pintsel<\/i>, <i>karum\u00f5mm <\/i>pro <i>karu<\/i><\/span>\n\t<\/li>\n<\/ul>\n<p>\n\t<span style=\"font-family:Georgia,serif\">Lapse vastest <b>ei loeta <\/b>\u00f5igeks<b> <\/b>juhul, kui<\/span>\n<\/p>\n<ul>\n<li>\n\t\t<span style=\"font-family:Georgia,serif\">laps vastab mitme s\u00f5naga sihts\u00f5na kirjeldades v\u00f5i defineerides, aga tema vastuses <b>ei sisaldu<\/b> sihts\u00f5na (nt <i>paneb vett <\/i>pro <i>valab<\/i>, <i>v\u00e4rvimise pliiats <\/i>pro <i>pintsel<\/i>)<\/span>\n\t<\/li>\n<li>\n\t\t<span style=\"font-family:Georgia,serif\">laps vastab sihts\u00f5nast \u00fcldisema (nt <i>pill <\/i>pro <i>kitarr, konn <\/i>pro <i>kilpkonn<\/i>) s\u00f5na v\u00f5i fraasiga<\/span>\n\t<\/li>\n<li>\n\t\t<span style=\"font-family:Georgia,serif\">laps vastab s\u00f5naga, mis ei kuulu eeldatud s\u00f5naliiki (nimi v\u00f5i tegus\u00f5na) ning mida ei saa t\u00f5lgendada tegus\u00f5na sihitisena: nt <i>Mida ta teeb? \u2013 Ballett. Mis see on? \u2013 Lendab.<\/i><\/span>\n\t<\/li>\n<li>\n\t\t<span style=\"font-family:Georgia,serif\">Laps vastab mingis muus keeles (<i>nt pugavitsa <\/i>pro <i>n\u00f6\u00f6p) <\/i>v\u00f5i kasutab eestikeelse k\u00e4\u00e4nde\/p\u00f6\u00f6rdel\u00f5puga muu keele t\u00fcve (nt <i>spilleb <\/i>pro <i>m\u00e4ngib<\/i>).<\/span>\n\t<\/li>\n<\/ul>\n<p>\n\t\u00a0<\/p>\n","protected":false},"excerpt":{"rendered":"<p>Siit leiate nimekirja sonavaratesti nimetamisosade eeldatud vastustega. Sulgudest leiate levinumad s\u00fcnon\u00fc\u00fcmid v\u00f5i l\u00e4hedase t\u00e4hendusega s\u00f5nad, mis loetakse samuti eeldatud vastuseks. Kui laps vastab mitme s\u00f5naga ja tema vastuses sisaldub sihts\u00f5na eeldatud kujul, m\u00e4rkige vastuseks eeldatud, kogu vastust pole vaja transkribeerida: &#8230;<\/p>\n","protected":false},"author":331,"featured_media":0,"parent":0,"menu_order":0,"comment_status":"closed","ping_status":"closed","template":"","meta":{"_acf_changed":false,"inline_featured_image":false,"footnotes":""},"class_list":["post-13","page","type-page","status-publish","hentry"],"acf":[],"_links":{"self":[{"href":"https:\/\/sisu.ut.ee\/kalake-kasutusjuhend\/wp-json\/wp\/v2\/pages\/13","targetHints":{"allow":["GET"]}}],"collection":[{"href":"https:\/\/sisu.ut.ee\/kalake-kasutusjuhend\/wp-json\/wp\/v2\/pages"}],"about":[{"href":"https:\/\/sisu.ut.ee\/kalake-kasutusjuhend\/wp-json\/wp\/v2\/types\/page"}],"author":[{"embeddable":true,"href":"https:\/\/sisu.ut.ee\/kalake-kasutusjuhend\/wp-json\/wp\/v2\/users\/331"}],"replies":[{"embeddable":true,"href":"https:\/\/sisu.ut.ee\/kalake-kasutusjuhend\/wp-json\/wp\/v2\/comments?post=13"}],"version-history":[{"count":1,"href":"https:\/\/sisu.ut.ee\/kalake-kasutusjuhend\/wp-json\/wp\/v2\/pages\/13\/revisions"}],"predecessor-version":[{"id":39,"href":"https:\/\/sisu.ut.ee\/kalake-kasutusjuhend\/wp-json\/wp\/v2\/pages\/13\/revisions\/39"}],"wp:attachment":[{"href":"https:\/\/sisu.ut.ee\/kalake-kasutusjuhend\/wp-json\/wp\/v2\/media?parent=13"}],"curies":[{"name":"wp","href":"https:\/\/api.w.org\/{rel}","templated":true}]}}