{"id":11,"date":"2024-04-04T09:11:27","date_gmt":"2024-04-04T06:11:27","guid":{"rendered":"https:\/\/sisu.ut.ee\/kalake-kasutusjuhend\/lausete-jarelekordamise-test\/"},"modified":"2024-04-04T09:11:33","modified_gmt":"2024-04-04T06:11:33","slug":"lausete-jarelekordamise-test","status":"publish","type":"page","link":"https:\/\/sisu.ut.ee\/kalake-kasutusjuhend\/lausete-jarelekordamise-test\/","title":{"rendered":"Lausete j\u00e4relekordamise test"},"content":{"rendered":"<p>\n\t<span style=\"font-family:Georgia,serif\">Lapse \u00fclesandeks on kuuldud lause v\u00f5imalikult t\u00e4pselt j\u00e4rele korrata, seega tuleb \u00fcldjuhul m\u00e4rkida vastuseks\u00a0<em>mitte-eeldatud\u00a0<\/em>iga kord, kui laps<\/span>\n<\/p>\n<ul>\n<li>\n\t\t<span style=\"font-family:Georgia,serif\">asendab s\u00f5nu: nt\u00a0<em>Mida s\u00f6\u00f6vad v\u00e4ikesed koerad hommikul? -&gt; Mida s\u00f6\u00f6vad v\u00e4ikesed <u>kassid <\/u>hommikul?<\/em><\/span>\n\t<\/li>\n<li>\n\t\t<span style=\"font-family:Georgia,serif\">j\u00e4tab m\u00f5ne s\u00f5na \u00e4ra: nt\u00a0<em>T\u00fcdruk m\u00e4ngis pargis armsa s\u00f5braga -&gt; T\u00fcdruk m\u00e4ngis armsa s\u00f5braga<\/em><\/span>\n\t<\/li>\n<li>\n\t\t<span style=\"font-family:Georgia,serif\">kasutab sihtlausest erinevat vormi: nt\u00a0<em>Laps teab, et kassid armastavad kala -&gt; Laps teab, et kassid\u00a0<u>armastab<\/u>\u00a0kala<\/em><\/span>\n\t<\/li>\n<li>\n\t\t<span style=\"font-family:Georgia,serif\">muudab s\u00f5naj\u00e4rge, nii et lause muutub grammatiliselt ebakorrektseks: nt <em>Mida ostis vanaema lastele poest?\u00a0<\/em><em>-&gt; Vanaema mida ostis<\/em><\/span>\n\t<\/li>\n<\/ul>\n<p>\n\t<span style=\"font-family:Georgia,serif\"><strong><span style=\"color:#b22222\">NB!<\/span>\u00a0Hindamisel ei l\u00e4he arvesse:\u00a0<\/strong><\/span>\n<\/p>\n<ul>\n<li>\n\t\t<span style=\"font-family:Georgia,serif\">H\u00e4\u00e4ldusvead: neid ei arvestata vigadena (nt h\u00e4\u00e4likute asendused, lisamised, \u00e4raj\u00e4tmised, silbistrukuuri lihtsustamine nii, et s\u00f5na t\u00e4hendus ja grammatiline vorm on siiski arusaadav ja ei muutu), nt <em>hobane <\/em>pro <em>hobune<\/em>, <em>k\u00fchviga<\/em> pro <em>k\u00fchvliga<\/em>, <em>r\u00f5ngita<\/em> pro <em>r\u00f5ngata<\/em>, <em>hammustata <\/em>pro <em>hammustada<\/em>, <em>arma<\/em> pro <em>armsa<\/em>, <em>ob<\/em> pro <em>on<\/em><\/span>\n\t<\/li>\n<li>\n\t\t<span style=\"font-family:Georgia,serif\">T\u00fcvevahelduse eksimused (nt <em>oskanud<\/em> pro <em>osanud<\/em>, <em>laulada<\/em> pro <em>laulda<\/em>, <em>k\u00f5nnis<\/em> pro <em>k\u00f5ndis<\/em>)\u00a0<\/span>\n\t<\/li>\n<li>\n\t\t<span style=\"font-family:Georgia,serif\">S\u00f5naj\u00e4rjevead, mis ei muuda t\u00e4hendust (nt <em>oskab h\u00e4sti laulda<\/em> &gt; <em>oskab laulda h\u00e4sti<\/em>)\u00a0<\/span>\n\t<\/li>\n<li>\n\t\t<span style=\"font-family:Georgia,serif\">Eneseparandused, mis on seotud suulise k\u00f5ne erip\u00e4radega (nt <em>Linnuke ei tahtnud\u2026ei osanud h\u00e4sti lennata<\/em> pro <em>Linnuke ei osanud h\u00e4sti lennata<\/em>)\u00a0<\/span>\n\t<\/li>\n<li>\n\t\t<span style=\"font-family:Georgia,serif\">S\u00f5na lisamine nii, et lause strukuur ei muutu (nt <em>Lasteias on poiss, kes oskab v\u00e4ga h\u00e4sti laulda <\/em>pro <em>Lasteias on poiss, kes oskab h\u00e4sti laulda<\/em>)\u00a0<\/span>\n\t<\/li>\n<li>\n\t\t<span style=\"font-family:Georgia,serif\">Hoidjakeele s\u00f5nade kasutamine, nt <em>j\u00e4nku<\/em> pro <em>j\u00e4nes<\/em>; <em>emme<\/em> pro <em>ema<\/em>;\u00a0<\/span>\n\t<\/li>\n<li>\n\t\t<span style=\"font-family:Georgia,serif\">Sidendi l\u00fchendamine, <em>a<\/em> pro <em>aga<\/em>;\u00a0<\/span>\n\t<\/li>\n<li>\n\t\t<span style=\"font-family:Georgia,serif\">Sidendi <em>ja<\/em> asendamine sidendiga <em>aga<\/em>;\u00a0<\/span>\n\t<\/li>\n<li>\n\t\t<span style=\"font-family:Georgia,serif\">K\u00fcsis\u00f5na\u00a0<em>mida\u00a0<\/em>asendamine k\u00fcsis\u00f5naga\u00a0<em>mis,\u00a0<\/em>nt\u00a0<em>Mis s\u00f6\u00f6vad v\u00e4iksed koerad hommikul\u00a0<\/em>pro\u00a0<em>Mida s\u00f6\u00f6vad v\u00e4iksed koerad hommikul<\/em><\/span>\n\t<\/li>\n<\/ul>\n<p>\n\t\u00a0<\/p>\n","protected":false},"excerpt":{"rendered":"<p>Lapse \u00fclesandeks on kuuldud lause v\u00f5imalikult t\u00e4pselt j\u00e4rele korrata, seega tuleb \u00fcldjuhul m\u00e4rkida vastuseks\u00a0mitte-eeldatud\u00a0iga kord, kui laps asendab s\u00f5nu: nt\u00a0Mida s\u00f6\u00f6vad v\u00e4ikesed koerad hommikul? -&gt; Mida s\u00f6\u00f6vad v\u00e4ikesed kassid hommikul? j\u00e4tab m\u00f5ne s\u00f5na \u00e4ra: nt\u00a0T\u00fcdruk m\u00e4ngis pargis armsa s\u00f5braga -&gt; &#8230;<\/p>\n","protected":false},"author":331,"featured_media":0,"parent":0,"menu_order":0,"comment_status":"closed","ping_status":"closed","template":"","meta":{"_acf_changed":false,"inline_featured_image":false,"footnotes":""},"class_list":["post-11","page","type-page","status-publish","hentry"],"acf":[],"_links":{"self":[{"href":"https:\/\/sisu.ut.ee\/kalake-kasutusjuhend\/wp-json\/wp\/v2\/pages\/11","targetHints":{"allow":["GET"]}}],"collection":[{"href":"https:\/\/sisu.ut.ee\/kalake-kasutusjuhend\/wp-json\/wp\/v2\/pages"}],"about":[{"href":"https:\/\/sisu.ut.ee\/kalake-kasutusjuhend\/wp-json\/wp\/v2\/types\/page"}],"author":[{"embeddable":true,"href":"https:\/\/sisu.ut.ee\/kalake-kasutusjuhend\/wp-json\/wp\/v2\/users\/331"}],"replies":[{"embeddable":true,"href":"https:\/\/sisu.ut.ee\/kalake-kasutusjuhend\/wp-json\/wp\/v2\/comments?post=11"}],"version-history":[{"count":1,"href":"https:\/\/sisu.ut.ee\/kalake-kasutusjuhend\/wp-json\/wp\/v2\/pages\/11\/revisions"}],"predecessor-version":[{"id":37,"href":"https:\/\/sisu.ut.ee\/kalake-kasutusjuhend\/wp-json\/wp\/v2\/pages\/11\/revisions\/37"}],"wp:attachment":[{"href":"https:\/\/sisu.ut.ee\/kalake-kasutusjuhend\/wp-json\/wp\/v2\/media?parent=11"}],"curies":[{"name":"wp","href":"https:\/\/api.w.org\/{rel}","templated":true}]}}