{"id":8,"date":"2024-04-03T23:13:54","date_gmt":"2024-04-03T20:13:54","guid":{"rendered":"https:\/\/sisu.ut.ee\/juureravi5\/41-mitmeviili-susteemid\/"},"modified":"2024-04-09T10:08:34","modified_gmt":"2024-04-09T07:08:34","slug":"41-mitmeviili-susteemid","status":"publish","type":"page","link":"https:\/\/sisu.ut.ee\/juureravi5\/41-mitmeviili-susteemid\/","title":{"rendered":"4.1. Mitmeviili s\u00fcsteemid"},"content":{"rendered":"<p>Mitmeviili s\u00fcsteemides on juurekanali preparatsiooniks vajalikud erinevad viilid, millel on erinevad koonilisused ja tipudiameetrid. Enamjaolt on viilidel t\u00f6mp tipuosa, varieeruvad ristl\u00e4bil\u00f5ige, disain ja tootmistehnika. Metallurgia on samuti sarnane, kuid osadel s\u00fcsteemidel on kasutusel ka uuendused, mille puhul viilid on valmistatud t\u00e4iendatud sulamist.<\/p>\n<p>J\u00e4rgnevalt on kirjeldatud m\u00f5ningaid mitmeviilis\u00fcsteeme, mis on Euroopas levinumad.<\/p>\n<h2>1.\u00a0<em>LightSpeed<\/em> instrumendid (Lightspeed Technologies Inc., San Antonio, Texas)<\/h2>\n<p>Instrumendil on pikk peenike mittel\u00f5ikav vars ning l\u00f5ikav eesmine teraosa diameetriga #20-#100. Ta sarnaneb <em>Gates-Glidden<\/em> puuriga. Soovitatav rotatsioonikiirus instrumendil on 1500-2000 rpm, v\u00e4\u00e4ne peab olema viidud miinimumini. Instrumentidel on t\u00f6mp mitteprepareeriv \u00fcmar tipp, t\u00f6\u00f6tava osa pikkus varieerub\u00a0 suurusega, et kompenseerida kasvavat j\u00e4ikust. Instrumendi ristl\u00e4bil\u00f5ige on U-kujulise disainiga. T\u00e4nu pikale mittel\u00f5ikavale varrele on tegu v\u00e4ga painduva instrumendiga. Instrument fraktureerub sarnaselt <em>Gates-Glidden<\/em> puuriga\u00a0 ehk varre k\u00e4epideme l\u00e4hedalt. Instrumenteerimisel on kasutusel \u201enokkiv\u201d liigutus, p\u00f6\u00f6rded v\u00f5ivad olla kas p\u00e4ri- v\u00f5i vastup\u00e4eva. Instrumendi kasutamisel on pikk ajalugu. Hetkel on turul s\u00fcsteemi modifikatsioon LSX.<\/p>\n<p style=\"text-align: center;\"><\/p><div class=\"ratio ratio-16x9 mb-3\"><div class=\"video-placeholder-wrapper video-placeholder-wrapper--16x9\">\n\t\t\t    <div class=\"video-placeholder d-flex justify-content-center align-items-center\">\n\t\t\t        <div class=\"overlay text-white p-2 w-100 text-center d-block justify-content-center align-items-center\">\n\t\t\t            <div>Kolmandate osapoolte sisu n\u00e4gemiseks palun n\u00f5ustu k\u00fcpsistega.<\/div>\n\t\t\t            <button class=\"btn btn-secondary btn-sm mt-1 consent-change\">Muuda n\u00f5usolekut<\/button>\n\t\t\t        <\/div>\n\t\t\t    <\/div>\n\t\t\t<\/div>\n<\/div>\n<p style=\"text-align: center;\"><em><a href=\"http:\/\/www.youtube.com\/watch?v=EQdtYUMLLe4\" target=\"_blank\" rel=\"noopener\">http:\/\/www.youtube.com\/watch?v=EQdtYUMLLe4<\/a><\/em><\/p>\n<h2>2.\u00a0<em>ProFile<\/em> instrumendid (Dentsply Tulsa Dental, Tulsa, Oklahoma)<\/h2>\n<p>Viilidel on j\u00e4tkuvalt suurenev koonilisus (#.04, #.06). viili ristl\u00e4bil\u00f5ige on U-kujulise disainiga ning instrumendil on radiaalalad. Helikaalnurk on 20\u2070, konstantne keermetevahe ja kuulikujuline mittel\u00f5ikav tipp. L\u00e4ngnurk on neutraalne v\u00f5i kergelt negatiivne ning see tagab dentiini viilimise v\u00f5i kraapimise (instrument ei l\u00f5ika). Soovitatav t\u00f6\u00f6tamiskiirus oleks 150-300rpm, eelistatud on elektrilised mootorid, mitte \u00f5hkroteeruvad mootorid.<\/p>\n<p>Kasutatakse <em>crown-down<\/em> preparatsioonimeetodit v.a. apikaalselt, mil on kasutusel <em>step-back<\/em> meetod. Olulised on eelnev koronaalne laiendamine ja pidev rekapitulatsioon instrumentide vahetamisel.\u00a0 Instrumendil on oht\u00a0 kanalisse sisse kruvida.<\/p>\n<p>Instrumendis\u00fcsteem on siiani aktiivselt kasutuses, kuigi s\u00fcsteem on suhteliselt eakas. S\u00fcsteemi on pidevalt t\u00e4iendatud, kuigi p\u00f5hijooned on j\u00e4\u00e4nud samaks. Viimaseks modifikatsiooniks oli <em>ProFile Vortex<\/em>.<\/p>\n<p style=\"text-align: center;\"><em><img loading=\"lazy\" decoding=\"async\" width=\"565\" height=\"184\" class=\"alignnone wp-image-29\" title=\"4-1-1.png\" src=\"https:\/\/sisu.ut.ee\/wp-content\/uploads\/sites\/43\/4-1-1.png\" alt=\"4-1-1.png\" srcset=\"https:\/\/sisu.ut.ee\/wp-content\/uploads\/sites\/43\/4-1-1.png 565w, https:\/\/sisu.ut.ee\/wp-content\/uploads\/sites\/43\/4-1-1-300x98.png 300w\" sizes=\"auto, (max-width: 565px) 100vw, 565px\"><\/em><\/p>\n<p style=\"text-align: center;\"><em>ProFile Vortex instrumendi tipuosa ja ristl\u00e4bil\u00f5ige (Quintessence International, vol 41, nr 6, juuni 2010).<\/em><\/p>\n<h2>3.\u00a0\u00a0GT viilid ehk <em>Geater Taper<\/em> viilid (Dentsply Tulsa Dental)<\/h2>\n<p>Viili ristl\u00e4bil\u00f5ige on U-kujulise disainiga ja tipp on t\u00f6mp. Viilis\u00fcsteemis on instrumente erineva koonilisusega (#.04, #.06, #.08, #.10) ja tipudiameetriga (0,2mm, 0,3mm, 0,4mm). Keermetihedus on progresseeruv instrumendi tipu suunas. Soovitatav roteerumiskiirus viilidel on 350rpm ning kasutusliigutuseks on \u201enokkiv\u201d liigutus.<\/p>\n<p style=\"text-align: center;\"><img loading=\"lazy\" decoding=\"async\" width=\"550\" height=\"296\" class=\"alignnone wp-image-30\" title=\"4-1-2.png\" src=\"https:\/\/sisu.ut.ee\/wp-content\/uploads\/sites\/43\/4-1-2.png\" alt=\"4-1-2.png\" srcset=\"https:\/\/sisu.ut.ee\/wp-content\/uploads\/sites\/43\/4-1-2.png 550w, https:\/\/sisu.ut.ee\/wp-content\/uploads\/sites\/43\/4-1-2-300x161.png 300w\" sizes=\"auto, (max-width: 550px) 100vw, 550px\"><\/p>\n<p style=\"text-align: center;\"><em>GT viil # 20.08 (<a href=\"http:\/\/www.endoexperience.com\/documents\/ProSystemGTProceduralcharts.pdf\" target=\"_blank\" rel=\"noopener\">http:\/\/www.endoexperience.com\/documents\/ProSystemGTProceduralcharts.pdf<\/a>)<\/em><\/p>\n<p>Instrumendis\u00fcsteemil on hetkel modifikatsioon <em>ProFile<\/em> GTX, millel on kasutatud <em>M-wire<\/em> materjal ning esinevad disainivariatsioonid. Instrumentidega prepareeritud juurekanal on tsentreeritud, kuid apikaalsel preparatsioonil v\u00f5ib esineda t\u00f6\u00f6pikkuse kadu.<\/p>\n<p style=\"text-align: center;\"><\/p><div class=\"ratio ratio-16x9 mb-3\"><div class=\"video-placeholder-wrapper video-placeholder-wrapper--16x9\">\n\t\t\t    <div class=\"video-placeholder d-flex justify-content-center align-items-center\">\n\t\t\t        <div class=\"overlay text-white p-2 w-100 text-center d-block justify-content-center align-items-center\">\n\t\t\t            <div>Kolmandate osapoolte sisu n\u00e4gemiseks palun n\u00f5ustu k\u00fcpsistega.<\/div>\n\t\t\t            <button class=\"btn btn-secondary btn-sm mt-1 consent-change\">Muuda n\u00f5usolekut<\/button>\n\t\t\t        <\/div>\n\t\t\t    <\/div>\n\t\t\t<\/div>\n<\/div>\n<p style=\"text-align: center;\"><em><a href=\"http:\/\/www.youtube.com\/watch?v=QDTiDSkqi9M\" target=\"_blank\" rel=\"noopener\">http:\/\/www.youtube.com\/watch?v=QDTiDSkqi9M<\/a><\/em><\/p>\n<h2>4.\u00a0<em>Hero Shaper<\/em> (MicroMega, Besancon, Prantsusmaa)<\/h2>\n<p>Algselt olid need instrumendid negatiivse v\u00f5i neutraalse l\u00e4ngnurgaga, kuid n\u00fc\u00fcd on neid modifitseeritud ning l\u00e4ngnurk on viimistletud positiivseks. Ristl\u00e4bil\u00f5ige meenutab H-viili, mis on radiaalaladeta. Saadaval on erinevad suuruse ja erineva koonilisusega viile (#.02, #.04, #.06). Instrument on v\u00e4ga painduv ning s\u00e4ilitab l\u00f5ikamisel v\u00f5rdse j\u00f5ujaotuse. Instrumentidel on progresseeruv keermevahe ja t\u00f6mp tipp.<\/p>\n<p>Intrumendi kasutamisel tekib kanalis kerge k\u00f5rvalekalle tsentrist. Kasutatakse <em>crown-down<\/em> preparatsioonitehnikat.<\/p>\n<p style=\"text-align: center;\"><\/p><div class=\"ratio ratio-16x9 mb-3\"><div class=\"video-placeholder-wrapper video-placeholder-wrapper--16x9\">\n\t\t\t    <div class=\"video-placeholder d-flex justify-content-center align-items-center\">\n\t\t\t        <div class=\"overlay text-white p-2 w-100 text-center d-block justify-content-center align-items-center\">\n\t\t\t            <div>Kolmandate osapoolte sisu n\u00e4gemiseks palun n\u00f5ustu k\u00fcpsistega.<\/div>\n\t\t\t            <button class=\"btn btn-secondary btn-sm mt-1 consent-change\">Muuda n\u00f5usolekut<\/button>\n\t\t\t        <\/div>\n\t\t\t    <\/div>\n\t\t\t<\/div>\n<\/div>\n<p style=\"text-align: center;\"><em><a href=\"http:\/\/www.youtube.com\/watch?v=9ZwakhVec8A\" target=\"_blank\" rel=\"noopener\">http:\/\/www.youtube.com\/watch?v=9ZwakhVec8A<\/a><\/em><\/p>\n<h2>5.\u00a0<em>ProTaper<\/em> (Dentsply Maillefer, Bellaigues, \u0160veits)<\/h2>\n<p>Viile on juba v\u00e4hem: 3 kujundusviili ja 3 viimistlusviili. Ristl\u00e4bil\u00f5ige viilidel on modifitseeritud K-viili sarnane, sel on teravad l\u00f5ikeservad ja pole radiaalalasid. Instrumentide koonilisus varieerub viili t\u00f6\u00f6tava osa pikkuses \u2013 kujundavatel viilidel kasvab koronaalosa suunas, viimistlusviilidel vastupidi. Kujundavatel viilidel S1, S2 on aktiivne l\u00f5ikav tipuosa ja tipudiameetrid vastavalt 0.185 mm ja 0,2 mm. Viimistlevatel viilidel F1, F2, F3 on t\u00f6mbid tipud, tipudiameetrid vastavalt 0,2, 0,25 ja 0,3 mm ning tipu t\u00f6\u00f6tava osa 3mm koonilisus vastavalt #.07, #.08 ja #.09.<\/p>\n<p>Aja jooksul on instrumendis\u00fcsteemil \u00a0varieerunud keermete vahe ja helikaalnurk, et v\u00e4ltida instrumendi sissekruvimise efekti. Instrumente saab kasutada p\u00f6\u00f6rlemiskiirusel 300rpm. Instrumendil on positiivne l\u00e4ngnurk.<\/p>\n<p><img loading=\"lazy\" decoding=\"async\" width=\"278\" height=\"209\" class=\"alignnone wp-image-31 aligncenter\" style=\"margin-left: auto; margin-right: auto;\" title=\"4-1-3.png\" src=\"https:\/\/sisu.ut.ee\/wp-content\/uploads\/sites\/43\/4-1-3.png\" alt=\"4-1-3.png\"><\/p>\n<p style=\"text-align: center;\"><em>ProTaper instrument F1, millel on 3 positiivse l\u00e4ngnurgaga l\u00f5ikeserva ning mittel\u00f5ikav tipuosa (International Endodontic Journal, 37, 832-839, 2004).<\/em><\/p>\n<p><em>ProTaper<\/em> s\u00fcsteemiga saab suhteliselt v\u00e4hese ajaga kujundada kenad juurekanalid, kuid t\u00e4nu instrumendi suhtelisele j\u00e4ikusele muutub veidi kanali asukoht (sirgenemine, transportatsioonid) ning juurekanalite tipupreparatsioon pole piisav. Viil on vastupidav v\u00e4\u00e4ndepingemurru tekkele ristl\u00e4bil\u00f5ike disaini t\u00f5ttu.<\/p>\n<p>Kasutatakse <em>crown-down<\/em> preparatsioonitehnikat. Iga viili j\u00e4rgselt on oluline loputamine ja rekapitulatsiooniviili kasutamine.<\/p>\n<p>S\u00fcsteemil on aegade jooksul olnud mitu modifikatsiooni: \u00a0<em>ProTaper, ProTaper Universal<\/em> ja hetkel kogub populaarsust <em>ProTaper Next<\/em>. Viimatimainitul on erinev ristl\u00e4bil\u00f5ige ja v\u00e4hem viile, millega liigutakse juurekanali kogupikkusesse.<\/p>\n<h2>6.\u00a0K3 (SybronEndo, Glendora, California, USA)<\/h2>\n<p>See viilis\u00fcsteem on kasvanud v\u00e4lja <em>Quantec<\/em> viiliseeriatest. Koonilisus on viilidel #.02, #.04, #.06, #.08.Viilil on as\u00fcmmetriline ristl\u00e4bil\u00f5ige. \u00a0K3 viilil on unikaalne kolmnurgakujuline ristl\u00e4bil\u00f5ige: kergelt positiivne l\u00e4ngnurk, suurendamaks l\u00f5ikeefektiivsust, laiad radiaalalad ja perifeerselt redutseeritud l\u00f5iketera , v\u00e4hendamaks h\u00f5\u00f5rdumist juurekanalis. Viilidel on varieeruv keermesamm ja varieeruv koonilisus, mis tagab tipu tugevuse. Viilidel v\u00f5ib esineda metallidefekte t\u00e4nu viili keerukale disainile. Tipp on t\u00f6mp, t\u00f6\u00f6tav osa on 16mm, kuid viili fikseeriv osa on l\u00fchem kui teistel.<\/p>\n<p>Kasutatakse <em>crown-down<\/em> preparatsioonitehnikat \u00a0<a href=\"http:\/\/www.endoexperience.com\/filecabinet\/Clinical%20Endodontics\/Instrumentation%20Techniques\/K3%20Technique\/K3.swf\" target=\"_blank\" rel=\"noopener\">http:\/\/www.endoexperience.com\/filecabinet\/Clinical%20Endodontics\/Instrumentation%20Techniques\/K3%20Technique\/K3.swf<\/a>.<\/p>\n<h2>7.\u00a0<em>RaCe<\/em> ehk <em>Reamer with Alternating Cutting Edges<\/em> (FKG, Brassler, Savannah, GA)<\/h2>\n<p>Nimetuses on \u201eriimer muutuvate l\u00f5iketeradega\u201d, mis kirjeldab h\u00e4sti selle viili disaini. Piltlikult \u00f6eldes on keermeteala vahelduv sirgete aladega. See aitab v\u00e4ltida instrumendi sissekruvimist juurekanalisse ning annab instrumendile hea painduvuse. Kuna viili painutamisel koonduvad pinged viili keermete alale, mitte ei jaotu viili t\u00f6\u00f6tava osa pikkuses \u00fchtlaselt, siis v\u00e4sib viil kiiremini (vaata joonist). Ristl\u00e4bil\u00f5ige on enamasti kolmnurgakujuline ( vaid #20.02 on l\u00e4bil\u00f5ikes ristk\u00fclikukujuline), t\u00f6\u00f6tava osa pikkus on 9-16 mm. Pinnat\u00f6\u00f6tlusel kasutatakse viilidel elektropoleerimist, tipud on \u00fcmarad ja mittel\u00f5ikavad. Viilidega on v\u00f5imalik kujundada juurekanalit, mis on originaalkanaliga sarnase kuju ja kuluga.<\/p>\n<p style=\"text-align: center;\"><em><img loading=\"lazy\" decoding=\"async\" width=\"580\" height=\"303\" class=\"alignnone wp-image-32\" title=\"4-1-4.png\" src=\"https:\/\/sisu.ut.ee\/wp-content\/uploads\/sites\/43\/4-1-4.png\" alt=\"4-1-4.png\" srcset=\"https:\/\/sisu.ut.ee\/wp-content\/uploads\/sites\/43\/4-1-4.png 580w, https:\/\/sisu.ut.ee\/wp-content\/uploads\/sites\/43\/4-1-4-300x157.png 300w\" sizes=\"auto, (max-width: 580px) 100vw, 580px\"><\/em><\/p>\n<p style=\"text-align: center;\"><em>RaCe instrument, millel on n\u00e4idatud p\u00f5hilised stressi koondumiskohad (<a href=\"http:\/\/www.endoexperience.com\/filecabinet\/Clinical%20Endodontics\/Instruments%20-%20Files\/McSpadden%20Discussions\/Q&amp;A%20continued%20Dec.%2015.pdf\" target=\"_blank\" rel=\"noopener\">http:\/\/www.endoexperience.com\/filecabinet\/Clinical%20Endodontics\/Instruments%20-%20Files\/McSpadden%20Discussions\/Q&amp;A%20continued%20Dec.%2015.pdf<\/a>)<\/em><\/p>\n<h2>8.\u00a0<em>EndoSequence <\/em>viilid (FKG, \u0160veits)<\/h2>\n<p>Viil on elekrtopoleeritud pinnaga, sel on t\u00f6mp tipuosa, teravad l\u00f5ikeservad ja puuduvad radiaalalad. Instrumendile on iseloomulik ristl\u00e4bil\u00f5ikes vahelduv kontaktala dentiiniseinaga. See v\u00e4hendab sissekruvimisefekti, tsentreerib viili juurekanalis radiaalaladeta, parandab l\u00f5ikamisefektiivsust ning parandab preparatsiooniprahi eemaldamist juurekanalist. Instrumente on koonilisusega #.04 ja #.06, prepareeriv osa on 16 mm ning kasutusel on traditsiooniline <em>crown-down<\/em> tehnika. T\u00f6\u00f6tamiskiiruseks on soovitatud 600 rpm.<\/p>\n<p style=\"text-align: center;\"><em><img loading=\"lazy\" decoding=\"async\" width=\"624\" height=\"375\" class=\"alignnone wp-image-33\" title=\"4-1-5.png\" src=\"https:\/\/sisu.ut.ee\/wp-content\/uploads\/sites\/43\/4-1-5.png\" alt=\"4-1-5.png\" srcset=\"https:\/\/sisu.ut.ee\/wp-content\/uploads\/sites\/43\/4-1-5.png 624w, https:\/\/sisu.ut.ee\/wp-content\/uploads\/sites\/43\/4-1-5-300x180.png 300w\" sizes=\"auto, (max-width: 624px) 100vw, 624px\"><\/em><\/p>\n<p style=\"text-align: center;\"><em>EndoSequence viili kirjeldavad omadused (<a href=\"http:\/\/www.endoexperience.com\/documents\/B_2552_EndoSeq-ActivGPBr.pdf\" target=\"_blank\" rel=\"noopener\">http:\/\/www.endoexperience.com\/documents\/B_2552_EndoSeq-ActivGPBr.pdf<\/a>).<\/em><\/p>\n<h2>9.\u00a0<em>Mtwo<\/em> (VDW, M\u00fcnhen, Saksamaa)<\/h2>\n<p>Instrumendi ristl\u00e4bil\u00f5ige on justkui S kaldkirjas, millel on 2 l\u00f5ikavat tera. Viili helikaalnurk on muutuv kogu viili ulatuses ning suureneb suunaga tipust k\u00e4epideme suunas. Helikaalnurk kasvab instrumendi suuruse progresseerudes. Keermevahed muutuvad s\u00fcgavamaks tipust k\u00e4epideme suunas. L\u00e4ngnurk on positiivne ning instrumendil on t\u00f6mp tipp. T\u00f6\u00f6tav osa on pikem kui 16mm, mis lubab ka koronaalosas l\u00f5igata. Tootjad v\u00e4idavad, et instrumendis\u00fcsteemiga ei pea kasutama <em>crown-down<\/em> tehnikat, vaid nn. kogupikkuses preparstioonitehnikat. Instrumentidel on suurenev keermesamm tipust varre suunas, mis v\u00e4ldib pitsumist pideval rotatsioonil ning v\u00e4hendab preparatsiooniprahi viimist tipuosa suunas. See v\u00e4hendab ka instrumendi fraktuuriv\u00f5imalust.Instrumendid on saadaval koonilisusega #.04-#.07.<\/p>\n<p>Instrumendis\u00fcsteem tagab hea koonilisusega juurekanali, mis kulgeb originaalkanali kulgu m\u00f6\u00f6da. Instrumentatsioon on kiire ja agressiivne t\u00e4nu l\u00f5iketerade ja ristl\u00e4bil\u00f5ike konfiguratsioonile. Instrumendid deformeeruvad kiiresti ning sageli ei tule korduvkasutamine k\u00f5ne alla.<\/p>\n<p style=\"text-align: center;\"><em><img loading=\"lazy\" decoding=\"async\" width=\"622\" height=\"195\" class=\"alignnone wp-image-34\" title=\"4-1-6.png\" src=\"https:\/\/sisu.ut.ee\/wp-content\/uploads\/sites\/43\/4-1-6.png\" alt=\"4-1-6.png\" srcset=\"https:\/\/sisu.ut.ee\/wp-content\/uploads\/sites\/43\/4-1-6.png 622w, https:\/\/sisu.ut.ee\/wp-content\/uploads\/sites\/43\/4-1-6-300x94.png 300w\" sizes=\"auto, (max-width: 622px) 100vw, 622px\"><\/em><\/p>\n<p style=\"text-align: center;\"><em>Pildid Mtwo instrumendi tipuosast, mis on t\u00f6mp, ning ristl\u00e4bil\u00f5ikest skanneriva elektronmikroskoobiga.<\/em><\/p>\n<h2>10.\u00a0<em>HyFlex<\/em> (Coltene Whaledent, \u0160veits)<\/h2>\n<p>Viilid on erineva koonilisusega, neil on t\u00f6\u00f6taval osal progresseeruv keermesamm (parandab painduvust, h\u00f5lbustab preparatsiooniprahi eemaldamist juurekanalist) ning positiivne l\u00e4ngnurk. Viilidel pole radiaalalasid. Neil pole kujum\u00e4lu ning nad on v\u00e4ga painduvad. Viilid v\u00f5tavad kuju tagasi sterilisatsioonil v\u00f5i kuumaga. See tagab viilide korduva kasutuse. Viilid on v\u00e4hem vastuv\u00f5tlikud ts\u00fcklilisele v\u00e4simusele v\u00f5rreldes teiste s\u00fcstemidega. Viilidega preparatsioonil kasutatakse kas <em>crown-down<\/em>, <em>step-back<\/em> preparatsiooni v\u00f5i preparatsiooni kogupikkuses.<\/p>\n<p style=\"text-align: center;\"><\/p><div class=\"ratio ratio-16x9 mb-3\"><div class=\"video-placeholder-wrapper video-placeholder-wrapper--16x9\">\n\t\t\t    <div class=\"video-placeholder d-flex justify-content-center align-items-center\">\n\t\t\t        <div class=\"overlay text-white p-2 w-100 text-center d-block justify-content-center align-items-center\">\n\t\t\t            <div>Kolmandate osapoolte sisu n\u00e4gemiseks palun n\u00f5ustu k\u00fcpsistega.<\/div>\n\t\t\t            <button class=\"btn btn-secondary btn-sm mt-1 consent-change\">Muuda n\u00f5usolekut<\/button>\n\t\t\t        <\/div>\n\t\t\t    <\/div>\n\t\t\t<\/div>\n<\/div>\n<p style=\"text-align: center;\"><em style=\"line-height: 1.6em;\"><a href=\"http:\/\/www.youtube.com\/watch?v=4UD2IFe5XnY\" target=\"_blank\" rel=\"noopener\">http:\/\/www.youtube.com\/watch?v=4UD2IFe5XnY<\/a><\/em><\/p>\n<p>Igal s\u00fcsteemil on omad voorused ja puudused ning selle t\u00f5ttu kombineeritakse erinevaid viilide s\u00fcsteeme. Enamjaolt varieeritakse koronaalset laiendamist ja erinevate instrumentide j\u00e4rjestust apikaalosa preparatsioonil.<\/p>\n<p><strong>N\u00e4ide:<\/strong><\/p>\n<ul>\n<li><a style=\"line-height: 1.6em;\" href=\"http:\/\/www.endoexperience.com\/filecabinet\/Clinical%20Endodontics\/Instrumentation%20Techniques\/Hybrid%20Technique\/flowchart.swf\" target=\"_blank\" rel=\"noopener\">http:\/\/www.endoexperience.com\/filecabinet\/Clinical%20Endodontics\/Instrumentation%20Techniques\/Hybrid%20Technique\/flowchart.swf<\/a><\/li>\n<\/ul>\n<p>Iga juurekanalit tasub hinnata eraldi. Raskused tekivad just ovaalsete juurekanalite ning v\u00e4ga suurte kurvatuuridega juurekanalite puhul. Enamik roteeruvaid viile prepareerib juuretipuosa \u00fcmaraks, kuid paljudel juhtudel on tipuosa ovaalse valendikuga. Liigne tipuosa prepatratsioon v\u00f5ib viia dentiiniseinte n\u00f5rgenemiseni, perforatsioonideni v\u00f5i tekitada vertikaalseid fraktuure. M\u00f5nedel s\u00fcsteemidel on ka sarnase suuruse ja markeeringuga n\u00e4puinstrumendid (<em>ProTaper<\/em>, GT), mille kombineerimine roteeruvatega annab klinitsistile parema tunnetuse. M\u00f5ned kombineeritud tehnikad on paremad kui teised, kuid m\u00e4\u00e4ravaks osutuvad ikkagi juurekanali anatoomia ja preparatsiooni eesm\u00e4rk.<\/p>\n","protected":false},"excerpt":{"rendered":"<p>Mitmeviili s\u00fcsteemides on juurekanali preparatsiooniks vajalikud erinevad viilid, millel on erinevad koonilisused ja tipudiameetrid. Enamjaolt on viilidel t\u00f6mp tipuosa, varieeruvad ristl\u00e4bil\u00f5ige, disain ja tootmistehnika. Metallurgia on samuti sarnane, kuid osadel s\u00fcsteemidel on kasutusel ka uuendused, mille puhul viilid on valmistatud &#8230;<\/p>\n","protected":false},"author":12,"featured_media":0,"parent":0,"menu_order":0,"comment_status":"closed","ping_status":"closed","template":"","meta":{"_acf_changed":false,"inline_featured_image":false,"footnotes":""},"class_list":["post-8","page","type-page","status-publish","hentry"],"acf":[],"_links":{"self":[{"href":"https:\/\/sisu.ut.ee\/juureravi5\/wp-json\/wp\/v2\/pages\/8","targetHints":{"allow":["GET"]}}],"collection":[{"href":"https:\/\/sisu.ut.ee\/juureravi5\/wp-json\/wp\/v2\/pages"}],"about":[{"href":"https:\/\/sisu.ut.ee\/juureravi5\/wp-json\/wp\/v2\/types\/page"}],"author":[{"embeddable":true,"href":"https:\/\/sisu.ut.ee\/juureravi5\/wp-json\/wp\/v2\/users\/12"}],"replies":[{"embeddable":true,"href":"https:\/\/sisu.ut.ee\/juureravi5\/wp-json\/wp\/v2\/comments?post=8"}],"version-history":[{"count":3,"href":"https:\/\/sisu.ut.ee\/juureravi5\/wp-json\/wp\/v2\/pages\/8\/revisions"}],"predecessor-version":[{"id":95,"href":"https:\/\/sisu.ut.ee\/juureravi5\/wp-json\/wp\/v2\/pages\/8\/revisions\/95"}],"wp:attachment":[{"href":"https:\/\/sisu.ut.ee\/juureravi5\/wp-json\/wp\/v2\/media?parent=8"}],"curies":[{"name":"wp","href":"https:\/\/api.w.org\/{rel}","templated":true}]}}