{"id":12,"date":"2024-04-03T23:13:55","date_gmt":"2024-04-03T20:13:55","guid":{"rendered":"https:\/\/sisu.ut.ee\/juureravi5\/soovitatav-materjal\/"},"modified":"2024-04-03T23:14:00","modified_gmt":"2024-04-03T20:14:00","slug":"soovitatav-materjal","status":"publish","type":"page","link":"https:\/\/sisu.ut.ee\/juureravi5\/soovitatav-materjal\/","title":{"rendered":"Soovitatav materjal"},"content":{"rendered":"<p>Endodontia on pidevalt t\u00e4ienev teadusharu. K\u00e4esolevas \u00f5piobjektis on k\u00e4sitletud sellest vaid v\u00e4ikene osa. Vastava teema kohta on see baasteadmiste kogu, millele saab edasisi \u00f5pinguid \u00fcles ehitada. Kuna \u2018s\u00fc\u00fces kasvab isu\u2019, siis siin on m\u00f5ned vihjed, kuidas oma silmaringi veelgi laiendada. Selleks on mitmeid erinevaid v\u00f5imalusi:<\/p>\n<p><strong>1. Erialased \u00f5pikud ja raamatud<\/strong><\/p>\n<p>Erialased raamatud on enamasti v\u00e4ga mahukad, kallid ja v\u00f5\u00f5rkeelsed. \u00d5piobjektis on alusmaterjalina kasutatud erinevaid ingliskeelseid \u00f5pikuid, mida v\u00f5ib leida ka Tartu \u00dclikooli Raamatukogu \u00f5ppekirjanduse saalist:<\/p>\n<ul>\n<li>Cohen, Berman, Hargreaves: \u201cPathways of the Pulp\u201d, 10th ed., 2010;<\/li>\n<li>Gutmann, Dumsha, Lovdahl: \u201cProblem Solving in Endodontics\u201d, 4th ed., 2006;<\/li>\n<li>Ingle, Bacland, Baumgartner: \u201cIngle\u2019s Endodontics\u201d, 6th ed., 2007;<\/li>\n<li>jne.<\/li>\n<\/ul>\n<p>Nendes \u00f5pikutes on seletatud k\u00f5ik lahti palju p\u00f5hjalikumalt ja pikemalt. Osta saab eriala v\u00f5\u00f5rkeelseid \u00f5pikuid n\u00e4iteks suurimalt meditsiinialaste raamatute ja ajakirjade v\u00e4ljaandjalt Elseviewer <a href=\"http:\/\/www.eu.elsevierhealth.com\/\" target=\"_blank\" rel=\"noopener\">http:\/\/www.eu.elsevierhealth.com<\/a>, mis v\u00f5imaldab lisaks paberv\u00e4ljaandele ka e-raamatute soetamist. Erialaste raamatute muretsemisel on kindlasti abiks netilehed <a href=\"http:\/\/www.amazon.com\/\" target=\"_blank\" rel=\"noopener\">http:\/\/www.amazon.com<\/a> ja <a href=\"http:\/\/www.ebay.com\/\" target=\"_blank\" rel=\"noopener\">http:\/\/www.ebay.com<\/a>, kust saab osta nii uusi kui kasutatud raamatuid. Kuna tehnikad ja materjalid muutuvad pidevalt, siis on soovitatav soetada k\u00f5ige hilisemad tr\u00fckivariandid. Eestis saab erialaseid raamatuid tellida Krisostomuse raamatupoest <a href=\"http:\/\/www.kriso.ee\/\" target=\"_blank\" rel=\"noopener\">http:\/\/www.kriso.ee<\/a>.<\/p>\n<p><strong>2. Teadusartiklid<\/strong><\/p>\n<p>Erinevaid teadusartikleid avaldatakse nii erialastes ajakirjades kui ka vastavatel netilehtedel. Ajakirjad on reeglina \u00fcsna kallid, kuid nendest saab teada v\u00e4rskeimat infot teadusmaailmas toimuva kohta. Endodontia ajakirjadest v\u00f5iks eelk\u00f5ige soovitada kahte: \u201cJournal of Endodontics\u201d ja \u201cInternational Endodontic Journal\u201d. Need on \u00fcsna mahukad ja kokkuv\u00f5tlikud ning ilmuvad igakuiselt. Ajakirjade lugemiseks v\u00f5ib kasutada ka Tartu \u00dclikooli Raamatukogu andmebaase EBSCO ja ScienceDirect. Kui huvitab m\u00f5ni konkreetne teema, siis on abi \u00fclikooli raamatukogu lehel PubMed andmebaasist (<a href=\"http:\/\/www.utlib.ee\/index.php?mod=db&amp;id=115&amp;e=1\" target=\"_blank\" rel=\"noopener\">http:\/\/www.utlib.ee\/index.php?mod=db&amp;id=115&amp;e=1<\/a>), kus on v\u00f5imalik leida otsings\u00f5na kaudu artikleid vastava teema kohta aastate l\u00f5ikes.<\/p>\n<p><strong>3. T\u00e4iendused<\/strong><\/p>\n<p>Ennast erialaselt t\u00e4iendada tuleb arstidel kogu elu. Selleks, et olla kursis uusimate meetodite, vahendite ja v\u00f5imalustega, viiakse t\u00e4ienduskoolitusi l\u00e4bi nii Eestis kui v\u00e4lismaal. T\u00e4ienduste kohta Eestis saab infot <a href=\"http:\/\/www.hambaarst.ee\/koolitused\/\" target=\"_blank\" rel=\"noopener\">http:\/\/www.hambaarst.ee\/koolitused\/<\/a>, samuti erinevate hambaravi tarvikutega kauplevate firmade kodulehtedelt. V\u00e4lismaiste endodontia alaste koolituste kohta on v\u00f5imalik teavet saada n\u00e4iteks lehelt <a href=\"http:\/\/www.e-s-e.eu\/\" target=\"_blank\" rel=\"noopener\">http:\/\/www.e-s-e.eu\/<\/a>.<\/p>\n<p><strong>4. Internet<\/strong><\/p>\n<p>Internet on suur ja lai. T\u00e4nap\u00e4eval saab v\u00e4ga palju infot just veebi kaudu. T\u00e4nu mikroskoopidele ja r\u00f6ntgen\u00fclesv\u00f5tetele on v\u00f5imalik protseduuride pildistamine ja filmimine ka hambas sees, mis loob suurep\u00e4rase v\u00f5imaluse enese t\u00e4iendamiseks.<\/p>\n<p>Netilehel <a href=\"http:\/\/www.youtube.com\/\" target=\"_blank\" rel=\"noopener\">http:\/\/www.youtube.com<\/a> on postitatud palju videosid juureravi erinevatest etappidest, mida vaadates on v\u00f5imalik t\u00e4iendada nii oma teoreetilisi kui praktilisi teadmisi. T\u00e4htis on mitte v\u00f5tta k\u00f5ike puhta kullana, kuna m\u00f5ned videod on postitatud sinna ka reklaami eesm\u00e4rgil.<\/p>\n<p>Netilehel <a href=\"http:\/\/rootcanalanatomy.blogspot.com\/\" target=\"_blank\" rel=\"noopener\">http:\/\/rootcanalanatomy.blogspot.com\/<\/a> paikneb v\u00e4ga hea materjal juurekanalite anatoomiast. Materjal on tasuta k\u00e4ttesaadav, valmistatud just hariduslikul eesm\u00e4rgil ning teda t\u00e4iendatakse igakuiselt.<\/p>\n<p>Vaadata v\u00f5iks ka lehtedele <a href=\"http:\/\/www.dentalindia.com\/\" target=\"_blank\" rel=\"noopener\">http:\/\/www.dentalindia.com\/<\/a> ja <a href=\"http:\/\/www.theendoblog.com\/\" target=\"_blank\" rel=\"noopener\">http:\/\/www.theendoblog.com\/<\/a>, mis on \u00fclevaatlikud, pidevalt uuenevad netilehed endodontiast huvitatutele.<\/p>\n","protected":false},"excerpt":{"rendered":"<p>Endodontia on pidevalt t\u00e4ienev teadusharu. K\u00e4esolevas \u00f5piobjektis on k\u00e4sitletud sellest vaid v\u00e4ikene osa. Vastava teema kohta on see baasteadmiste kogu, millele saab edasisi \u00f5pinguid \u00fcles ehitada. Kuna \u2018s\u00fc\u00fces kasvab isu\u2019, siis siin on m\u00f5ned vihjed, kuidas oma silmaringi veelgi laiendada. &#8230;<\/p>\n","protected":false},"author":12,"featured_media":0,"parent":0,"menu_order":0,"comment_status":"closed","ping_status":"closed","template":"","meta":{"_acf_changed":false,"inline_featured_image":false,"footnotes":""},"class_list":["post-12","page","type-page","status-publish","hentry"],"acf":[],"_links":{"self":[{"href":"https:\/\/sisu.ut.ee\/juureravi5\/wp-json\/wp\/v2\/pages\/12","targetHints":{"allow":["GET"]}}],"collection":[{"href":"https:\/\/sisu.ut.ee\/juureravi5\/wp-json\/wp\/v2\/pages"}],"about":[{"href":"https:\/\/sisu.ut.ee\/juureravi5\/wp-json\/wp\/v2\/types\/page"}],"author":[{"embeddable":true,"href":"https:\/\/sisu.ut.ee\/juureravi5\/wp-json\/wp\/v2\/users\/12"}],"replies":[{"embeddable":true,"href":"https:\/\/sisu.ut.ee\/juureravi5\/wp-json\/wp\/v2\/comments?post=12"}],"version-history":[{"count":1,"href":"https:\/\/sisu.ut.ee\/juureravi5\/wp-json\/wp\/v2\/pages\/12\/revisions"}],"predecessor-version":[{"id":70,"href":"https:\/\/sisu.ut.ee\/juureravi5\/wp-json\/wp\/v2\/pages\/12\/revisions\/70"}],"wp:attachment":[{"href":"https:\/\/sisu.ut.ee\/juureravi5\/wp-json\/wp\/v2\/media?parent=12"}],"curies":[{"name":"wp","href":"https:\/\/api.w.org\/{rel}","templated":true}]}}