{"id":8,"date":"2024-04-03T23:12:53","date_gmt":"2024-04-03T20:12:53","guid":{"rendered":"https:\/\/sisu.ut.ee\/juureravi3\/31-erinevate-preparatsioonitehnikate-kasutamise-eesmargid\/"},"modified":"2024-04-09T09:30:32","modified_gmt":"2024-04-09T06:30:32","slug":"31-erinevate-preparatsioonitehnikate-kasutamise-eesmargid","status":"publish","type":"page","link":"https:\/\/sisu.ut.ee\/juureravi3\/31-erinevate-preparatsioonitehnikate-kasutamise-eesmargid\/","title":{"rendered":"3.2. Erinevate preparatsioonitehnikate kasutamise eesm\u00e4rgid"},"content":{"rendered":"<p>Hamba juurekanalite puhastamise ja kujundamise p\u00f5hieesm\u00e4rkideks on:<\/p>\n<ol>\n<li><span style=\"line-height: 1.6em;\" data-mce-mark=\"1\">eemaldada infitseerunud pehme- ja k\u00f5vakude;<\/span><\/li>\n<li><span style=\"line-height: 1.6em;\" data-mce-mark=\"1\">v\u00f5imaldada loputuslahustel juurdep\u00e4\u00e4s apikaalsetesse juurekanali osadesse;<\/span><\/li>\n<li><span style=\"line-height: 1.6em;\" data-mce-mark=\"1\">tekitada ruumi medikamentidele ja juuret\u00e4idismaterjalidele;<\/span><\/li>\n<li><span style=\"line-height: 1.6em;\" data-mce-mark=\"1\">s\u00e4ilitada hambastruktuuride terviklikkus.<\/span><\/li>\n<\/ol>\n<p>Preparatsiooni mehaanilised eesm\u00e4rgid:<\/p>\n<ol>\n<li><span style=\"line-height: 1.6em;\" data-mce-mark=\"1\">j\u00e4tkuvalt kooniline preparatsioon;<\/span><\/li>\n<li><span style=\"line-height: 1.6em;\" data-mce-mark=\"1\">diameeter kahaneb koronaalselt apikaalsele;<\/span><\/li>\n<li><span style=\"line-height: 1.6em;\">apikaalne ava peab j\u00e4\u00e4ma oma originaalkohale ja s\u00e4ilitama algse kuju (vaata vigade tekke v\u00f5imalustest apikaalsel preparatsioonil \u00f5piobjektist \u201c<a href=\"http:\/\/sisu.ut.ee\/juureravi2\" target=\"_blank\" rel=\"noopener\">Hammaste juurekanalite tipuanatoomia ja apikaalne preparatsioon<\/a>\u201c);<\/span><\/li>\n<li>apikaalne konstriktsioon peab j\u00e4\u00e4ma nii v\u00e4ikeseks kui v\u00f5imalik.<\/li>\n<\/ol>\n<h6>J\u00e4ta meelde! Kitsaste kanalite tipuava on soovitatav laiendada kuni #20.02-ni. Kui tipuava on suurem kui #20.02, siis peab seda vaid puhastama, laiendada enam ei tohi!<\/h6>\n<p><img loading=\"lazy\" decoding=\"async\" width=\"161\" height=\"265\" class=\"alignnone wp-image-26\" style=\"margin-left: auto; margin-right: auto; float: right;\" title=\"lk9-1.png\" src=\"https:\/\/sisu.ut.ee\/wp-content\/uploads\/sites\/36\/lk9-1.png\" alt=\"lk9-1.png\"><\/p>\n<p><em>K\u00f5rvaloleval joonisel on kujundatud juurekanaliga hammas, mis vastab preparatsiooni mehaanilistele eesm\u00e4rkidele. Juurekanali diameeter kahaneb \u00fchtlaselt koronaalselt apikaalsemale (m\u00e4rgistatud oran\u017eide triipudega), s\u00e4ilitatud on kanali algne kuju ning tipuava on s\u00e4ilitatud v\u00f5imalikult v\u00e4iksena.<\/em><\/p>\n<p>Preparatsiooni bioloogilised eesm\u00e4rgid:<\/p>\n<ul>\n<li><span style=\"line-height: 1.6em;\" data-mce-mark=\"1\">instrumenteerida vaid juurekanali piires.\u00a0<\/span><\/li>\n<\/ul>\n<h6>J\u00e4ta meelde! \u00dcle apeksi v\u00f5ib minna vaid kuni ISO #10 n\u00f5elaga (juurekanali pikkuse m\u00f5\u00f5tmisel ning kui on vaja saavutada akuutse alveolaarabstsessi drenaa\u017ei l\u00e4bi hamba juurekanali);<\/h6>\n<ul>\n<li><span style=\"line-height: 1.6em;\" data-mce-mark=\"1\">nekrootilist materjali ei tohi viia \u00fcle juuretipu;<\/span><\/li>\n<li><span style=\"line-height: 1.6em;\" data-mce-mark=\"1\">eemalda hoolikalt kogu orgaaniline materjal;<\/span><\/li>\n<li><span style=\"line-height: 1.6em;\" data-mce-mark=\"1\">puhastada ja kujundada juurekanalid \u00fchel visiidil. Kui pole 100% kindel, et on v\u00f5imalus seda teha, siis on vajalik anda patsiendile uus visiidiaeg. Prepareerida \u00fcks juurekanal korraga ning alustada kergeimast.<\/span><\/li>\n<\/ul>\n<p>V\u00e4ga oluline on apikaalse osa kujundamine. \u00dclevaade apikaalosa anatoomiast on antud \u00f5piobjektis \u201c<a href=\"http:\/\/sisu.ut.ee\/juureravi2\" target=\"_blank\" rel=\"noopener\">Hammaste juurekanalite tipuanatoomia ja apikaalne preparatsioon<\/a>\u201c.<\/p>\n","protected":false},"excerpt":{"rendered":"<p>Hamba juurekanalite puhastamise ja kujundamise p\u00f5hieesm\u00e4rkideks on: eemaldada infitseerunud pehme- ja k\u00f5vakude; v\u00f5imaldada loputuslahustel juurdep\u00e4\u00e4s apikaalsetesse juurekanali osadesse; tekitada ruumi medikamentidele ja juuret\u00e4idismaterjalidele; s\u00e4ilitada hambastruktuuride terviklikkus. Preparatsiooni mehaanilised eesm\u00e4rgid: j\u00e4tkuvalt kooniline preparatsioon; diameeter kahaneb koronaalselt apikaalsele; apikaalne ava peab j\u00e4\u00e4ma &#8230;<\/p>\n","protected":false},"author":12,"featured_media":0,"parent":0,"menu_order":0,"comment_status":"closed","ping_status":"closed","template":"","meta":{"_acf_changed":false,"inline_featured_image":false,"footnotes":""},"class_list":["post-8","page","type-page","status-publish","hentry"],"acf":[],"_links":{"self":[{"href":"https:\/\/sisu.ut.ee\/juureravi3\/wp-json\/wp\/v2\/pages\/8","targetHints":{"allow":["GET"]}}],"collection":[{"href":"https:\/\/sisu.ut.ee\/juureravi3\/wp-json\/wp\/v2\/pages"}],"about":[{"href":"https:\/\/sisu.ut.ee\/juureravi3\/wp-json\/wp\/v2\/types\/page"}],"author":[{"embeddable":true,"href":"https:\/\/sisu.ut.ee\/juureravi3\/wp-json\/wp\/v2\/users\/12"}],"replies":[{"embeddable":true,"href":"https:\/\/sisu.ut.ee\/juureravi3\/wp-json\/wp\/v2\/comments?post=8"}],"version-history":[{"count":2,"href":"https:\/\/sisu.ut.ee\/juureravi3\/wp-json\/wp\/v2\/pages\/8\/revisions"}],"predecessor-version":[{"id":117,"href":"https:\/\/sisu.ut.ee\/juureravi3\/wp-json\/wp\/v2\/pages\/8\/revisions\/117"}],"wp:attachment":[{"href":"https:\/\/sisu.ut.ee\/juureravi3\/wp-json\/wp\/v2\/media?parent=8"}],"curies":[{"name":"wp","href":"https:\/\/api.w.org\/{rel}","templated":true}]}}