{"id":7,"date":"2024-04-03T23:12:52","date_gmt":"2024-04-03T20:12:52","guid":{"rendered":"https:\/\/sisu.ut.ee\/juureravi3\/3-erinevad-preparatsioonitehnikad-roostevabast-terasest-instrumentidega\/"},"modified":"2024-04-09T09:29:06","modified_gmt":"2024-04-09T06:29:06","slug":"3-erinevad-preparatsioonitehnikad-roostevabast-terasest-instrumentidega","status":"publish","type":"page","link":"https:\/\/sisu.ut.ee\/juureravi3\/3-erinevad-preparatsioonitehnikad-roostevabast-terasest-instrumentidega\/","title":{"rendered":"3. Erinevad preparatsioonitehnikad roostevabast terasest instrumentidega"},"content":{"rendered":"<h6>Reegel: olulisem on see, mis on juurekanalist eemaldatud, kui see, mis sinna sisse paigutatud.<\/h6>\n<p>Juureravi h\u00f5lmab endas nii mehaanilist instrumenteerimist kui keemilist t\u00f6\u00f6tlust (loputuslahused, vahepanused). Mehaaniline puhastamine ja kujundamine peab olema t\u00e4pne (korrektne kanali t\u00f6\u00f6pikkus + koonilisus + tipudiameeter), et keemiliste ainete oleks tagatud optimaalne juurdep\u00e4\u00e4s mikroobidele. Kanal on korrektselt kujundatud siis, kui loputuslahused suudavad vajalikus koguses penetreeruda juurekanali apikaalosani.<\/p>\n<p><img loading=\"lazy\" decoding=\"async\" width=\"600\" height=\"165\" class=\"alignnone wp-image-25 aligncenter\" style=\"margin-left: auto; margin-right: auto;\" title=\"3-0.png\" src=\"https:\/\/sisu.ut.ee\/wp-content\/uploads\/sites\/36\/3-0.png\" alt=\"3-0.png\" srcset=\"https:\/\/sisu.ut.ee\/wp-content\/uploads\/sites\/36\/3-0.png 600w, https:\/\/sisu.ut.ee\/wp-content\/uploads\/sites\/36\/3-0-300x83.png 300w\" sizes=\"auto, (max-width: 600px) 100vw, 600px\"><\/p>\n<p><em>Pildid hambast 36. A) Pilt on tehtud hamba juureravi \u00fcmberravi alustamisel. N\u00e4ha on osaliselt eemaldatud pulbiruumi lagi, distaalne juurekanal nekrotiseerunud pulbikoega ning mesiaalsete juurekanalite projektsioonis kobrutav vatikuul. B) Hambal on teostatud korralik juurekanalite kujundamine ja desifektsioon. Hammas on valmis vahepanuse asetamiseks.<\/em><\/p>\n<h2><\/h2>\n","protected":false},"excerpt":{"rendered":"<p>Reegel: olulisem on see, mis on juurekanalist eemaldatud, kui see, mis sinna sisse paigutatud. Juureravi h\u00f5lmab endas nii mehaanilist instrumenteerimist kui keemilist t\u00f6\u00f6tlust (loputuslahused, vahepanused). Mehaaniline puhastamine ja kujundamine peab olema t\u00e4pne (korrektne kanali t\u00f6\u00f6pikkus + koonilisus + tipudiameeter), et &#8230;<\/p>\n","protected":false},"author":12,"featured_media":0,"parent":0,"menu_order":0,"comment_status":"closed","ping_status":"closed","template":"","meta":{"_acf_changed":false,"inline_featured_image":false,"footnotes":""},"class_list":["post-7","page","type-page","status-publish","hentry"],"acf":[],"_links":{"self":[{"href":"https:\/\/sisu.ut.ee\/juureravi3\/wp-json\/wp\/v2\/pages\/7","targetHints":{"allow":["GET"]}}],"collection":[{"href":"https:\/\/sisu.ut.ee\/juureravi3\/wp-json\/wp\/v2\/pages"}],"about":[{"href":"https:\/\/sisu.ut.ee\/juureravi3\/wp-json\/wp\/v2\/types\/page"}],"author":[{"embeddable":true,"href":"https:\/\/sisu.ut.ee\/juureravi3\/wp-json\/wp\/v2\/users\/12"}],"replies":[{"embeddable":true,"href":"https:\/\/sisu.ut.ee\/juureravi3\/wp-json\/wp\/v2\/comments?post=7"}],"version-history":[{"count":2,"href":"https:\/\/sisu.ut.ee\/juureravi3\/wp-json\/wp\/v2\/pages\/7\/revisions"}],"predecessor-version":[{"id":115,"href":"https:\/\/sisu.ut.ee\/juureravi3\/wp-json\/wp\/v2\/pages\/7\/revisions\/115"}],"wp:attachment":[{"href":"https:\/\/sisu.ut.ee\/juureravi3\/wp-json\/wp\/v2\/media?parent=7"}],"curies":[{"name":"wp","href":"https:\/\/api.w.org\/{rel}","templated":true}]}}