{"id":15,"date":"2024-04-03T23:08:35","date_gmt":"2024-04-03T20:08:35","guid":{"rendered":"https:\/\/sisu.ut.ee\/juureravi1\/vead-juurekanalite-taitmisel\/"},"modified":"2024-04-08T10:43:08","modified_gmt":"2024-04-08T07:43:08","slug":"vead-juurekanalite-taitmisel","status":"publish","type":"page","link":"https:\/\/sisu.ut.ee\/juureravi1\/vead-juurekanalite-taitmisel\/","title":{"rendered":"Vead juurekanalite t\u00e4itmisel"},"content":{"rendered":"<h2 class=\"wp-block-heading\"><strong style=\"line-height: 1.6em;\">Liiga l\u00fchike juuret\u00e4idis<\/strong><\/h2>\n\n\n\n<p>Viga on tekkinud juurekanali t\u00f6\u00f6pikkuse m\u00e4\u00e4ramisel v\u00f5i pole seda m\u00e4\u00e4ratudki. Preparatsioon on puudulik, kanali kujundamisel on tekkinud m\u00f5ni preparatsiooniviga, kasutatud on liiga viskoosset siilerit v\u00f5i on juuret\u00e4idismaterjal kerkinud juurekanalis koronaalsemale lateraalkondensaatoriga tihendamise tulemusena.<\/p>\n\n\n\n<figure class=\"wp-block-image aligncenter\"><img loading=\"lazy\" decoding=\"async\" width=\"389\" height=\"292\" src=\"https:\/\/sisu.ut.ee\/wp-content\/uploads\/sites\/14\/viga1.png\" alt=\"viga1.png\" class=\"wp-image-38\" title=\"viga1.png\" srcset=\"https:\/\/sisu.ut.ee\/wp-content\/uploads\/sites\/14\/viga1.png 389w, https:\/\/sisu.ut.ee\/wp-content\/uploads\/sites\/14\/viga1-300x225.png 300w\" sizes=\"auto, (max-width: 389px) 100vw, 389px\"><\/figure>\n\n\n\n<p class=\"has-text-align-center\"><em><strong>Foto 8:<\/strong> R\u00f6ntgen\u00fclesv\u00f5ttel on n\u00e4ha juuret\u00e4idisega hammas 47. Distaalses juurekanalis on t\u00e4idis tihe, kena koonilisusega ja tipuni, kuid mesiaalsete juurekanalite tipuosas on n\u00e4ha t\u00e4idiseta juurekanali tipuosa.<\/em><\/p>\n\n\n\n<h2 class=\"wp-block-heading\"><strong style=\"line-height: 1.6em;\">Liiga pikk juuret\u00e4idis<\/strong><\/h2>\n\n\n\n<p>Viga on tekkinud juurekanali t\u00f6\u00f6pikkuse m\u00e4\u00e4ramisel v\u00f5i pole seda m\u00e4\u00e4ratudki, juurekanali tipuava on laiaks prepareeritud v\u00f5i kanali tipuosa l\u00f5hutud, kasutatud on m\u00f5nda t\u00e4itmistehnikat liigse survega apikaalsele. <strong>Ettevaatust soojade t\u00e4itetehnikate kasutamisel!<\/strong><\/p>\n\n\n\n<figure class=\"wp-block-image aligncenter\"><img loading=\"lazy\" decoding=\"async\" width=\"247\" height=\"329\" src=\"https:\/\/sisu.ut.ee\/wp-content\/uploads\/sites\/14\/viga2.png\" alt=\"viga2.png\" class=\"wp-image-39\" title=\"viga2.png\" srcset=\"https:\/\/sisu.ut.ee\/wp-content\/uploads\/sites\/14\/viga2.png 247w, https:\/\/sisu.ut.ee\/wp-content\/uploads\/sites\/14\/viga2-225x300.png 225w\" sizes=\"auto, (max-width: 247px) 100vw, 247px\"><\/figure>\n\n\n\n<p class=\"has-text-align-center\"><em><strong>Foto 9:<\/strong> R\u00f6ntgen\u00fclesv\u00f5ttel hambast 26 on n\u00e4ha BD juuret\u00e4idise sattumine \u00fcle juuretipu ning palatinaalsesse juurekanalisse asetatud h\u00f5re juuret\u00e4idis. Juuret\u00e4idise valmistamiseks on kasutatud lateraalset k\u00fclmkondensatsiooni meetodit, millele viitavad palatinaalses juurekanalis eraldi astsevad gutapert\u0161tihvtid.<\/em><\/p>\n\n\n\n<figure class=\"wp-block-image aligncenter\"><img loading=\"lazy\" decoding=\"async\" width=\"400\" height=\"349\" src=\"https:\/\/sisu.ut.ee\/wp-content\/uploads\/sites\/14\/liiga_pikk_juuretaidis.png\" alt=\"liiga_pikk_juuretaidis.png\" class=\"wp-image-42\" title=\"liiga_pikk_juuretaidis.png\" srcset=\"https:\/\/sisu.ut.ee\/wp-content\/uploads\/sites\/14\/liiga_pikk_juuretaidis.png 400w, https:\/\/sisu.ut.ee\/wp-content\/uploads\/sites\/14\/liiga_pikk_juuretaidis-300x262.png 300w\" sizes=\"auto, (max-width: 400px) 100vw, 400px\"><\/figure>\n\n\n\n<p class=\"has-text-align-center\"><em><strong>Foto 10:<\/strong> Pildil on n\u00e4ha hammas 36, millel on alustatud juureravi \u00fcmberravi. Ravi tulemuslikkus on k\u00fcsitav, kuna distaalsest juurekanalist periapikaalsele ulatuvat juuret\u00e4idist pole reeglina v\u00f5imalik t\u00e4ielikult eemaldada ortograadse raviga, furkatsiooniosas on dentiini minimaalselt ning distaalselt on krooniosa kahjustunud luupiirini.<\/em><\/p>\n\n\n\n<h2 class=\"wp-block-heading\"><strong style=\"line-height: 1.6em;\">H\u00f5re v\u00f5i \u00a0t\u00fchimikega \u00a0juuret\u00e4idis<\/strong><\/h2>\n\n\n\n<p>Vea tekitavad enamasti juurekanali alapreparatsioon (v\u00e4hene koonilisus) ja t\u00e4itematerjali v\u00e4hene kondenseerimine juurekanali seina vastu.<\/p>\n\n\n\n<figure class=\"wp-block-image aligncenter\"><img loading=\"lazy\" decoding=\"async\" width=\"430\" height=\"322\" src=\"https:\/\/sisu.ut.ee\/wp-content\/uploads\/sites\/14\/viga3.png\" alt=\"viga3.png\" class=\"wp-image-40\" title=\"viga3.png\" srcset=\"https:\/\/sisu.ut.ee\/wp-content\/uploads\/sites\/14\/viga3.png 430w, https:\/\/sisu.ut.ee\/wp-content\/uploads\/sites\/14\/viga3-300x225.png 300w\" sizes=\"auto, (max-width: 430px) 100vw, 430px\"><\/figure>\n\n\n\n<p class=\"has-text-align-center\"><em><strong>Foto 11:<\/strong> R\u00f6ntgen\u00fclesv\u00f5ttel on n\u00e4ha hambad 25, millel on juureravi \u00fcmberravi poolik, ning 24, millel on n\u00e4ha h\u00f5re juuret\u00e4idis. M\u00f5lematel hammastel on n\u00e4ha periapikaalsed radiolutsentsed kolded juuretippude \u00fcmber.<\/em><\/p>\n\n\n\n<h2 class=\"wp-block-heading\"><strong style=\"line-height: 1.6em;\">Eelneva juuret\u00e4idise mittet\u00e4ielik eemaldamine juureravi \u00fcmberravi puhul<\/strong><\/h2>\n\n\n\n<p>Mikroobid j\u00e4\u00e4vad vana juuret\u00e4idise ja juurekanali seina vahele, kuhu keemiline t\u00f6\u00f6tlus ei ulatu ning p\u00f5hjustavad hiljem uue teisese juurep\u00f5letiku. Vana juuret\u00e4idise alla v\u00f5ib j\u00e4\u00e4da ka m\u00f5ni anatoomiline ise\u00e4rasus (lateraalkanal, istmus, lisakanali suue, anatoomiline \u00f5narus vms), mille puhastamata j\u00e4tmisel tekib suure t\u00f5en\u00e4osusega uus periapikaalne p\u00f5letik.<\/p>\n\n\n\n<h2 class=\"wp-block-heading\"><strong style=\"line-height: 1.6em;\">Vead koronaalse restauratsiooni asetamisel<\/strong><\/h2>\n\n\n\n<p>Viga tekib hooletusest, restauratsioonimaterjalide asetustehnika n\u00f5uete eiramisel v\u00f5i vale restauratsioonit\u00fc\u00fcbi valikul.<\/p>\n\n\n\n<figure class=\"wp-block-image aligncenter\"><img loading=\"lazy\" decoding=\"async\" width=\"268\" height=\"358\" src=\"https:\/\/sisu.ut.ee\/wp-content\/uploads\/sites\/14\/viga4.png\" alt=\"viga4.png\" class=\"wp-image-41\" title=\"viga4.png\" srcset=\"https:\/\/sisu.ut.ee\/wp-content\/uploads\/sites\/14\/viga4.png 268w, https:\/\/sisu.ut.ee\/wp-content\/uploads\/sites\/14\/viga4-225x300.png 225w\" sizes=\"auto, (max-width: 268px) 100vw, 268px\"><\/figure>\n\n\n\n<p class=\"has-text-align-center\"><em><strong>Foto 12:<\/strong> R\u00f6ntgen\u00fclesv\u00f5ttel on n\u00e4ha hammas 11, millele asetatud postendodontiline restauratsioon pole olnud piisav. N\u00e4ha on koronaalsed karioossed kolded, ebapiisav koronaalne toestus juurekruvi n\u00e4ol, gutapert\u0161ist juuret\u00e4idis ning periapikaalne radiolutsentne kolle.<\/em><\/p>\n","protected":false},"excerpt":{"rendered":"<p>Liiga l\u00fchike juuret\u00e4idis Viga on tekkinud juurekanali t\u00f6\u00f6pikkuse m\u00e4\u00e4ramisel v\u00f5i pole seda m\u00e4\u00e4ratudki. Preparatsioon on puudulik, kanali kujundamisel on tekkinud m\u00f5ni preparatsiooniviga, kasutatud on liiga viskoosset siilerit v\u00f5i on juuret\u00e4idismaterjal kerkinud juurekanalis koronaalsemale lateraalkondensaatoriga tihendamise tulemusena. Foto 8: R\u00f6ntgen\u00fclesv\u00f5ttel on &#8230;<\/p>\n","protected":false},"author":12,"featured_media":0,"parent":0,"menu_order":0,"comment_status":"closed","ping_status":"closed","template":"","meta":{"_acf_changed":false,"inline_featured_image":false,"footnotes":""},"class_list":["post-15","page","type-page","status-publish","hentry"],"acf":[],"_links":{"self":[{"href":"https:\/\/sisu.ut.ee\/juureravi1\/wp-json\/wp\/v2\/pages\/15","targetHints":{"allow":["GET"]}}],"collection":[{"href":"https:\/\/sisu.ut.ee\/juureravi1\/wp-json\/wp\/v2\/pages"}],"about":[{"href":"https:\/\/sisu.ut.ee\/juureravi1\/wp-json\/wp\/v2\/types\/page"}],"author":[{"embeddable":true,"href":"https:\/\/sisu.ut.ee\/juureravi1\/wp-json\/wp\/v2\/users\/12"}],"replies":[{"embeddable":true,"href":"https:\/\/sisu.ut.ee\/juureravi1\/wp-json\/wp\/v2\/comments?post=15"}],"version-history":[{"count":2,"href":"https:\/\/sisu.ut.ee\/juureravi1\/wp-json\/wp\/v2\/pages\/15\/revisions"}],"predecessor-version":[{"id":98,"href":"https:\/\/sisu.ut.ee\/juureravi1\/wp-json\/wp\/v2\/pages\/15\/revisions\/98"}],"wp:attachment":[{"href":"https:\/\/sisu.ut.ee\/juureravi1\/wp-json\/wp\/v2\/media?parent=15"}],"curies":[{"name":"wp","href":"https:\/\/api.w.org\/{rel}","templated":true}]}}