{"id":8,"date":"2024-04-04T06:17:13","date_gmt":"2024-04-04T03:17:13","guid":{"rendered":"https:\/\/sisu.ut.ee\/jupyter\/massiivid\/"},"modified":"2024-04-04T06:17:18","modified_gmt":"2024-04-04T03:17:18","slug":"massiivid","status":"publish","type":"page","link":"https:\/\/sisu.ut.ee\/jupyter\/massiivid\/","title":{"rendered":"5. Massiivid"},"content":{"rendered":"<p>\n\tSelles loengus vaatame, kuidas efektiivselt teostada arvutusi tervete massiividega. V\u00f5rdleme Pythoni jadade ja NumPy massiivide kasutamist.\n<\/p>\n<p>\n\t<\/p><div class=\"ratio ratio-16x9 mb-3\"><div class=\"video-placeholder-wrapper video-placeholder-wrapper--16x9\">\n\t\t\t    <div class=\"video-placeholder d-flex justify-content-center align-items-center\">\n\t\t\t        <div class=\"overlay text-white p-2 w-100 text-center d-block justify-content-center align-items-center\">\n\t\t\t            <div>Kolmandate osapoolte sisu n\u00e4gemiseks palun n\u00f5ustu k\u00fcpsistega.<\/div>\n\t\t\t            <button class=\"btn btn-secondary btn-sm mt-1 consent-change\">Muuda n\u00f5usolekut<\/button>\n\t\t\t        <\/div>\n\t\t\t    <\/div>\n\t\t\t<\/div>\n<\/div>\n\n<p style=\"text-align: center\">\n\t<a data-url=\"https:\/\/www.youtube.com\/watch?v=iTR0wf5Qy2E\" href=\"https:\/\/www.youtube.com\/watch?v=iTR0wf5Qy2E\" target=\"_blank\" title=\"\" rel=\"noopener\">https:\/\/www.youtube.com\/watch?v=iTR0wf5Qy2E<\/a>\n<\/p>\n<h2>\n\tVaata lisaks<br>\n<\/h2>\n<ul>\n<li>\n\t\t<a data-url=\"https:\/\/numpy.org\/devdocs\/user\/basics.types.html\" href=\"https:\/\/numpy.org\/devdocs\/user\/basics.types.html\" target=\"_blank\" title=\"\" rel=\"noopener\">NumPy andmet\u00fc\u00fcbid<\/a><br>Videos enamik massiive sisaldasid <span style=\"font-family:Courier New,Courier,monospace\">float<\/span>-t\u00fc\u00fcpi reaalarve, samuti mainiti t\u00f5ev\u00e4\u00e4rtus-t\u00fc\u00fcpi elementidega massiive. Kuid NumPy andmet\u00fc\u00fcpide valik on m\u00e4rksa suurem, ja seda tuleb silmas pidada massiivide loomisel, teisendamisel ja massiividega arvutamisel.\n\t<\/li>\n<li>\n\t\t<a data-url=\"http:\/\/kodu.ut.ee\/~kiisk\/fp1\/array_load.html\" href=\"http:\/\/kodu.ut.ee\/~kiisk\/fp1\/array_load.html\" target=\"_blank\" title=\"\" rel=\"noopener\">Massiivi lugemine tekstifailist<\/a>\n\t<\/li>\n<li>\n\t\t<a data-url=\"http:\/\/kodu.ut.ee\/~kiisk\/fp1\/python_function.html\" href=\"http:\/\/kodu.ut.ee\/~kiisk\/fp1\/python_function.html\" target=\"_blank\" title=\"\" rel=\"noopener\">Funktsioonide defineerimine ja kasutamine<\/a>\n\t<\/li>\n<\/ul>\n","protected":false},"excerpt":{"rendered":"<p>Selles loengus vaatame, kuidas efektiivselt teostada arvutusi tervete massiividega. V\u00f5rdleme Pythoni jadade ja NumPy massiivide kasutamist. Kolmandate osapoolte sisu n\u00e4gemiseks palun n\u00f5ustu k\u00fcpsistega. Muuda n\u00f5usolekut https:\/\/www.youtube.com\/watch?v=iTR0wf5Qy2E Vaata lisaks NumPy andmet\u00fc\u00fcbidVideos enamik massiive sisaldasid float-t\u00fc\u00fcpi reaalarve, samuti mainiti t\u00f5ev\u00e4\u00e4rtus-t\u00fc\u00fcpi elementidega massiive. &#8230;<\/p>\n","protected":false},"author":232,"featured_media":0,"parent":0,"menu_order":0,"comment_status":"closed","ping_status":"closed","template":"","meta":{"_acf_changed":false,"inline_featured_image":false,"footnotes":""},"class_list":["post-8","page","type-page","status-publish","hentry"],"acf":[],"_links":{"self":[{"href":"https:\/\/sisu.ut.ee\/jupyter\/wp-json\/wp\/v2\/pages\/8","targetHints":{"allow":["GET"]}}],"collection":[{"href":"https:\/\/sisu.ut.ee\/jupyter\/wp-json\/wp\/v2\/pages"}],"about":[{"href":"https:\/\/sisu.ut.ee\/jupyter\/wp-json\/wp\/v2\/types\/page"}],"author":[{"embeddable":true,"href":"https:\/\/sisu.ut.ee\/jupyter\/wp-json\/wp\/v2\/users\/232"}],"replies":[{"embeddable":true,"href":"https:\/\/sisu.ut.ee\/jupyter\/wp-json\/wp\/v2\/comments?post=8"}],"version-history":[{"count":1,"href":"https:\/\/sisu.ut.ee\/jupyter\/wp-json\/wp\/v2\/pages\/8\/revisions"}],"predecessor-version":[{"id":34,"href":"https:\/\/sisu.ut.ee\/jupyter\/wp-json\/wp\/v2\/pages\/8\/revisions\/34"}],"wp:attachment":[{"href":"https:\/\/sisu.ut.ee\/jupyter\/wp-json\/wp\/v2\/media?parent=8"}],"curies":[{"name":"wp","href":"https:\/\/api.w.org\/{rel}","templated":true}]}}